{"id":6632,"date":"2024-01-22T21:20:37","date_gmt":"2024-01-22T20:20:37","guid":{"rendered":"https:\/\/hidalgofestival.de\/?post_type=speaker&#038;p=6632"},"modified":"2025-08-27T13:10:17","modified_gmt":"2025-08-27T11:10:17","slug":"roberta-pisu","status":"publish","type":"speaker","link":"https:\/\/hidalgofestival.de\/en\/speaker\/roberta-pisu\/","title":{"rendered":"Roberta Pisu"},"content":{"rendered":"<p><strong>Roberta Pisu \u2013 Choreografie<\/strong><\/p>\n<p>Roberta Pisu erhielt ihre Ausbildung an der Acad\u00e9mie de Danse Classique &#8220;Princesse Grace&#8221; in Monte Carlo und der Accademia Nazionale di Danza in Rom. Sie war Mitglied von &#8220;La Compagnia&#8221; in Rom unter Adriana Boriello, Margherita Parrilla, Ismael Ivo, Cristina Morganti und Pina Bausch. 2008 gewann sie den 1. Platz beim Festival von Spoleto. Von 2012 bis 2023 war sie Solot\u00e4nzerin am M\u00fcnchner G\u00e4rtnerplatztheater, wo sie auch als Choreografin arbeitete. 2020 gru\u0308ndete sie mit dem Arcis Saxophon Quartett das arcis_collective.<\/p>\n<p>&nbsp;<\/p>\n<p>Foto: Alfonso Fernandez<br \/>\n<em>(Stand 2024)<\/em><\/p>\n","protected":false},"excerpt":{"rendered":"<p>Roberta Pisu \u2013 Choreografie Roberta Pisu erhielt ihre Ausbildung an der Acad\u00e9mie de Danse Classique &#8220;Princesse Grace&#8221; in Monte Carlo und der Accademia Nazionale di Danza in Rom. Sie war Mitglied von &#8220;La Compagnia&#8221; in Rom unter Adriana Boriello, Margherita&#8230;<\/p>\n","protected":false},"author":2,"featured_media":6633,"comment_status":"closed","ping_status":"closed","template":"","meta":{"footnotes":""},"speaker-category":[5,163,143,144],"speaker-tags":[],"location":[],"class_list":["post-6632","speaker","type-speaker","status-publish","has-post-thumbnail","hentry","speaker-category-artist","speaker-category-2025-wildtrieb","speaker-category-festival-2024","speaker-category-toi-toi-toy"],"yoast_head":"<!-- This site is optimized with the Yoast SEO plugin v27.2 - https:\/\/yoast.com\/product\/yoast-seo-wordpress\/ -->\n<title>Roberta Pisu - Mitglied des HIDALGO Kollektivs<\/title>\n<meta name=\"description\" content=\"Die italienische Choreografin Roberta Pisu ist Mitglied des sparten\u00fcbergreifenden HIDALGO Kollektivs\" \/>\n<meta name=\"robots\" content=\"index, follow, max-snippet:-1, max-image-preview:large, max-video-preview:-1\" \/>\n<link rel=\"canonical\" href=\"https:\/\/hidalgofestival.de\/en\/speaker\/roberta-pisu\/\" \/>\n<meta property=\"og:locale\" content=\"en_US\" \/>\n<meta property=\"og:type\" content=\"article\" \/>\n<meta property=\"og:title\" content=\"Roberta Pisu - Mitglied des HIDALGO Kollektivs\" \/>\n<meta property=\"og:description\" content=\"Die italienische Choreografin Roberta Pisu ist Mitglied des sparten\u00fcbergreifenden HIDALGO Kollektivs\" \/>\n<meta property=\"og:url\" content=\"https:\/\/hidalgofestival.de\/en\/speaker\/roberta-pisu\/\" \/>\n<meta property=\"og:site_name\" content=\"HIDALGO\" \/>\n<meta property=\"article:modified_time\" content=\"2025-08-27T11:10:17+00:00\" \/>\n<meta property=\"og:image\" content=\"https:\/\/hidalgofestival.de\/wp-content\/uploads\/2024\/01\/Roberta-Pisu_cAlfonso-Fernandez-scaled.jpg\" \/>\n\t<meta property=\"og:image:width\" content=\"2560\" \/>\n\t<meta property=\"og:image:height\" content=\"1798\" \/>\n\t<meta property=\"og:image:type\" content=\"image\/jpeg\" \/>\n<meta name=\"twitter:card\" content=\"summary_large_image\" \/>\n<meta name=\"twitter:label1\" content=\"Est. reading time\" \/>\n\t<meta name=\"twitter:data1\" content=\"1 minute\" \/>\n<script type=\"application\/ld+json\" class=\"yoast-schema-graph\">{\"@context\":\"https:\/\/schema.org\",\"@graph\":[{\"@type\":\"WebPage\",\"@id\":\"https:\/\/hidalgofestival.de\/en\/speaker\/roberta-pisu\/\",\"url\":\"https:\/\/hidalgofestival.de\/en\/speaker\/roberta-pisu\/\",\"name\":\"Roberta Pisu - Mitglied des HIDALGO Kollektivs\",\"isPartOf\":{\"@id\":\"https:\/\/hidalgofestival.de\/en\/#website\"},\"primaryImageOfPage\":{\"@id\":\"https:\/\/hidalgofestival.de\/en\/speaker\/roberta-pisu\/#primaryimage\"},\"image\":{\"@id\":\"https:\/\/hidalgofestival.de\/en\/speaker\/roberta-pisu\/#primaryimage\"},\"thumbnailUrl\":\"https:\/\/hidalgofestival.de\/wp-content\/uploads\/2024\/01\/Roberta-Pisu_cAlfonso-Fernandez-scaled.jpg\",\"datePublished\":\"2024-01-22T20:20:37+00:00\",\"dateModified\":\"2025-08-27T11:10:17+00:00\",\"description\":\"Die italienische Choreografin Roberta Pisu ist Mitglied des sparten\u00fcbergreifenden HIDALGO Kollektivs\",\"breadcrumb\":{\"@id\":\"https:\/\/hidalgofestival.de\/en\/speaker\/roberta-pisu\/#breadcrumb\"},\"inLanguage\":\"en-US\",\"potentialAction\":[{\"@type\":\"ReadAction\",\"target\":[\"https:\/\/hidalgofestival.de\/en\/speaker\/roberta-pisu\/\"]}]},{\"@type\":\"ImageObject\",\"inLanguage\":\"en-US\",\"@id\":\"https:\/\/hidalgofestival.de\/en\/speaker\/roberta-pisu\/#primaryimage\",\"url\":\"https:\/\/hidalgofestival.de\/wp-content\/uploads\/2024\/01\/Roberta-Pisu_cAlfonso-Fernandez-scaled.jpg\",\"contentUrl\":\"https:\/\/hidalgofestival.de\/wp-content\/uploads\/2024\/01\/Roberta-Pisu_cAlfonso-Fernandez-scaled.jpg\",\"width\":2560,\"height\":1798},{\"@type\":\"BreadcrumbList\",\"@id\":\"https:\/\/hidalgofestival.de\/en\/speaker\/roberta-pisu\/#breadcrumb\",\"itemListElement\":[{\"@type\":\"ListItem\",\"position\":1,\"name\":\"Startseite\",\"item\":\"https:\/\/hidalgofestival.de\/en\/beispiel-seite\/\"},{\"@type\":\"ListItem\",\"position\":2,\"name\":\"Speakers\",\"item\":\"https:\/\/hidalgofestival.de\/en\/speaker\/\"},{\"@type\":\"ListItem\",\"position\":3,\"name\":\"Roberta Pisu\"}]},{\"@type\":\"WebSite\",\"@id\":\"https:\/\/hidalgofestival.de\/en\/#website\",\"url\":\"https:\/\/hidalgofestival.de\/en\/\",\"name\":\"HIDALGO\",\"description\":\"Festival f\u00fcr Junge Klassik\",\"potentialAction\":[{\"@type\":\"SearchAction\",\"target\":{\"@type\":\"EntryPoint\",\"urlTemplate\":\"https:\/\/hidalgofestival.de\/en\/?s={search_term_string}\"},\"query-input\":{\"@type\":\"PropertyValueSpecification\",\"valueRequired\":true,\"valueName\":\"search_term_string\"}}],\"inLanguage\":\"en-US\"}]}<\/script>\n<!-- \/ Yoast SEO plugin. -->","yoast_head_json":{"title":"Roberta Pisu - Mitglied des HIDALGO Kollektivs","description":"Die italienische Choreografin Roberta Pisu ist Mitglied des sparten\u00fcbergreifenden HIDALGO Kollektivs","robots":{"index":"index","follow":"follow","max-snippet":"max-snippet:-1","max-image-preview":"max-image-preview:large","max-video-preview":"max-video-preview:-1"},"canonical":"https:\/\/hidalgofestival.de\/en\/speaker\/roberta-pisu\/","og_locale":"en_US","og_type":"article","og_title":"Roberta Pisu - Mitglied des HIDALGO Kollektivs","og_description":"Die italienische Choreografin Roberta Pisu ist Mitglied des sparten\u00fcbergreifenden HIDALGO Kollektivs","og_url":"https:\/\/hidalgofestival.de\/en\/speaker\/roberta-pisu\/","og_site_name":"HIDALGO","article_modified_time":"2025-08-27T11:10:17+00:00","og_image":[{"width":2560,"height":1798,"url":"https:\/\/hidalgofestival.de\/wp-content\/uploads\/2024\/01\/Roberta-Pisu_cAlfonso-Fernandez-scaled.jpg","type":"image\/jpeg"}],"twitter_card":"summary_large_image","twitter_misc":{"Est. reading time":"1 minute"},"schema":{"@context":"https:\/\/schema.org","@graph":[{"@type":"WebPage","@id":"https:\/\/hidalgofestival.de\/en\/speaker\/roberta-pisu\/","url":"https:\/\/hidalgofestival.de\/en\/speaker\/roberta-pisu\/","name":"Roberta Pisu - Mitglied des HIDALGO Kollektivs","isPartOf":{"@id":"https:\/\/hidalgofestival.de\/en\/#website"},"primaryImageOfPage":{"@id":"https:\/\/hidalgofestival.de\/en\/speaker\/roberta-pisu\/#primaryimage"},"image":{"@id":"https:\/\/hidalgofestival.de\/en\/speaker\/roberta-pisu\/#primaryimage"},"thumbnailUrl":"https:\/\/hidalgofestival.de\/wp-content\/uploads\/2024\/01\/Roberta-Pisu_cAlfonso-Fernandez-scaled.jpg","datePublished":"2024-01-22T20:20:37+00:00","dateModified":"2025-08-27T11:10:17+00:00","description":"Die italienische Choreografin Roberta Pisu ist Mitglied des sparten\u00fcbergreifenden HIDALGO Kollektivs","breadcrumb":{"@id":"https:\/\/hidalgofestival.de\/en\/speaker\/roberta-pisu\/#breadcrumb"},"inLanguage":"en-US","potentialAction":[{"@type":"ReadAction","target":["https:\/\/hidalgofestival.de\/en\/speaker\/roberta-pisu\/"]}]},{"@type":"ImageObject","inLanguage":"en-US","@id":"https:\/\/hidalgofestival.de\/en\/speaker\/roberta-pisu\/#primaryimage","url":"https:\/\/hidalgofestival.de\/wp-content\/uploads\/2024\/01\/Roberta-Pisu_cAlfonso-Fernandez-scaled.jpg","contentUrl":"https:\/\/hidalgofestival.de\/wp-content\/uploads\/2024\/01\/Roberta-Pisu_cAlfonso-Fernandez-scaled.jpg","width":2560,"height":1798},{"@type":"BreadcrumbList","@id":"https:\/\/hidalgofestival.de\/en\/speaker\/roberta-pisu\/#breadcrumb","itemListElement":[{"@type":"ListItem","position":1,"name":"Startseite","item":"https:\/\/hidalgofestival.de\/en\/beispiel-seite\/"},{"@type":"ListItem","position":2,"name":"Speakers","item":"https:\/\/hidalgofestival.de\/en\/speaker\/"},{"@type":"ListItem","position":3,"name":"Roberta Pisu"}]},{"@type":"WebSite","@id":"https:\/\/hidalgofestival.de\/en\/#website","url":"https:\/\/hidalgofestival.de\/en\/","name":"HIDALGO","description":"Festival f\u00fcr Junge Klassik","potentialAction":[{"@type":"SearchAction","target":{"@type":"EntryPoint","urlTemplate":"https:\/\/hidalgofestival.de\/en\/?s={search_term_string}"},"query-input":{"@type":"PropertyValueSpecification","valueRequired":true,"valueName":"search_term_string"}}],"inLanguage":"en-US"}]}},"_links":{"self":[{"href":"https:\/\/hidalgofestival.de\/en\/wp-json\/wp\/v2\/speaker\/6632","targetHints":{"allow":["GET"]}}],"collection":[{"href":"https:\/\/hidalgofestival.de\/en\/wp-json\/wp\/v2\/speaker"}],"about":[{"href":"https:\/\/hidalgofestival.de\/en\/wp-json\/wp\/v2\/types\/speaker"}],"author":[{"embeddable":true,"href":"https:\/\/hidalgofestival.de\/en\/wp-json\/wp\/v2\/users\/2"}],"replies":[{"embeddable":true,"href":"https:\/\/hidalgofestival.de\/en\/wp-json\/wp\/v2\/comments?post=6632"}],"version-history":[{"count":1,"href":"https:\/\/hidalgofestival.de\/en\/wp-json\/wp\/v2\/speaker\/6632\/revisions"}],"predecessor-version":[{"id":6634,"href":"https:\/\/hidalgofestival.de\/en\/wp-json\/wp\/v2\/speaker\/6632\/revisions\/6634"}],"wp:featuredmedia":[{"embeddable":true,"href":"https:\/\/hidalgofestival.de\/en\/wp-json\/wp\/v2\/media\/6633"}],"wp:attachment":[{"href":"https:\/\/hidalgofestival.de\/en\/wp-json\/wp\/v2\/media?parent=6632"}],"wp:term":[{"taxonomy":"speaker-category","embeddable":true,"href":"https:\/\/hidalgofestival.de\/en\/wp-json\/wp\/v2\/speaker-category?post=6632"},{"taxonomy":"speaker-tags","embeddable":true,"href":"https:\/\/hidalgofestival.de\/en\/wp-json\/wp\/v2\/speaker-tags?post=6632"},{"taxonomy":"location","embeddable":true,"href":"https:\/\/hidalgofestival.de\/en\/wp-json\/wp\/v2\/location?post=6632"}],"curies":[{"name":"wp","href":"https:\/\/api.w.org\/{rel}","templated":true}]}}

<p><strong>Roberta Pisu – Choreografie</strong></p>
<p>Roberta Pisu erhielt ihre Ausbildung an der Académie de Danse Classique &#8220;Princesse Grace&#8221; in Monte Carlo und der Accademia Nazionale di Danza in Rom. Sie war Mitglied von &#8220;La Compagnia&#8221; in Rom unter Adriana Boriello, Margherita Parrilla, Ismael Ivo, Cristina Morganti und Pina Bausch. 2008 gewann sie den 1. Platz beim Festival von Spoleto. Von 2012 bis 2023 war sie Solotänzerin am Münchner Gärtnerplatztheater, wo sie auch als Choreografin arbeitete. 2020 gründete sie mit dem Arcis Saxophon Quartett das arcis_collective.</p>
<p>&nbsp;</p>
<p>Foto: Alfonso Fernandez<br />
<em>(Stand 2024)</em></p>

<p>Roberta Pisu – Choreografie Roberta Pisu erhielt ihre Ausbildung an der Académie de Danse Classique &#8220;Princesse Grace&#8221; in Monte Carlo und der Accademia Nazionale di Danza in Rom. Sie war Mitglied von &#8220;La Compagnia&#8221; in Rom unter Adriana Boriello, Margherita&#8230;</p>

<!-- This site is optimized with the Yoast SEO plugin v27.2 - https://yoast.com/product/yoast-seo-wordpress/ -->
<title>Roberta Pisu - Mitglied des HIDALGO Kollektivs</title>
<meta name="description" content="Die italienische Choreografin Roberta Pisu ist Mitglied des spartenübergreifenden HIDALGO Kollektivs" />
<meta name="robots" content="index, follow, max-snippet:-1, max-image-preview:large, max-video-preview:-1" />
<link rel="canonical" href="https://hidalgofestival.de/en/speaker/roberta-pisu/" />
<meta property="og:locale" content="en_US" />
<meta property="og:type" content="article" />
<meta property="og:title" content="Roberta Pisu - Mitglied des HIDALGO Kollektivs" />
<meta property="og:description" content="Die italienische Choreografin Roberta Pisu ist Mitglied des spartenübergreifenden HIDALGO Kollektivs" />
<meta property="og:url" content="https://hidalgofestival.de/en/speaker/roberta-pisu/" />
<meta property="og:site_name" content="HIDALGO" />
<meta property="article:modified_time" content="2025-08-27T11:10:17+00:00" />
<meta property="og:image" content="https://hidalgofestival.de/wp-content/uploads/2024/01/Roberta-Pisu_cAlfonso-Fernandez-scaled.jpg" />
	<meta property="og:image:width" content="2560" />
	<meta property="og:image:height" content="1798" />
	<meta property="og:image:type" content="image/jpeg" />
<meta name="twitter:card" content="summary_large_image" />
<meta name="twitter:label1" content="Est. reading time" />
	<meta name="twitter:data1" content="1 minute" />
<script type="application/ld+json" class="yoast-schema-graph">{"@context":"https://schema.org","@graph":[{"@type":"WebPage","@id":"https://hidalgofestival.de/en/speaker/roberta-pisu/","url":"https://hidalgofestival.de/en/speaker/roberta-pisu/","name":"Roberta Pisu - Mitglied des HIDALGO Kollektivs","isPartOf":{"@id":"https://hidalgofestival.de/en/#website"},"primaryImageOfPage":{"@id":"https://hidalgofestival.de/en/speaker/roberta-pisu/#primaryimage"},"image":{"@id":"https://hidalgofestival.de/en/speaker/roberta-pisu/#primaryimage"},"thumbnailUrl":"https://hidalgofestival.de/wp-content/uploads/2024/01/Roberta-Pisu_cAlfonso-Fernandez-scaled.jpg","datePublished":"2024-01-22T20:20:37+00:00","dateModified":"2025-08-27T11:10:17+00:00","description":"Die italienische Choreografin Roberta Pisu ist Mitglied des spartenübergreifenden HIDALGO Kollektivs","breadcrumb":{"@id":"https://hidalgofestival.de/en/speaker/roberta-pisu/#breadcrumb"},"inLanguage":"en-US","potentialAction":[{"@type":"ReadAction","target":["https://hidalgofestival.de/en/speaker/roberta-pisu/"]}]},{"@type":"ImageObject","inLanguage":"en-US","@id":"https://hidalgofestival.de/en/speaker/roberta-pisu/#primaryimage","url":"https://hidalgofestival.de/wp-content/uploads/2024/01/Roberta-Pisu_cAlfonso-Fernandez-scaled.jpg","contentUrl":"https://hidalgofestival.de/wp-content/uploads/2024/01/Roberta-Pisu_cAlfonso-Fernandez-scaled.jpg","width":2560,"height":1798},{"@type":"BreadcrumbList","@id":"https://hidalgofestival.de/en/speaker/roberta-pisu/#breadcrumb","itemListElement":[{"@type":"ListItem","position":1,"name":"Startseite","item":"https://hidalgofestival.de/en/beispiel-seite/"},{"@type":"ListItem","position":2,"name":"Speakers","item":"https://hidalgofestival.de/en/speaker/"},{"@type":"ListItem","position":3,"name":"Roberta Pisu"}]},{"@type":"WebSite","@id":"https://hidalgofestival.de/en/#website","url":"https://hidalgofestival.de/en/","name":"HIDALGO","description":"Festival für Junge Klassik","potentialAction":[{"@type":"SearchAction","target":{"@type":"EntryPoint","urlTemplate":"https://hidalgofestival.de/en/?s={search_term_string}"},"query-input":{"@type":"PropertyValueSpecification","valueRequired":true,"valueName":"search_term_string"}}],"inLanguage":"en-US"}]}</script>
<!-- / Yoast SEO plugin. -->

Die italienische Choreografin Roberta Pisu ist Mitglied des spartenübergreifenden HIDALGO Kollektivs

Festival für Junge Klassik
