{"id":6617,"date":"2024-01-22T18:31:09","date_gmt":"2024-01-22T17:31:09","guid":{"rendered":"https:\/\/hidalgofestival.de\/?post_type=speaker&#038;p=6617"},"modified":"2024-01-22T18:38:24","modified_gmt":"2024-01-22T17:38:24","slug":"bjoern-friedrich","status":"publish","type":"speaker","link":"https:\/\/hidalgofestival.de\/en\/speaker\/bjoern-friedrich\/","title":{"rendered":"Bj\u00f6rn Friedrich"},"content":{"rendered":"<p><strong>Bj\u00f6rn Friedrich \u2013 Medienp\u00e4dagogik<\/strong><\/p>\n<p>Bj\u00f6rn Friedrich ist Medienp\u00e4dagoge und Gesch\u00e4ftsf\u00fchrer bei <a href=\"https:\/\/www.studioimnetz.de\/\"><strong>SIN \u2013 Studio im Netz<\/strong><\/a> in M\u00fcnchen. Er studierte Medienp\u00e4dagogik, Politik- und Kommunikationswissenschaft an der Uni Augsburg. Bei der <a href=\"https:\/\/www.gmk-net.de\/\"><strong>Gesellschaft f\u00fcr Medienp\u00e4dagogik und Kommunikationskultur<\/strong><\/a> ist er Sprecher der Fachgruppe Netzpolitik. Seine Arbeitsschwerpunkte liegen in Entwicklungen im Social Web, M\u00f6glichkeiten der Online-Partizipation und politischer Medienbildung.<\/p>\n<p>&nbsp;<\/p>\n<p>Foto: Andreas Gregor<br \/>\n<em>(Stand 2024)<\/em><\/p>\n","protected":false},"excerpt":{"rendered":"<p>Bj\u00f6rn Friedrich \u2013 Medienp\u00e4dagogik Bj\u00f6rn Friedrich ist Medienp\u00e4dagoge und Gesch\u00e4ftsf\u00fchrer bei SIN \u2013 Studio im Netz in M\u00fcnchen. Er studierte Medienp\u00e4dagogik, Politik- und Kommunikationswissenschaft an der Uni Augsburg. Bei der Gesellschaft f\u00fcr Medienp\u00e4dagogik und Kommunikationskultur ist er Sprecher der Fachgruppe&#8230;<\/p>\n","protected":false},"author":2,"featured_media":6618,"comment_status":"closed","ping_status":"closed","template":"","meta":{"footnotes":""},"speaker-category":[104],"speaker-tags":[],"location":[],"class_list":["post-6617","speaker","type-speaker","status-publish","has-post-thumbnail","hentry","speaker-category-medienpaedagogik-way"],"yoast_head":"<!-- This site is optimized with the Yoast SEO plugin v27.2 - https:\/\/yoast.com\/product\/yoast-seo-wordpress\/ -->\n<title>HIDALGO \u2013 Bj\u00f6rn Friedrich<\/title>\n<meta name=\"robots\" content=\"index, follow, max-snippet:-1, max-image-preview:large, max-video-preview:-1\" \/>\n<link rel=\"canonical\" href=\"https:\/\/hidalgofestival.de\/en\/speaker\/bjoern-friedrich\/\" \/>\n<meta property=\"og:locale\" content=\"en_US\" \/>\n<meta property=\"og:type\" content=\"article\" \/>\n<meta property=\"og:title\" content=\"HIDALGO \u2013 Bj\u00f6rn Friedrich\" \/>\n<meta property=\"og:description\" content=\"Bj\u00f6rn Friedrich \u2013 Medienp\u00e4dagogik Bj\u00f6rn Friedrich ist Medienp\u00e4dagoge und Gesch\u00e4ftsf\u00fchrer bei SIN \u2013 Studio im Netz in M\u00fcnchen. Er studierte Medienp\u00e4dagogik, Politik- und Kommunikationswissenschaft an der Uni Augsburg. Bei der Gesellschaft f\u00fcr Medienp\u00e4dagogik und Kommunikationskultur ist er Sprecher der Fachgruppe...\" \/>\n<meta property=\"og:url\" content=\"https:\/\/hidalgofestival.de\/en\/speaker\/bjoern-friedrich\/\" \/>\n<meta property=\"og:site_name\" content=\"HIDALGO\" \/>\n<meta property=\"article:modified_time\" content=\"2024-01-22T17:38:24+00:00\" \/>\n<meta property=\"og:image\" content=\"https:\/\/hidalgofestival.de\/wp-content\/uploads\/2024\/01\/Friedrich-Bjo\u0308rn_Credit-Andreas-Gregor.png\" \/>\n\t<meta property=\"og:image:width\" content=\"1166\" \/>\n\t<meta property=\"og:image:height\" content=\"918\" \/>\n\t<meta property=\"og:image:type\" content=\"image\/png\" \/>\n<meta name=\"twitter:card\" content=\"summary_large_image\" \/>\n<meta name=\"twitter:label1\" content=\"Est. reading time\" \/>\n\t<meta name=\"twitter:data1\" content=\"1 minute\" \/>\n<script type=\"application\/ld+json\" class=\"yoast-schema-graph\">{\"@context\":\"https:\/\/schema.org\",\"@graph\":[{\"@type\":\"WebPage\",\"@id\":\"https:\/\/hidalgofestival.de\/en\/speaker\/bjoern-friedrich\/\",\"url\":\"https:\/\/hidalgofestival.de\/en\/speaker\/bjoern-friedrich\/\",\"name\":\"HIDALGO \u2013 Bj\u00f6rn Friedrich\",\"isPartOf\":{\"@id\":\"https:\/\/hidalgofestival.de\/en\/#website\"},\"primaryImageOfPage\":{\"@id\":\"https:\/\/hidalgofestival.de\/en\/speaker\/bjoern-friedrich\/#primaryimage\"},\"image\":{\"@id\":\"https:\/\/hidalgofestival.de\/en\/speaker\/bjoern-friedrich\/#primaryimage\"},\"thumbnailUrl\":\"https:\/\/hidalgofestival.de\/wp-content\/uploads\/2024\/01\/Friedrich-Bjo\u0308rn_Credit-Andreas-Gregor.png\",\"datePublished\":\"2024-01-22T17:31:09+00:00\",\"dateModified\":\"2024-01-22T17:38:24+00:00\",\"breadcrumb\":{\"@id\":\"https:\/\/hidalgofestival.de\/en\/speaker\/bjoern-friedrich\/#breadcrumb\"},\"inLanguage\":\"en-US\",\"potentialAction\":[{\"@type\":\"ReadAction\",\"target\":[\"https:\/\/hidalgofestival.de\/en\/speaker\/bjoern-friedrich\/\"]}]},{\"@type\":\"ImageObject\",\"inLanguage\":\"en-US\",\"@id\":\"https:\/\/hidalgofestival.de\/en\/speaker\/bjoern-friedrich\/#primaryimage\",\"url\":\"https:\/\/hidalgofestival.de\/wp-content\/uploads\/2024\/01\/Friedrich-Bjo\u0308rn_Credit-Andreas-Gregor.png\",\"contentUrl\":\"https:\/\/hidalgofestival.de\/wp-content\/uploads\/2024\/01\/Friedrich-Bjo\u0308rn_Credit-Andreas-Gregor.png\",\"width\":1166,\"height\":918},{\"@type\":\"BreadcrumbList\",\"@id\":\"https:\/\/hidalgofestival.de\/en\/speaker\/bjoern-friedrich\/#breadcrumb\",\"itemListElement\":[{\"@type\":\"ListItem\",\"position\":1,\"name\":\"Startseite\",\"item\":\"https:\/\/hidalgofestival.de\/en\/beispiel-seite\/\"},{\"@type\":\"ListItem\",\"position\":2,\"name\":\"Speakers\",\"item\":\"https:\/\/hidalgofestival.de\/en\/speaker\/\"},{\"@type\":\"ListItem\",\"position\":3,\"name\":\"Bj\u00f6rn Friedrich\"}]},{\"@type\":\"WebSite\",\"@id\":\"https:\/\/hidalgofestival.de\/en\/#website\",\"url\":\"https:\/\/hidalgofestival.de\/en\/\",\"name\":\"HIDALGO\",\"description\":\"Festival f\u00fcr Junge Klassik\",\"potentialAction\":[{\"@type\":\"SearchAction\",\"target\":{\"@type\":\"EntryPoint\",\"urlTemplate\":\"https:\/\/hidalgofestival.de\/en\/?s={search_term_string}\"},\"query-input\":{\"@type\":\"PropertyValueSpecification\",\"valueRequired\":true,\"valueName\":\"search_term_string\"}}],\"inLanguage\":\"en-US\"}]}<\/script>\n<!-- \/ Yoast SEO plugin. -->","yoast_head_json":{"title":"HIDALGO \u2013 Bj\u00f6rn Friedrich","robots":{"index":"index","follow":"follow","max-snippet":"max-snippet:-1","max-image-preview":"max-image-preview:large","max-video-preview":"max-video-preview:-1"},"canonical":"https:\/\/hidalgofestival.de\/en\/speaker\/bjoern-friedrich\/","og_locale":"en_US","og_type":"article","og_title":"HIDALGO \u2013 Bj\u00f6rn Friedrich","og_description":"Bj\u00f6rn Friedrich \u2013 Medienp\u00e4dagogik Bj\u00f6rn Friedrich ist Medienp\u00e4dagoge und Gesch\u00e4ftsf\u00fchrer bei SIN \u2013 Studio im Netz in M\u00fcnchen. Er studierte Medienp\u00e4dagogik, Politik- und Kommunikationswissenschaft an der Uni Augsburg. Bei der Gesellschaft f\u00fcr Medienp\u00e4dagogik und Kommunikationskultur ist er Sprecher der Fachgruppe...","og_url":"https:\/\/hidalgofestival.de\/en\/speaker\/bjoern-friedrich\/","og_site_name":"HIDALGO","article_modified_time":"2024-01-22T17:38:24+00:00","og_image":[{"width":1166,"height":918,"url":"https:\/\/hidalgofestival.de\/wp-content\/uploads\/2024\/01\/Friedrich-Bjo\u0308rn_Credit-Andreas-Gregor.png","type":"image\/png"}],"twitter_card":"summary_large_image","twitter_misc":{"Est. reading time":"1 minute"},"schema":{"@context":"https:\/\/schema.org","@graph":[{"@type":"WebPage","@id":"https:\/\/hidalgofestival.de\/en\/speaker\/bjoern-friedrich\/","url":"https:\/\/hidalgofestival.de\/en\/speaker\/bjoern-friedrich\/","name":"HIDALGO \u2013 Bj\u00f6rn Friedrich","isPartOf":{"@id":"https:\/\/hidalgofestival.de\/en\/#website"},"primaryImageOfPage":{"@id":"https:\/\/hidalgofestival.de\/en\/speaker\/bjoern-friedrich\/#primaryimage"},"image":{"@id":"https:\/\/hidalgofestival.de\/en\/speaker\/bjoern-friedrich\/#primaryimage"},"thumbnailUrl":"https:\/\/hidalgofestival.de\/wp-content\/uploads\/2024\/01\/Friedrich-Bjo\u0308rn_Credit-Andreas-Gregor.png","datePublished":"2024-01-22T17:31:09+00:00","dateModified":"2024-01-22T17:38:24+00:00","breadcrumb":{"@id":"https:\/\/hidalgofestival.de\/en\/speaker\/bjoern-friedrich\/#breadcrumb"},"inLanguage":"en-US","potentialAction":[{"@type":"ReadAction","target":["https:\/\/hidalgofestival.de\/en\/speaker\/bjoern-friedrich\/"]}]},{"@type":"ImageObject","inLanguage":"en-US","@id":"https:\/\/hidalgofestival.de\/en\/speaker\/bjoern-friedrich\/#primaryimage","url":"https:\/\/hidalgofestival.de\/wp-content\/uploads\/2024\/01\/Friedrich-Bjo\u0308rn_Credit-Andreas-Gregor.png","contentUrl":"https:\/\/hidalgofestival.de\/wp-content\/uploads\/2024\/01\/Friedrich-Bjo\u0308rn_Credit-Andreas-Gregor.png","width":1166,"height":918},{"@type":"BreadcrumbList","@id":"https:\/\/hidalgofestival.de\/en\/speaker\/bjoern-friedrich\/#breadcrumb","itemListElement":[{"@type":"ListItem","position":1,"name":"Startseite","item":"https:\/\/hidalgofestival.de\/en\/beispiel-seite\/"},{"@type":"ListItem","position":2,"name":"Speakers","item":"https:\/\/hidalgofestival.de\/en\/speaker\/"},{"@type":"ListItem","position":3,"name":"Bj\u00f6rn Friedrich"}]},{"@type":"WebSite","@id":"https:\/\/hidalgofestival.de\/en\/#website","url":"https:\/\/hidalgofestival.de\/en\/","name":"HIDALGO","description":"Festival f\u00fcr Junge Klassik","potentialAction":[{"@type":"SearchAction","target":{"@type":"EntryPoint","urlTemplate":"https:\/\/hidalgofestival.de\/en\/?s={search_term_string}"},"query-input":{"@type":"PropertyValueSpecification","valueRequired":true,"valueName":"search_term_string"}}],"inLanguage":"en-US"}]}},"_links":{"self":[{"href":"https:\/\/hidalgofestival.de\/en\/wp-json\/wp\/v2\/speaker\/6617","targetHints":{"allow":["GET"]}}],"collection":[{"href":"https:\/\/hidalgofestival.de\/en\/wp-json\/wp\/v2\/speaker"}],"about":[{"href":"https:\/\/hidalgofestival.de\/en\/wp-json\/wp\/v2\/types\/speaker"}],"author":[{"embeddable":true,"href":"https:\/\/hidalgofestival.de\/en\/wp-json\/wp\/v2\/users\/2"}],"replies":[{"embeddable":true,"href":"https:\/\/hidalgofestival.de\/en\/wp-json\/wp\/v2\/comments?post=6617"}],"version-history":[{"count":4,"href":"https:\/\/hidalgofestival.de\/en\/wp-json\/wp\/v2\/speaker\/6617\/revisions"}],"predecessor-version":[{"id":6623,"href":"https:\/\/hidalgofestival.de\/en\/wp-json\/wp\/v2\/speaker\/6617\/revisions\/6623"}],"wp:featuredmedia":[{"embeddable":true,"href":"https:\/\/hidalgofestival.de\/en\/wp-json\/wp\/v2\/media\/6618"}],"wp:attachment":[{"href":"https:\/\/hidalgofestival.de\/en\/wp-json\/wp\/v2\/media?parent=6617"}],"wp:term":[{"taxonomy":"speaker-category","embeddable":true,"href":"https:\/\/hidalgofestival.de\/en\/wp-json\/wp\/v2\/speaker-category?post=6617"},{"taxonomy":"speaker-tags","embeddable":true,"href":"https:\/\/hidalgofestival.de\/en\/wp-json\/wp\/v2\/speaker-tags?post=6617"},{"taxonomy":"location","embeddable":true,"href":"https:\/\/hidalgofestival.de\/en\/wp-json\/wp\/v2\/location?post=6617"}],"curies":[{"name":"wp","href":"https:\/\/api.w.org\/{rel}","templated":true}]}}

Björn Friedrich

<p><strong>Björn Friedrich – Medienpädagogik</strong></p>
<p>Björn Friedrich ist Medienpädagoge und Geschäftsführer bei <a href="https://www.studioimnetz.de/"><strong>SIN – Studio im Netz</strong></a> in München. Er studierte Medienpädagogik, Politik- und Kommunikationswissenschaft an der Uni Augsburg. Bei der <a href="https://www.gmk-net.de/"><strong>Gesellschaft für Medienpädagogik und Kommunikationskultur</strong></a> ist er Sprecher der Fachgruppe Netzpolitik. Seine Arbeitsschwerpunkte liegen in Entwicklungen im Social Web, Möglichkeiten der Online-Partizipation und politischer Medienbildung.</p>
<p>&nbsp;</p>
<p>Foto: Andreas Gregor<br />
<em>(Stand 2024)</em></p>

<p>Björn Friedrich – Medienpädagogik Björn Friedrich ist Medienpädagoge und Geschäftsführer bei SIN – Studio im Netz in München. Er studierte Medienpädagogik, Politik- und Kommunikationswissenschaft an der Uni Augsburg. Bei der Gesellschaft für Medienpädagogik und Kommunikationskultur ist er Sprecher der Fachgruppe&#8230;</p>

<!-- This site is optimized with the Yoast SEO plugin v27.2 - https://yoast.com/product/yoast-seo-wordpress/ -->
<title>HIDALGO – Björn Friedrich</title>
<meta name="robots" content="index, follow, max-snippet:-1, max-image-preview:large, max-video-preview:-1" />
<link rel="canonical" href="https://hidalgofestival.de/en/speaker/bjoern-friedrich/" />
<meta property="og:locale" content="en_US" />
<meta property="og:type" content="article" />
<meta property="og:title" content="HIDALGO – Björn Friedrich" />
<meta property="og:description" content="Björn Friedrich – Medienpädagogik Björn Friedrich ist Medienpädagoge und Geschäftsführer bei SIN – Studio im Netz in München. Er studierte Medienpädagogik, Politik- und Kommunikationswissenschaft an der Uni Augsburg. Bei der Gesellschaft für Medienpädagogik und Kommunikationskultur ist er Sprecher der Fachgruppe..." />
<meta property="og:url" content="https://hidalgofestival.de/en/speaker/bjoern-friedrich/" />
<meta property="og:site_name" content="HIDALGO" />
<meta property="article:modified_time" content="2024-01-22T17:38:24+00:00" />
<meta property="og:image" content="https://hidalgofestival.de/wp-content/uploads/2024/01/Friedrich-Björn_Credit-Andreas-Gregor.png" />
	<meta property="og:image:width" content="1166" />
	<meta property="og:image:height" content="918" />
	<meta property="og:image:type" content="image/png" />
<meta name="twitter:card" content="summary_large_image" />
<meta name="twitter:label1" content="Est. reading time" />
	<meta name="twitter:data1" content="1 minute" />
<script type="application/ld+json" class="yoast-schema-graph">{"@context":"https://schema.org","@graph":[{"@type":"WebPage","@id":"https://hidalgofestival.de/en/speaker/bjoern-friedrich/","url":"https://hidalgofestival.de/en/speaker/bjoern-friedrich/","name":"HIDALGO – Björn Friedrich","isPartOf":{"@id":"https://hidalgofestival.de/en/#website"},"primaryImageOfPage":{"@id":"https://hidalgofestival.de/en/speaker/bjoern-friedrich/#primaryimage"},"image":{"@id":"https://hidalgofestival.de/en/speaker/bjoern-friedrich/#primaryimage"},"thumbnailUrl":"https://hidalgofestival.de/wp-content/uploads/2024/01/Friedrich-Björn_Credit-Andreas-Gregor.png","datePublished":"2024-01-22T17:31:09+00:00","dateModified":"2024-01-22T17:38:24+00:00","breadcrumb":{"@id":"https://hidalgofestival.de/en/speaker/bjoern-friedrich/#breadcrumb"},"inLanguage":"en-US","potentialAction":[{"@type":"ReadAction","target":["https://hidalgofestival.de/en/speaker/bjoern-friedrich/"]}]},{"@type":"ImageObject","inLanguage":"en-US","@id":"https://hidalgofestival.de/en/speaker/bjoern-friedrich/#primaryimage","url":"https://hidalgofestival.de/wp-content/uploads/2024/01/Friedrich-Björn_Credit-Andreas-Gregor.png","contentUrl":"https://hidalgofestival.de/wp-content/uploads/2024/01/Friedrich-Björn_Credit-Andreas-Gregor.png","width":1166,"height":918},{"@type":"BreadcrumbList","@id":"https://hidalgofestival.de/en/speaker/bjoern-friedrich/#breadcrumb","itemListElement":[{"@type":"ListItem","position":1,"name":"Startseite","item":"https://hidalgofestival.de/en/beispiel-seite/"},{"@type":"ListItem","position":2,"name":"Speakers","item":"https://hidalgofestival.de/en/speaker/"},{"@type":"ListItem","position":3,"name":"Björn Friedrich"}]},{"@type":"WebSite","@id":"https://hidalgofestival.de/en/#website","url":"https://hidalgofestival.de/en/","name":"HIDALGO","description":"Festival für Junge Klassik","potentialAction":[{"@type":"SearchAction","target":{"@type":"EntryPoint","urlTemplate":"https://hidalgofestival.de/en/?s={search_term_string}"},"query-input":{"@type":"PropertyValueSpecification","valueRequired":true,"valueName":"search_term_string"}}],"inLanguage":"en-US"}]}</script>
<!-- / Yoast SEO plugin. -->

HIDALGO – Björn Friedrich

Björn Friedrich – Medienpädagogik Björn Friedrich ist Medienpädagoge und Geschäftsführer bei SIN – Studio im Netz in München. Er studierte Medienpädagogik, Politik- und Kommunikationswissenschaft an der Uni Augsburg. Bei der Gesellschaft für Medienpädagogik und Kommunikationskultur ist er Sprecher der Fachgruppe...

Festival für Junge Klassik
