{"id":6166,"date":"2023-10-17T14:51:40","date_gmt":"2023-10-17T12:51:40","guid":{"rendered":"https:\/\/hidalgofestival.de\/?post_type=speaker&#038;p=6166"},"modified":"2023-10-17T14:51:40","modified_gmt":"2023-10-17T12:51:40","slug":"fanny-tanck","status":"publish","type":"speaker","link":"https:\/\/hidalgofestival.de\/en\/speaker\/fanny-tanck\/","title":{"rendered":"Fanny Tanck"},"content":{"rendered":"<p><strong>Fanny Tanck \u2013 Moderation<\/strong><\/p>\n<p>Fanny Tanck hat Philosophie, Musik- und Kulturwissenschaft studiert und arbeitet seit 2008 als freie Musikjournalistin beim Rundfunk. Neben ihrer eigenen Sendung \u201eMeine Musik\u201c auf RBB Kultur moderiert sie Konzerte, Opernauff\u00fchrungen, Galas und ist als Reporterin bei Klassikveranstaltungen im Einsatz. Dar\u00fcber hinaus produziert sie Beitr\u00e4ge f\u00fcr DLF Kultur, DLF, den NDR und betreibt seit 2020 ihre eigene\u00a0<strong><a href=\"https:\/\/www.fannystanckstelle.com\/\">Gespr\u00e4chsreihe TANCKSTELLE auf YouTube<\/a><\/strong>.<\/p>\n<p>Foto: Evgeny Beleninov<br \/>\n(Stand: 2023)<\/p>\n","protected":false},"excerpt":{"rendered":"<p>Fanny Tanck \u2013 Moderation Fanny Tanck hat Philosophie, Musik- und Kulturwissenschaft studiert und arbeitet seit 2008 als freie Musikjournalistin beim Rundfunk. Neben ihrer eigenen Sendung \u201eMeine Musik\u201c auf RBB Kultur moderiert sie Konzerte, Opernauff\u00fchrungen, Galas und ist als Reporterin bei&#8230;<\/p>\n","protected":false},"author":2,"featured_media":6169,"comment_status":"closed","ping_status":"closed","template":"","meta":{"footnotes":""},"speaker-category":[5,57],"speaker-tags":[],"location":[],"class_list":["post-6166","speaker","type-speaker","status-publish","has-post-thumbnail","hentry","speaker-category-artist","speaker-category-artists-2023"],"yoast_head":"<!-- This site is optimized with the Yoast SEO plugin v27.2 - https:\/\/yoast.com\/product\/yoast-seo-wordpress\/ -->\n<title>Fanny Tanck - HIDALGO<\/title>\n<meta name=\"description\" content=\"Die Musik-Journalistin Fanny Tanck moderiert Radiosendungen, Opernauff\u00fchrungen, Galas und arbeitet als Reporterin bei Klassik-Veranstaltungen\" \/>\n<meta name=\"robots\" content=\"index, follow, max-snippet:-1, max-image-preview:large, max-video-preview:-1\" \/>\n<link rel=\"canonical\" href=\"https:\/\/hidalgofestival.de\/en\/speaker\/fanny-tanck\/\" \/>\n<meta property=\"og:locale\" content=\"en_US\" \/>\n<meta property=\"og:type\" content=\"article\" \/>\n<meta property=\"og:title\" content=\"Fanny Tanck - HIDALGO\" \/>\n<meta property=\"og:description\" content=\"Die Musik-Journalistin Fanny Tanck moderiert Radiosendungen, Opernauff\u00fchrungen, Galas und arbeitet als Reporterin bei Klassik-Veranstaltungen\" \/>\n<meta property=\"og:url\" content=\"https:\/\/hidalgofestival.de\/en\/speaker\/fanny-tanck\/\" \/>\n<meta property=\"og:site_name\" content=\"HIDALGO\" \/>\n<meta property=\"og:image\" content=\"https:\/\/hidalgofestival.de\/wp-content\/uploads\/2023\/10\/Fanny-Tanck.png\" \/>\n\t<meta property=\"og:image:width\" content=\"1422\" \/>\n\t<meta property=\"og:image:height\" content=\"798\" \/>\n\t<meta property=\"og:image:type\" content=\"image\/png\" \/>\n<meta name=\"twitter:card\" content=\"summary_large_image\" \/>\n<meta name=\"twitter:label1\" content=\"Est. reading time\" \/>\n\t<meta name=\"twitter:data1\" content=\"1 minute\" \/>\n<script type=\"application\/ld+json\" class=\"yoast-schema-graph\">{\"@context\":\"https:\/\/schema.org\",\"@graph\":[{\"@type\":\"WebPage\",\"@id\":\"https:\/\/hidalgofestival.de\/en\/speaker\/fanny-tanck\/\",\"url\":\"https:\/\/hidalgofestival.de\/en\/speaker\/fanny-tanck\/\",\"name\":\"Fanny Tanck - HIDALGO\",\"isPartOf\":{\"@id\":\"https:\/\/hidalgofestival.de\/en\/#website\"},\"primaryImageOfPage\":{\"@id\":\"https:\/\/hidalgofestival.de\/en\/speaker\/fanny-tanck\/#primaryimage\"},\"image\":{\"@id\":\"https:\/\/hidalgofestival.de\/en\/speaker\/fanny-tanck\/#primaryimage\"},\"thumbnailUrl\":\"https:\/\/hidalgofestival.de\/wp-content\/uploads\/2023\/10\/Fanny-Tanck.png\",\"datePublished\":\"2023-10-17T12:51:40+00:00\",\"description\":\"Die Musik-Journalistin Fanny Tanck moderiert Radiosendungen, Opernauff\u00fchrungen, Galas und arbeitet als Reporterin bei Klassik-Veranstaltungen\",\"breadcrumb\":{\"@id\":\"https:\/\/hidalgofestival.de\/en\/speaker\/fanny-tanck\/#breadcrumb\"},\"inLanguage\":\"en-US\",\"potentialAction\":[{\"@type\":\"ReadAction\",\"target\":[\"https:\/\/hidalgofestival.de\/en\/speaker\/fanny-tanck\/\"]}]},{\"@type\":\"ImageObject\",\"inLanguage\":\"en-US\",\"@id\":\"https:\/\/hidalgofestival.de\/en\/speaker\/fanny-tanck\/#primaryimage\",\"url\":\"https:\/\/hidalgofestival.de\/wp-content\/uploads\/2023\/10\/Fanny-Tanck.png\",\"contentUrl\":\"https:\/\/hidalgofestival.de\/wp-content\/uploads\/2023\/10\/Fanny-Tanck.png\",\"width\":1422,\"height\":798},{\"@type\":\"BreadcrumbList\",\"@id\":\"https:\/\/hidalgofestival.de\/en\/speaker\/fanny-tanck\/#breadcrumb\",\"itemListElement\":[{\"@type\":\"ListItem\",\"position\":1,\"name\":\"Startseite\",\"item\":\"https:\/\/hidalgofestival.de\/en\/beispiel-seite\/\"},{\"@type\":\"ListItem\",\"position\":2,\"name\":\"Speakers\",\"item\":\"https:\/\/hidalgofestival.de\/en\/speaker\/\"},{\"@type\":\"ListItem\",\"position\":3,\"name\":\"Fanny Tanck\"}]},{\"@type\":\"WebSite\",\"@id\":\"https:\/\/hidalgofestival.de\/en\/#website\",\"url\":\"https:\/\/hidalgofestival.de\/en\/\",\"name\":\"HIDALGO\",\"description\":\"Festival f\u00fcr Junge Klassik\",\"potentialAction\":[{\"@type\":\"SearchAction\",\"target\":{\"@type\":\"EntryPoint\",\"urlTemplate\":\"https:\/\/hidalgofestival.de\/en\/?s={search_term_string}\"},\"query-input\":{\"@type\":\"PropertyValueSpecification\",\"valueRequired\":true,\"valueName\":\"search_term_string\"}}],\"inLanguage\":\"en-US\"}]}<\/script>\n<!-- \/ Yoast SEO plugin. -->","yoast_head_json":{"title":"Fanny Tanck - HIDALGO","description":"Die Musik-Journalistin Fanny Tanck moderiert Radiosendungen, Opernauff\u00fchrungen, Galas und arbeitet als Reporterin bei Klassik-Veranstaltungen","robots":{"index":"index","follow":"follow","max-snippet":"max-snippet:-1","max-image-preview":"max-image-preview:large","max-video-preview":"max-video-preview:-1"},"canonical":"https:\/\/hidalgofestival.de\/en\/speaker\/fanny-tanck\/","og_locale":"en_US","og_type":"article","og_title":"Fanny Tanck - HIDALGO","og_description":"Die Musik-Journalistin Fanny Tanck moderiert Radiosendungen, Opernauff\u00fchrungen, Galas und arbeitet als Reporterin bei Klassik-Veranstaltungen","og_url":"https:\/\/hidalgofestival.de\/en\/speaker\/fanny-tanck\/","og_site_name":"HIDALGO","og_image":[{"width":1422,"height":798,"url":"https:\/\/hidalgofestival.de\/wp-content\/uploads\/2023\/10\/Fanny-Tanck.png","type":"image\/png"}],"twitter_card":"summary_large_image","twitter_misc":{"Est. reading time":"1 minute"},"schema":{"@context":"https:\/\/schema.org","@graph":[{"@type":"WebPage","@id":"https:\/\/hidalgofestival.de\/en\/speaker\/fanny-tanck\/","url":"https:\/\/hidalgofestival.de\/en\/speaker\/fanny-tanck\/","name":"Fanny Tanck - HIDALGO","isPartOf":{"@id":"https:\/\/hidalgofestival.de\/en\/#website"},"primaryImageOfPage":{"@id":"https:\/\/hidalgofestival.de\/en\/speaker\/fanny-tanck\/#primaryimage"},"image":{"@id":"https:\/\/hidalgofestival.de\/en\/speaker\/fanny-tanck\/#primaryimage"},"thumbnailUrl":"https:\/\/hidalgofestival.de\/wp-content\/uploads\/2023\/10\/Fanny-Tanck.png","datePublished":"2023-10-17T12:51:40+00:00","description":"Die Musik-Journalistin Fanny Tanck moderiert Radiosendungen, Opernauff\u00fchrungen, Galas und arbeitet als Reporterin bei Klassik-Veranstaltungen","breadcrumb":{"@id":"https:\/\/hidalgofestival.de\/en\/speaker\/fanny-tanck\/#breadcrumb"},"inLanguage":"en-US","potentialAction":[{"@type":"ReadAction","target":["https:\/\/hidalgofestival.de\/en\/speaker\/fanny-tanck\/"]}]},{"@type":"ImageObject","inLanguage":"en-US","@id":"https:\/\/hidalgofestival.de\/en\/speaker\/fanny-tanck\/#primaryimage","url":"https:\/\/hidalgofestival.de\/wp-content\/uploads\/2023\/10\/Fanny-Tanck.png","contentUrl":"https:\/\/hidalgofestival.de\/wp-content\/uploads\/2023\/10\/Fanny-Tanck.png","width":1422,"height":798},{"@type":"BreadcrumbList","@id":"https:\/\/hidalgofestival.de\/en\/speaker\/fanny-tanck\/#breadcrumb","itemListElement":[{"@type":"ListItem","position":1,"name":"Startseite","item":"https:\/\/hidalgofestival.de\/en\/beispiel-seite\/"},{"@type":"ListItem","position":2,"name":"Speakers","item":"https:\/\/hidalgofestival.de\/en\/speaker\/"},{"@type":"ListItem","position":3,"name":"Fanny Tanck"}]},{"@type":"WebSite","@id":"https:\/\/hidalgofestival.de\/en\/#website","url":"https:\/\/hidalgofestival.de\/en\/","name":"HIDALGO","description":"Festival f\u00fcr Junge Klassik","potentialAction":[{"@type":"SearchAction","target":{"@type":"EntryPoint","urlTemplate":"https:\/\/hidalgofestival.de\/en\/?s={search_term_string}"},"query-input":{"@type":"PropertyValueSpecification","valueRequired":true,"valueName":"search_term_string"}}],"inLanguage":"en-US"}]}},"_links":{"self":[{"href":"https:\/\/hidalgofestival.de\/en\/wp-json\/wp\/v2\/speaker\/6166","targetHints":{"allow":["GET"]}}],"collection":[{"href":"https:\/\/hidalgofestival.de\/en\/wp-json\/wp\/v2\/speaker"}],"about":[{"href":"https:\/\/hidalgofestival.de\/en\/wp-json\/wp\/v2\/types\/speaker"}],"author":[{"embeddable":true,"href":"https:\/\/hidalgofestival.de\/en\/wp-json\/wp\/v2\/users\/2"}],"replies":[{"embeddable":true,"href":"https:\/\/hidalgofestival.de\/en\/wp-json\/wp\/v2\/comments?post=6166"}],"version-history":[{"count":1,"href":"https:\/\/hidalgofestival.de\/en\/wp-json\/wp\/v2\/speaker\/6166\/revisions"}],"predecessor-version":[{"id":6168,"href":"https:\/\/hidalgofestival.de\/en\/wp-json\/wp\/v2\/speaker\/6166\/revisions\/6168"}],"wp:featuredmedia":[{"embeddable":true,"href":"https:\/\/hidalgofestival.de\/en\/wp-json\/wp\/v2\/media\/6169"}],"wp:attachment":[{"href":"https:\/\/hidalgofestival.de\/en\/wp-json\/wp\/v2\/media?parent=6166"}],"wp:term":[{"taxonomy":"speaker-category","embeddable":true,"href":"https:\/\/hidalgofestival.de\/en\/wp-json\/wp\/v2\/speaker-category?post=6166"},{"taxonomy":"speaker-tags","embeddable":true,"href":"https:\/\/hidalgofestival.de\/en\/wp-json\/wp\/v2\/speaker-tags?post=6166"},{"taxonomy":"location","embeddable":true,"href":"https:\/\/hidalgofestival.de\/en\/wp-json\/wp\/v2\/location?post=6166"}],"curies":[{"name":"wp","href":"https:\/\/api.w.org\/{rel}","templated":true}]}}

<p><strong>Fanny Tanck – Moderation</strong></p>
<p>Fanny Tanck hat Philosophie, Musik- und Kulturwissenschaft studiert und arbeitet seit 2008 als freie Musikjournalistin beim Rundfunk. Neben ihrer eigenen Sendung „Meine Musik“ auf RBB Kultur moderiert sie Konzerte, Opernaufführungen, Galas und ist als Reporterin bei Klassikveranstaltungen im Einsatz. Darüber hinaus produziert sie Beiträge für DLF Kultur, DLF, den NDR und betreibt seit 2020 ihre eigene <strong><a href="https://www.fannystanckstelle.com/">Gesprächsreihe TANCKSTELLE auf YouTube</a></strong>.</p>
<p>Foto: Evgeny Beleninov<br />
(Stand: 2023)</p>

<p>Fanny Tanck – Moderation Fanny Tanck hat Philosophie, Musik- und Kulturwissenschaft studiert und arbeitet seit 2008 als freie Musikjournalistin beim Rundfunk. Neben ihrer eigenen Sendung „Meine Musik“ auf RBB Kultur moderiert sie Konzerte, Opernaufführungen, Galas und ist als Reporterin bei&#8230;</p>

<!-- This site is optimized with the Yoast SEO plugin v27.2 - https://yoast.com/product/yoast-seo-wordpress/ -->
<title>Fanny Tanck - HIDALGO</title>
<meta name="description" content="Die Musik-Journalistin Fanny Tanck moderiert Radiosendungen, Opernaufführungen, Galas und arbeitet als Reporterin bei Klassik-Veranstaltungen" />
<meta name="robots" content="index, follow, max-snippet:-1, max-image-preview:large, max-video-preview:-1" />
<link rel="canonical" href="https://hidalgofestival.de/en/speaker/fanny-tanck/" />
<meta property="og:locale" content="en_US" />
<meta property="og:type" content="article" />
<meta property="og:title" content="Fanny Tanck - HIDALGO" />
<meta property="og:description" content="Die Musik-Journalistin Fanny Tanck moderiert Radiosendungen, Opernaufführungen, Galas und arbeitet als Reporterin bei Klassik-Veranstaltungen" />
<meta property="og:url" content="https://hidalgofestival.de/en/speaker/fanny-tanck/" />
<meta property="og:site_name" content="HIDALGO" />
<meta property="og:image" content="https://hidalgofestival.de/wp-content/uploads/2023/10/Fanny-Tanck.png" />
	<meta property="og:image:width" content="1422" />
	<meta property="og:image:height" content="798" />
	<meta property="og:image:type" content="image/png" />
<meta name="twitter:card" content="summary_large_image" />
<meta name="twitter:label1" content="Est. reading time" />
	<meta name="twitter:data1" content="1 minute" />
<script type="application/ld+json" class="yoast-schema-graph">{"@context":"https://schema.org","@graph":[{"@type":"WebPage","@id":"https://hidalgofestival.de/en/speaker/fanny-tanck/","url":"https://hidalgofestival.de/en/speaker/fanny-tanck/","name":"Fanny Tanck - HIDALGO","isPartOf":{"@id":"https://hidalgofestival.de/en/#website"},"primaryImageOfPage":{"@id":"https://hidalgofestival.de/en/speaker/fanny-tanck/#primaryimage"},"image":{"@id":"https://hidalgofestival.de/en/speaker/fanny-tanck/#primaryimage"},"thumbnailUrl":"https://hidalgofestival.de/wp-content/uploads/2023/10/Fanny-Tanck.png","datePublished":"2023-10-17T12:51:40+00:00","description":"Die Musik-Journalistin Fanny Tanck moderiert Radiosendungen, Opernaufführungen, Galas und arbeitet als Reporterin bei Klassik-Veranstaltungen","breadcrumb":{"@id":"https://hidalgofestival.de/en/speaker/fanny-tanck/#breadcrumb"},"inLanguage":"en-US","potentialAction":[{"@type":"ReadAction","target":["https://hidalgofestival.de/en/speaker/fanny-tanck/"]}]},{"@type":"ImageObject","inLanguage":"en-US","@id":"https://hidalgofestival.de/en/speaker/fanny-tanck/#primaryimage","url":"https://hidalgofestival.de/wp-content/uploads/2023/10/Fanny-Tanck.png","contentUrl":"https://hidalgofestival.de/wp-content/uploads/2023/10/Fanny-Tanck.png","width":1422,"height":798},{"@type":"BreadcrumbList","@id":"https://hidalgofestival.de/en/speaker/fanny-tanck/#breadcrumb","itemListElement":[{"@type":"ListItem","position":1,"name":"Startseite","item":"https://hidalgofestival.de/en/beispiel-seite/"},{"@type":"ListItem","position":2,"name":"Speakers","item":"https://hidalgofestival.de/en/speaker/"},{"@type":"ListItem","position":3,"name":"Fanny Tanck"}]},{"@type":"WebSite","@id":"https://hidalgofestival.de/en/#website","url":"https://hidalgofestival.de/en/","name":"HIDALGO","description":"Festival für Junge Klassik","potentialAction":[{"@type":"SearchAction","target":{"@type":"EntryPoint","urlTemplate":"https://hidalgofestival.de/en/?s={search_term_string}"},"query-input":{"@type":"PropertyValueSpecification","valueRequired":true,"valueName":"search_term_string"}}],"inLanguage":"en-US"}]}</script>
<!-- / Yoast SEO plugin. -->

Die Musik-Journalistin Fanny Tanck moderiert Radiosendungen, Opernaufführungen, Galas und arbeitet als Reporterin bei Klassik-Veranstaltungen

Festival für Junge Klassik
