{"id":6053,"date":"2023-09-28T18:12:43","date_gmt":"2023-09-28T16:12:43","guid":{"rendered":"https:\/\/hidalgofestival.de\/?post_type=speaker&#038;p=6053"},"modified":"2023-09-28T18:28:38","modified_gmt":"2023-09-28T16:28:38","slug":"julia-shelkovskaia-2","status":"publish","type":"speaker","link":"https:\/\/hidalgofestival.de\/en\/speaker\/julia-shelkovskaia-2\/","title":{"rendered":"Julia Shelkovskaia"},"content":{"rendered":"<p><strong>Julia Shelkovskaia \u2013 Sopran<\/strong><\/p>\n<p class=\"p1\">*1990, ist eine S\u00e4ngerin und Performance-K\u00fcnstlerin. Zu den wichtigsten Projekten geh\u00f6ren \u201eZenders Winterreise\u201c in der Berliner Philharmonie, die Urauff\u00fchrung \u201eTako Tsubo\u201c von Malte Giesen in der Deutschen Oper Berlin, die Performance von Lee Mingwei:\u79ae Li &#8220;Geschenke und Rituale\u201c bei den Berliner Festspielen sowie Performances von Rachel Monosov.<\/p>\n<p>Foto: Asya Chzhan<br \/>\n(Stand: 2023)<\/p>\n","protected":false},"excerpt":{"rendered":"<p>Julia Shelkovskaia \u2013 Sopran *1990, ist eine S\u00e4ngerin und Performance-K\u00fcnstlerin. Zu den wichtigsten Projekten geh\u00f6ren \u201eZenders Winterreise\u201c in der Berliner Philharmonie, die Urauff\u00fchrung \u201eTako Tsubo\u201c von Malte Giesen in der Deutschen Oper Berlin, die Performance von Lee Mingwei:\u79ae Li &#8220;Geschenke&#8230;<\/p>\n","protected":false},"author":2,"featured_media":6113,"comment_status":"closed","ping_status":"closed","template":"","meta":{"footnotes":""},"speaker-category":[5,83,57],"speaker-tags":[],"location":[],"class_list":["post-6053","speaker","type-speaker","status-publish","has-post-thumbnail","hentry","speaker-category-artist","speaker-category-23glp1","speaker-category-artists-2023"],"yoast_head":"<!-- This site is optimized with the Yoast SEO plugin v27.2 - https:\/\/yoast.com\/product\/yoast-seo-wordpress\/ -->\n<title>Julia Shelkovskaia - HIDALGO<\/title>\n<meta name=\"description\" content=\"Die S\u00e4ngerin Julia Shelkovskaia ist Kandidatin beim Gro\u00dfen Liedpreis von HIDALGO am 19.Oktober 2023 in der Trafohalle des Gasteig HP8.\" \/>\n<meta name=\"robots\" content=\"index, follow, max-snippet:-1, max-image-preview:large, max-video-preview:-1\" \/>\n<link rel=\"canonical\" href=\"https:\/\/hidalgofestival.de\/en\/speaker\/julia-shelkovskaia-2\/\" \/>\n<meta property=\"og:locale\" content=\"en_US\" \/>\n<meta property=\"og:type\" content=\"article\" \/>\n<meta property=\"og:title\" content=\"Julia Shelkovskaia - HIDALGO\" \/>\n<meta property=\"og:description\" content=\"Die S\u00e4ngerin Julia Shelkovskaia ist Kandidatin beim Gro\u00dfen Liedpreis von HIDALGO am 19.Oktober 2023 in der Trafohalle des Gasteig HP8.\" \/>\n<meta property=\"og:url\" content=\"https:\/\/hidalgofestival.de\/en\/speaker\/julia-shelkovskaia-2\/\" \/>\n<meta property=\"og:site_name\" content=\"HIDALGO\" \/>\n<meta property=\"article:modified_time\" content=\"2023-09-28T16:28:38+00:00\" \/>\n<meta property=\"og:image\" content=\"https:\/\/hidalgofestival.de\/wp-content\/uploads\/2023\/09\/Foto_-Julia-Shelkovskaia.png\" \/>\n\t<meta property=\"og:image:width\" content=\"822\" \/>\n\t<meta property=\"og:image:height\" content=\"1028\" \/>\n\t<meta property=\"og:image:type\" content=\"image\/png\" \/>\n<meta name=\"twitter:card\" content=\"summary_large_image\" \/>\n<meta name=\"twitter:label1\" content=\"Est. reading time\" \/>\n\t<meta name=\"twitter:data1\" content=\"1 minute\" \/>\n<script type=\"application\/ld+json\" class=\"yoast-schema-graph\">{\"@context\":\"https:\/\/schema.org\",\"@graph\":[{\"@type\":\"WebPage\",\"@id\":\"https:\/\/hidalgofestival.de\/en\/speaker\/julia-shelkovskaia-2\/\",\"url\":\"https:\/\/hidalgofestival.de\/en\/speaker\/julia-shelkovskaia-2\/\",\"name\":\"Julia Shelkovskaia - HIDALGO\",\"isPartOf\":{\"@id\":\"https:\/\/hidalgofestival.de\/en\/#website\"},\"primaryImageOfPage\":{\"@id\":\"https:\/\/hidalgofestival.de\/en\/speaker\/julia-shelkovskaia-2\/#primaryimage\"},\"image\":{\"@id\":\"https:\/\/hidalgofestival.de\/en\/speaker\/julia-shelkovskaia-2\/#primaryimage\"},\"thumbnailUrl\":\"https:\/\/hidalgofestival.de\/wp-content\/uploads\/2023\/09\/Foto_-Julia-Shelkovskaia.png\",\"datePublished\":\"2023-09-28T16:12:43+00:00\",\"dateModified\":\"2023-09-28T16:28:38+00:00\",\"description\":\"Die S\u00e4ngerin Julia Shelkovskaia ist Kandidatin beim Gro\u00dfen Liedpreis von HIDALGO am 19.Oktober 2023 in der Trafohalle des Gasteig HP8.\",\"breadcrumb\":{\"@id\":\"https:\/\/hidalgofestival.de\/en\/speaker\/julia-shelkovskaia-2\/#breadcrumb\"},\"inLanguage\":\"en-US\",\"potentialAction\":[{\"@type\":\"ReadAction\",\"target\":[\"https:\/\/hidalgofestival.de\/en\/speaker\/julia-shelkovskaia-2\/\"]}]},{\"@type\":\"ImageObject\",\"inLanguage\":\"en-US\",\"@id\":\"https:\/\/hidalgofestival.de\/en\/speaker\/julia-shelkovskaia-2\/#primaryimage\",\"url\":\"https:\/\/hidalgofestival.de\/wp-content\/uploads\/2023\/09\/Foto_-Julia-Shelkovskaia.png\",\"contentUrl\":\"https:\/\/hidalgofestival.de\/wp-content\/uploads\/2023\/09\/Foto_-Julia-Shelkovskaia.png\",\"width\":822,\"height\":1028},{\"@type\":\"BreadcrumbList\",\"@id\":\"https:\/\/hidalgofestival.de\/en\/speaker\/julia-shelkovskaia-2\/#breadcrumb\",\"itemListElement\":[{\"@type\":\"ListItem\",\"position\":1,\"name\":\"Startseite\",\"item\":\"https:\/\/hidalgofestival.de\/en\/beispiel-seite\/\"},{\"@type\":\"ListItem\",\"position\":2,\"name\":\"Speakers\",\"item\":\"https:\/\/hidalgofestival.de\/en\/speaker\/\"},{\"@type\":\"ListItem\",\"position\":3,\"name\":\"Julia Shelkovskaia\"}]},{\"@type\":\"WebSite\",\"@id\":\"https:\/\/hidalgofestival.de\/en\/#website\",\"url\":\"https:\/\/hidalgofestival.de\/en\/\",\"name\":\"HIDALGO\",\"description\":\"Festival f\u00fcr Junge Klassik\",\"potentialAction\":[{\"@type\":\"SearchAction\",\"target\":{\"@type\":\"EntryPoint\",\"urlTemplate\":\"https:\/\/hidalgofestival.de\/en\/?s={search_term_string}\"},\"query-input\":{\"@type\":\"PropertyValueSpecification\",\"valueRequired\":true,\"valueName\":\"search_term_string\"}}],\"inLanguage\":\"en-US\"}]}<\/script>\n<!-- \/ Yoast SEO plugin. -->","yoast_head_json":{"title":"Julia Shelkovskaia - HIDALGO","description":"Die S\u00e4ngerin Julia Shelkovskaia ist Kandidatin beim Gro\u00dfen Liedpreis von HIDALGO am 19.Oktober 2023 in der Trafohalle des Gasteig HP8.","robots":{"index":"index","follow":"follow","max-snippet":"max-snippet:-1","max-image-preview":"max-image-preview:large","max-video-preview":"max-video-preview:-1"},"canonical":"https:\/\/hidalgofestival.de\/en\/speaker\/julia-shelkovskaia-2\/","og_locale":"en_US","og_type":"article","og_title":"Julia Shelkovskaia - HIDALGO","og_description":"Die S\u00e4ngerin Julia Shelkovskaia ist Kandidatin beim Gro\u00dfen Liedpreis von HIDALGO am 19.Oktober 2023 in der Trafohalle des Gasteig HP8.","og_url":"https:\/\/hidalgofestival.de\/en\/speaker\/julia-shelkovskaia-2\/","og_site_name":"HIDALGO","article_modified_time":"2023-09-28T16:28:38+00:00","og_image":[{"width":822,"height":1028,"url":"https:\/\/hidalgofestival.de\/wp-content\/uploads\/2023\/09\/Foto_-Julia-Shelkovskaia.png","type":"image\/png"}],"twitter_card":"summary_large_image","twitter_misc":{"Est. reading time":"1 minute"},"schema":{"@context":"https:\/\/schema.org","@graph":[{"@type":"WebPage","@id":"https:\/\/hidalgofestival.de\/en\/speaker\/julia-shelkovskaia-2\/","url":"https:\/\/hidalgofestival.de\/en\/speaker\/julia-shelkovskaia-2\/","name":"Julia Shelkovskaia - HIDALGO","isPartOf":{"@id":"https:\/\/hidalgofestival.de\/en\/#website"},"primaryImageOfPage":{"@id":"https:\/\/hidalgofestival.de\/en\/speaker\/julia-shelkovskaia-2\/#primaryimage"},"image":{"@id":"https:\/\/hidalgofestival.de\/en\/speaker\/julia-shelkovskaia-2\/#primaryimage"},"thumbnailUrl":"https:\/\/hidalgofestival.de\/wp-content\/uploads\/2023\/09\/Foto_-Julia-Shelkovskaia.png","datePublished":"2023-09-28T16:12:43+00:00","dateModified":"2023-09-28T16:28:38+00:00","description":"Die S\u00e4ngerin Julia Shelkovskaia ist Kandidatin beim Gro\u00dfen Liedpreis von HIDALGO am 19.Oktober 2023 in der Trafohalle des Gasteig HP8.","breadcrumb":{"@id":"https:\/\/hidalgofestival.de\/en\/speaker\/julia-shelkovskaia-2\/#breadcrumb"},"inLanguage":"en-US","potentialAction":[{"@type":"ReadAction","target":["https:\/\/hidalgofestival.de\/en\/speaker\/julia-shelkovskaia-2\/"]}]},{"@type":"ImageObject","inLanguage":"en-US","@id":"https:\/\/hidalgofestival.de\/en\/speaker\/julia-shelkovskaia-2\/#primaryimage","url":"https:\/\/hidalgofestival.de\/wp-content\/uploads\/2023\/09\/Foto_-Julia-Shelkovskaia.png","contentUrl":"https:\/\/hidalgofestival.de\/wp-content\/uploads\/2023\/09\/Foto_-Julia-Shelkovskaia.png","width":822,"height":1028},{"@type":"BreadcrumbList","@id":"https:\/\/hidalgofestival.de\/en\/speaker\/julia-shelkovskaia-2\/#breadcrumb","itemListElement":[{"@type":"ListItem","position":1,"name":"Startseite","item":"https:\/\/hidalgofestival.de\/en\/beispiel-seite\/"},{"@type":"ListItem","position":2,"name":"Speakers","item":"https:\/\/hidalgofestival.de\/en\/speaker\/"},{"@type":"ListItem","position":3,"name":"Julia Shelkovskaia"}]},{"@type":"WebSite","@id":"https:\/\/hidalgofestival.de\/en\/#website","url":"https:\/\/hidalgofestival.de\/en\/","name":"HIDALGO","description":"Festival f\u00fcr Junge Klassik","potentialAction":[{"@type":"SearchAction","target":{"@type":"EntryPoint","urlTemplate":"https:\/\/hidalgofestival.de\/en\/?s={search_term_string}"},"query-input":{"@type":"PropertyValueSpecification","valueRequired":true,"valueName":"search_term_string"}}],"inLanguage":"en-US"}]}},"_links":{"self":[{"href":"https:\/\/hidalgofestival.de\/en\/wp-json\/wp\/v2\/speaker\/6053","targetHints":{"allow":["GET"]}}],"collection":[{"href":"https:\/\/hidalgofestival.de\/en\/wp-json\/wp\/v2\/speaker"}],"about":[{"href":"https:\/\/hidalgofestival.de\/en\/wp-json\/wp\/v2\/types\/speaker"}],"author":[{"embeddable":true,"href":"https:\/\/hidalgofestival.de\/en\/wp-json\/wp\/v2\/users\/2"}],"replies":[{"embeddable":true,"href":"https:\/\/hidalgofestival.de\/en\/wp-json\/wp\/v2\/comments?post=6053"}],"version-history":[{"count":2,"href":"https:\/\/hidalgofestival.de\/en\/wp-json\/wp\/v2\/speaker\/6053\/revisions"}],"predecessor-version":[{"id":6103,"href":"https:\/\/hidalgofestival.de\/en\/wp-json\/wp\/v2\/speaker\/6053\/revisions\/6103"}],"wp:featuredmedia":[{"embeddable":true,"href":"https:\/\/hidalgofestival.de\/en\/wp-json\/wp\/v2\/media\/6113"}],"wp:attachment":[{"href":"https:\/\/hidalgofestival.de\/en\/wp-json\/wp\/v2\/media?parent=6053"}],"wp:term":[{"taxonomy":"speaker-category","embeddable":true,"href":"https:\/\/hidalgofestival.de\/en\/wp-json\/wp\/v2\/speaker-category?post=6053"},{"taxonomy":"speaker-tags","embeddable":true,"href":"https:\/\/hidalgofestival.de\/en\/wp-json\/wp\/v2\/speaker-tags?post=6053"},{"taxonomy":"location","embeddable":true,"href":"https:\/\/hidalgofestival.de\/en\/wp-json\/wp\/v2\/location?post=6053"}],"curies":[{"name":"wp","href":"https:\/\/api.w.org\/{rel}","templated":true}]}}

<p><strong>Julia Shelkovskaia – Sopran</strong></p>
<p class="p1">*1990, ist eine Sängerin und Performance-Künstlerin. Zu den wichtigsten Projekten gehören „Zenders Winterreise“ in der Berliner Philharmonie, die Uraufführung „Tako Tsubo“ von Malte Giesen in der Deutschen Oper Berlin, die Performance von Lee Mingwei:禮 Li &#8220;Geschenke und Rituale“ bei den Berliner Festspielen sowie Performances von Rachel Monosov.</p>
<p>Foto: Asya Chzhan<br />
(Stand: 2023)</p>

<p>Julia Shelkovskaia – Sopran *1990, ist eine Sängerin und Performance-Künstlerin. Zu den wichtigsten Projekten gehören „Zenders Winterreise“ in der Berliner Philharmonie, die Uraufführung „Tako Tsubo“ von Malte Giesen in der Deutschen Oper Berlin, die Performance von Lee Mingwei:禮 Li &#8220;Geschenke&#8230;</p>

<!-- This site is optimized with the Yoast SEO plugin v27.2 - https://yoast.com/product/yoast-seo-wordpress/ -->
<title>Julia Shelkovskaia - HIDALGO</title>
<meta name="description" content="Die Sängerin Julia Shelkovskaia ist Kandidatin beim Großen Liedpreis von HIDALGO am 19.Oktober 2023 in der Trafohalle des Gasteig HP8." />
<meta name="robots" content="index, follow, max-snippet:-1, max-image-preview:large, max-video-preview:-1" />
<link rel="canonical" href="https://hidalgofestival.de/en/speaker/julia-shelkovskaia-2/" />
<meta property="og:locale" content="en_US" />
<meta property="og:type" content="article" />
<meta property="og:title" content="Julia Shelkovskaia - HIDALGO" />
<meta property="og:description" content="Die Sängerin Julia Shelkovskaia ist Kandidatin beim Großen Liedpreis von HIDALGO am 19.Oktober 2023 in der Trafohalle des Gasteig HP8." />
<meta property="og:url" content="https://hidalgofestival.de/en/speaker/julia-shelkovskaia-2/" />
<meta property="og:site_name" content="HIDALGO" />
<meta property="article:modified_time" content="2023-09-28T16:28:38+00:00" />
<meta property="og:image" content="https://hidalgofestival.de/wp-content/uploads/2023/09/Foto_-Julia-Shelkovskaia.png" />
	<meta property="og:image:width" content="822" />
	<meta property="og:image:height" content="1028" />
	<meta property="og:image:type" content="image/png" />
<meta name="twitter:card" content="summary_large_image" />
<meta name="twitter:label1" content="Est. reading time" />
	<meta name="twitter:data1" content="1 minute" />
<script type="application/ld+json" class="yoast-schema-graph">{"@context":"https://schema.org","@graph":[{"@type":"WebPage","@id":"https://hidalgofestival.de/en/speaker/julia-shelkovskaia-2/","url":"https://hidalgofestival.de/en/speaker/julia-shelkovskaia-2/","name":"Julia Shelkovskaia - HIDALGO","isPartOf":{"@id":"https://hidalgofestival.de/en/#website"},"primaryImageOfPage":{"@id":"https://hidalgofestival.de/en/speaker/julia-shelkovskaia-2/#primaryimage"},"image":{"@id":"https://hidalgofestival.de/en/speaker/julia-shelkovskaia-2/#primaryimage"},"thumbnailUrl":"https://hidalgofestival.de/wp-content/uploads/2023/09/Foto_-Julia-Shelkovskaia.png","datePublished":"2023-09-28T16:12:43+00:00","dateModified":"2023-09-28T16:28:38+00:00","description":"Die Sängerin Julia Shelkovskaia ist Kandidatin beim Großen Liedpreis von HIDALGO am 19.Oktober 2023 in der Trafohalle des Gasteig HP8.","breadcrumb":{"@id":"https://hidalgofestival.de/en/speaker/julia-shelkovskaia-2/#breadcrumb"},"inLanguage":"en-US","potentialAction":[{"@type":"ReadAction","target":["https://hidalgofestival.de/en/speaker/julia-shelkovskaia-2/"]}]},{"@type":"ImageObject","inLanguage":"en-US","@id":"https://hidalgofestival.de/en/speaker/julia-shelkovskaia-2/#primaryimage","url":"https://hidalgofestival.de/wp-content/uploads/2023/09/Foto_-Julia-Shelkovskaia.png","contentUrl":"https://hidalgofestival.de/wp-content/uploads/2023/09/Foto_-Julia-Shelkovskaia.png","width":822,"height":1028},{"@type":"BreadcrumbList","@id":"https://hidalgofestival.de/en/speaker/julia-shelkovskaia-2/#breadcrumb","itemListElement":[{"@type":"ListItem","position":1,"name":"Startseite","item":"https://hidalgofestival.de/en/beispiel-seite/"},{"@type":"ListItem","position":2,"name":"Speakers","item":"https://hidalgofestival.de/en/speaker/"},{"@type":"ListItem","position":3,"name":"Julia Shelkovskaia"}]},{"@type":"WebSite","@id":"https://hidalgofestival.de/en/#website","url":"https://hidalgofestival.de/en/","name":"HIDALGO","description":"Festival für Junge Klassik","potentialAction":[{"@type":"SearchAction","target":{"@type":"EntryPoint","urlTemplate":"https://hidalgofestival.de/en/?s={search_term_string}"},"query-input":{"@type":"PropertyValueSpecification","valueRequired":true,"valueName":"search_term_string"}}],"inLanguage":"en-US"}]}</script>
<!-- / Yoast SEO plugin. -->

Die Sängerin Julia Shelkovskaia ist Kandidatin beim Großen Liedpreis von HIDALGO am 19.Oktober 2023 in der Trafohalle des Gasteig HP8.

Festival für Junge Klassik
