{"id":5612,"date":"2023-08-09T15:15:41","date_gmt":"2023-08-09T13:15:41","guid":{"rendered":"https:\/\/hidalgofestival.de\/?post_type=speaker&#038;p=5612"},"modified":"2023-08-09T22:31:41","modified_gmt":"2023-08-09T20:31:41","slug":"anna-lucia-richter","status":"publish","type":"speaker","link":"https:\/\/hidalgofestival.de\/en\/speaker\/anna-lucia-richter\/","title":{"rendered":"Anna Lucia Richter"},"content":{"rendered":"<p><strong>Anna Lucia Richter \u2013 Mezzosopran<\/strong><\/p>\n<p>*1990 in K\u00f6ln, ist eine der wichtigsten S\u00e4ngerinnen ihrer Generation. Sie stammt aus K\u00f6ln und sang u. A. mit dem Symphonieorchester des Bayerischen Rundfunks, dem Gewandhausorchester und MusicAeterna. Sie ist in zahlreichen gro\u00dfen H\u00e4usern und Festivals aufgetreten, darunter die Salzburger Festspiele, Carnegie Hall New York und BBC Proms. Ihre besondere Leidenschaft gilt dem Lied. <a href=\"https:\/\/www.annaluciarichter.com\/\"><strong>Weitere Infos<\/strong><\/a><\/p>\n<p>&nbsp;<\/p>\n<p>Foto: Florian Huber<br \/>\n(Stand: 2023)<\/p>\n","protected":false},"excerpt":{"rendered":"<p>Anna Lucia Richter \u2013 Mezzosopran *1990 in K\u00f6ln, ist eine der wichtigsten S\u00e4ngerinnen ihrer Generation. Sie stammt aus K\u00f6ln und sang u. A. mit dem Symphonieorchester des Bayerischen Rundfunks, dem Gewandhausorchester und MusicAeterna. Sie ist in zahlreichen gro\u00dfen H\u00e4usern und&#8230;<\/p>\n","protected":false},"author":2,"featured_media":5671,"comment_status":"closed","ping_status":"closed","template":"","meta":{"footnotes":""},"speaker-category":[5,57],"speaker-tags":[],"location":[],"class_list":["post-5612","speaker","type-speaker","status-publish","has-post-thumbnail","hentry","speaker-category-artist","speaker-category-artists-2023"],"yoast_head":"<!-- This site is optimized with the Yoast SEO plugin v27.2 - https:\/\/yoast.com\/product\/yoast-seo-wordpress\/ -->\n<title>Anna Lucia Richter - HIDALGO<\/title>\n<meta name=\"description\" content=\"Die Mezzosopranistin Anna Lucia Richter gilt als eine der wichtigsten S\u00e4nger*innen ihrer Generation \u2013 2023 wirkt sie bei HIDALGO Refugium mit\" \/>\n<meta name=\"robots\" content=\"index, follow, max-snippet:-1, max-image-preview:large, max-video-preview:-1\" \/>\n<link rel=\"canonical\" href=\"https:\/\/hidalgofestival.de\/en\/speaker\/anna-lucia-richter\/\" \/>\n<meta property=\"og:locale\" content=\"en_US\" \/>\n<meta property=\"og:type\" content=\"article\" \/>\n<meta property=\"og:title\" content=\"Anna Lucia Richter - HIDALGO\" \/>\n<meta property=\"og:description\" content=\"Die Mezzosopranistin Anna Lucia Richter gilt als eine der wichtigsten S\u00e4nger*innen ihrer Generation \u2013 2023 wirkt sie bei HIDALGO Refugium mit\" \/>\n<meta property=\"og:url\" content=\"https:\/\/hidalgofestival.de\/en\/speaker\/anna-lucia-richter\/\" \/>\n<meta property=\"og:site_name\" content=\"HIDALGO\" \/>\n<meta property=\"article:modified_time\" content=\"2023-08-09T20:31:41+00:00\" \/>\n<meta property=\"og:image\" content=\"https:\/\/hidalgofestival.de\/wp-content\/uploads\/2023\/08\/Richter-Anna-Lucia_Florian-Huber-1024x819.png\" \/>\n\t<meta property=\"og:image:width\" content=\"1024\" \/>\n\t<meta property=\"og:image:height\" content=\"819\" \/>\n\t<meta property=\"og:image:type\" content=\"image\/png\" \/>\n<meta name=\"twitter:card\" content=\"summary_large_image\" \/>\n<meta name=\"twitter:label1\" content=\"Est. reading time\" \/>\n\t<meta name=\"twitter:data1\" content=\"1 minute\" \/>\n<script type=\"application\/ld+json\" class=\"yoast-schema-graph\">{\"@context\":\"https:\/\/schema.org\",\"@graph\":[{\"@type\":\"WebPage\",\"@id\":\"https:\/\/hidalgofestival.de\/en\/speaker\/anna-lucia-richter\/\",\"url\":\"https:\/\/hidalgofestival.de\/en\/speaker\/anna-lucia-richter\/\",\"name\":\"Anna Lucia Richter - HIDALGO\",\"isPartOf\":{\"@id\":\"https:\/\/hidalgofestival.de\/en\/#website\"},\"primaryImageOfPage\":{\"@id\":\"https:\/\/hidalgofestival.de\/en\/speaker\/anna-lucia-richter\/#primaryimage\"},\"image\":{\"@id\":\"https:\/\/hidalgofestival.de\/en\/speaker\/anna-lucia-richter\/#primaryimage\"},\"thumbnailUrl\":\"https:\/\/hidalgofestival.de\/wp-content\/uploads\/2023\/08\/Richter-Anna-Lucia_Florian-Huber.png\",\"datePublished\":\"2023-08-09T13:15:41+00:00\",\"dateModified\":\"2023-08-09T20:31:41+00:00\",\"description\":\"Die Mezzosopranistin Anna Lucia Richter gilt als eine der wichtigsten S\u00e4nger*innen ihrer Generation \u2013 2023 wirkt sie bei HIDALGO Refugium mit\",\"breadcrumb\":{\"@id\":\"https:\/\/hidalgofestival.de\/en\/speaker\/anna-lucia-richter\/#breadcrumb\"},\"inLanguage\":\"en-US\",\"potentialAction\":[{\"@type\":\"ReadAction\",\"target\":[\"https:\/\/hidalgofestival.de\/en\/speaker\/anna-lucia-richter\/\"]}]},{\"@type\":\"ImageObject\",\"inLanguage\":\"en-US\",\"@id\":\"https:\/\/hidalgofestival.de\/en\/speaker\/anna-lucia-richter\/#primaryimage\",\"url\":\"https:\/\/hidalgofestival.de\/wp-content\/uploads\/2023\/08\/Richter-Anna-Lucia_Florian-Huber.png\",\"contentUrl\":\"https:\/\/hidalgofestival.de\/wp-content\/uploads\/2023\/08\/Richter-Anna-Lucia_Florian-Huber.png\",\"width\":1288,\"height\":1030},{\"@type\":\"BreadcrumbList\",\"@id\":\"https:\/\/hidalgofestival.de\/en\/speaker\/anna-lucia-richter\/#breadcrumb\",\"itemListElement\":[{\"@type\":\"ListItem\",\"position\":1,\"name\":\"Startseite\",\"item\":\"https:\/\/hidalgofestival.de\/en\/beispiel-seite\/\"},{\"@type\":\"ListItem\",\"position\":2,\"name\":\"Speakers\",\"item\":\"https:\/\/hidalgofestival.de\/en\/speaker\/\"},{\"@type\":\"ListItem\",\"position\":3,\"name\":\"Anna Lucia Richter\"}]},{\"@type\":\"WebSite\",\"@id\":\"https:\/\/hidalgofestival.de\/en\/#website\",\"url\":\"https:\/\/hidalgofestival.de\/en\/\",\"name\":\"HIDALGO\",\"description\":\"Festival f\u00fcr Junge Klassik\",\"potentialAction\":[{\"@type\":\"SearchAction\",\"target\":{\"@type\":\"EntryPoint\",\"urlTemplate\":\"https:\/\/hidalgofestival.de\/en\/?s={search_term_string}\"},\"query-input\":{\"@type\":\"PropertyValueSpecification\",\"valueRequired\":true,\"valueName\":\"search_term_string\"}}],\"inLanguage\":\"en-US\"}]}<\/script>\n<!-- \/ Yoast SEO plugin. -->","yoast_head_json":{"title":"Anna Lucia Richter - HIDALGO","description":"Die Mezzosopranistin Anna Lucia Richter gilt als eine der wichtigsten S\u00e4nger*innen ihrer Generation \u2013 2023 wirkt sie bei HIDALGO Refugium mit","robots":{"index":"index","follow":"follow","max-snippet":"max-snippet:-1","max-image-preview":"max-image-preview:large","max-video-preview":"max-video-preview:-1"},"canonical":"https:\/\/hidalgofestival.de\/en\/speaker\/anna-lucia-richter\/","og_locale":"en_US","og_type":"article","og_title":"Anna Lucia Richter - HIDALGO","og_description":"Die Mezzosopranistin Anna Lucia Richter gilt als eine der wichtigsten S\u00e4nger*innen ihrer Generation \u2013 2023 wirkt sie bei HIDALGO Refugium mit","og_url":"https:\/\/hidalgofestival.de\/en\/speaker\/anna-lucia-richter\/","og_site_name":"HIDALGO","article_modified_time":"2023-08-09T20:31:41+00:00","og_image":[{"width":1024,"height":819,"url":"https:\/\/hidalgofestival.de\/wp-content\/uploads\/2023\/08\/Richter-Anna-Lucia_Florian-Huber-1024x819.png","type":"image\/png"}],"twitter_card":"summary_large_image","twitter_misc":{"Est. reading time":"1 minute"},"schema":{"@context":"https:\/\/schema.org","@graph":[{"@type":"WebPage","@id":"https:\/\/hidalgofestival.de\/en\/speaker\/anna-lucia-richter\/","url":"https:\/\/hidalgofestival.de\/en\/speaker\/anna-lucia-richter\/","name":"Anna Lucia Richter - HIDALGO","isPartOf":{"@id":"https:\/\/hidalgofestival.de\/en\/#website"},"primaryImageOfPage":{"@id":"https:\/\/hidalgofestival.de\/en\/speaker\/anna-lucia-richter\/#primaryimage"},"image":{"@id":"https:\/\/hidalgofestival.de\/en\/speaker\/anna-lucia-richter\/#primaryimage"},"thumbnailUrl":"https:\/\/hidalgofestival.de\/wp-content\/uploads\/2023\/08\/Richter-Anna-Lucia_Florian-Huber.png","datePublished":"2023-08-09T13:15:41+00:00","dateModified":"2023-08-09T20:31:41+00:00","description":"Die Mezzosopranistin Anna Lucia Richter gilt als eine der wichtigsten S\u00e4nger*innen ihrer Generation \u2013 2023 wirkt sie bei HIDALGO Refugium mit","breadcrumb":{"@id":"https:\/\/hidalgofestival.de\/en\/speaker\/anna-lucia-richter\/#breadcrumb"},"inLanguage":"en-US","potentialAction":[{"@type":"ReadAction","target":["https:\/\/hidalgofestival.de\/en\/speaker\/anna-lucia-richter\/"]}]},{"@type":"ImageObject","inLanguage":"en-US","@id":"https:\/\/hidalgofestival.de\/en\/speaker\/anna-lucia-richter\/#primaryimage","url":"https:\/\/hidalgofestival.de\/wp-content\/uploads\/2023\/08\/Richter-Anna-Lucia_Florian-Huber.png","contentUrl":"https:\/\/hidalgofestival.de\/wp-content\/uploads\/2023\/08\/Richter-Anna-Lucia_Florian-Huber.png","width":1288,"height":1030},{"@type":"BreadcrumbList","@id":"https:\/\/hidalgofestival.de\/en\/speaker\/anna-lucia-richter\/#breadcrumb","itemListElement":[{"@type":"ListItem","position":1,"name":"Startseite","item":"https:\/\/hidalgofestival.de\/en\/beispiel-seite\/"},{"@type":"ListItem","position":2,"name":"Speakers","item":"https:\/\/hidalgofestival.de\/en\/speaker\/"},{"@type":"ListItem","position":3,"name":"Anna Lucia Richter"}]},{"@type":"WebSite","@id":"https:\/\/hidalgofestival.de\/en\/#website","url":"https:\/\/hidalgofestival.de\/en\/","name":"HIDALGO","description":"Festival f\u00fcr Junge Klassik","potentialAction":[{"@type":"SearchAction","target":{"@type":"EntryPoint","urlTemplate":"https:\/\/hidalgofestival.de\/en\/?s={search_term_string}"},"query-input":{"@type":"PropertyValueSpecification","valueRequired":true,"valueName":"search_term_string"}}],"inLanguage":"en-US"}]}},"_links":{"self":[{"href":"https:\/\/hidalgofestival.de\/en\/wp-json\/wp\/v2\/speaker\/5612","targetHints":{"allow":["GET"]}}],"collection":[{"href":"https:\/\/hidalgofestival.de\/en\/wp-json\/wp\/v2\/speaker"}],"about":[{"href":"https:\/\/hidalgofestival.de\/en\/wp-json\/wp\/v2\/types\/speaker"}],"author":[{"embeddable":true,"href":"https:\/\/hidalgofestival.de\/en\/wp-json\/wp\/v2\/users\/2"}],"replies":[{"embeddable":true,"href":"https:\/\/hidalgofestival.de\/en\/wp-json\/wp\/v2\/comments?post=5612"}],"version-history":[{"count":3,"href":"https:\/\/hidalgofestival.de\/en\/wp-json\/wp\/v2\/speaker\/5612\/revisions"}],"predecessor-version":[{"id":5674,"href":"https:\/\/hidalgofestival.de\/en\/wp-json\/wp\/v2\/speaker\/5612\/revisions\/5674"}],"wp:featuredmedia":[{"embeddable":true,"href":"https:\/\/hidalgofestival.de\/en\/wp-json\/wp\/v2\/media\/5671"}],"wp:attachment":[{"href":"https:\/\/hidalgofestival.de\/en\/wp-json\/wp\/v2\/media?parent=5612"}],"wp:term":[{"taxonomy":"speaker-category","embeddable":true,"href":"https:\/\/hidalgofestival.de\/en\/wp-json\/wp\/v2\/speaker-category?post=5612"},{"taxonomy":"speaker-tags","embeddable":true,"href":"https:\/\/hidalgofestival.de\/en\/wp-json\/wp\/v2\/speaker-tags?post=5612"},{"taxonomy":"location","embeddable":true,"href":"https:\/\/hidalgofestival.de\/en\/wp-json\/wp\/v2\/location?post=5612"}],"curies":[{"name":"wp","href":"https:\/\/api.w.org\/{rel}","templated":true}]}}

<p><strong>Anna Lucia Richter – Mezzosopran</strong></p>
<p>*1990 in Köln, ist eine der wichtigsten Sängerinnen ihrer Generation. Sie stammt aus Köln und sang u. A. mit dem Symphonieorchester des Bayerischen Rundfunks, dem Gewandhausorchester und MusicAeterna. Sie ist in zahlreichen großen Häusern und Festivals aufgetreten, darunter die Salzburger Festspiele, Carnegie Hall New York und BBC Proms. Ihre besondere Leidenschaft gilt dem Lied. <a href="https://www.annaluciarichter.com/"><strong>Weitere Infos</strong></a></p>
<p>&nbsp;</p>
<p>Foto: Florian Huber<br />
(Stand: 2023)</p>

<p>Anna Lucia Richter – Mezzosopran *1990 in Köln, ist eine der wichtigsten Sängerinnen ihrer Generation. Sie stammt aus Köln und sang u. A. mit dem Symphonieorchester des Bayerischen Rundfunks, dem Gewandhausorchester und MusicAeterna. Sie ist in zahlreichen großen Häusern und&#8230;</p>

<!-- This site is optimized with the Yoast SEO plugin v27.2 - https://yoast.com/product/yoast-seo-wordpress/ -->
<title>Anna Lucia Richter - HIDALGO</title>
<meta name="description" content="Die Mezzosopranistin Anna Lucia Richter gilt als eine der wichtigsten Sänger*innen ihrer Generation – 2023 wirkt sie bei HIDALGO Refugium mit" />
<meta name="robots" content="index, follow, max-snippet:-1, max-image-preview:large, max-video-preview:-1" />
<link rel="canonical" href="https://hidalgofestival.de/en/speaker/anna-lucia-richter/" />
<meta property="og:locale" content="en_US" />
<meta property="og:type" content="article" />
<meta property="og:title" content="Anna Lucia Richter - HIDALGO" />
<meta property="og:description" content="Die Mezzosopranistin Anna Lucia Richter gilt als eine der wichtigsten Sänger*innen ihrer Generation – 2023 wirkt sie bei HIDALGO Refugium mit" />
<meta property="og:url" content="https://hidalgofestival.de/en/speaker/anna-lucia-richter/" />
<meta property="og:site_name" content="HIDALGO" />
<meta property="article:modified_time" content="2023-08-09T20:31:41+00:00" />
<meta property="og:image" content="https://hidalgofestival.de/wp-content/uploads/2023/08/Richter-Anna-Lucia_Florian-Huber-1024x819.png" />
	<meta property="og:image:width" content="1024" />
	<meta property="og:image:height" content="819" />
	<meta property="og:image:type" content="image/png" />
<meta name="twitter:card" content="summary_large_image" />
<meta name="twitter:label1" content="Est. reading time" />
	<meta name="twitter:data1" content="1 minute" />
<script type="application/ld+json" class="yoast-schema-graph">{"@context":"https://schema.org","@graph":[{"@type":"WebPage","@id":"https://hidalgofestival.de/en/speaker/anna-lucia-richter/","url":"https://hidalgofestival.de/en/speaker/anna-lucia-richter/","name":"Anna Lucia Richter - HIDALGO","isPartOf":{"@id":"https://hidalgofestival.de/en/#website"},"primaryImageOfPage":{"@id":"https://hidalgofestival.de/en/speaker/anna-lucia-richter/#primaryimage"},"image":{"@id":"https://hidalgofestival.de/en/speaker/anna-lucia-richter/#primaryimage"},"thumbnailUrl":"https://hidalgofestival.de/wp-content/uploads/2023/08/Richter-Anna-Lucia_Florian-Huber.png","datePublished":"2023-08-09T13:15:41+00:00","dateModified":"2023-08-09T20:31:41+00:00","description":"Die Mezzosopranistin Anna Lucia Richter gilt als eine der wichtigsten Sänger*innen ihrer Generation – 2023 wirkt sie bei HIDALGO Refugium mit","breadcrumb":{"@id":"https://hidalgofestival.de/en/speaker/anna-lucia-richter/#breadcrumb"},"inLanguage":"en-US","potentialAction":[{"@type":"ReadAction","target":["https://hidalgofestival.de/en/speaker/anna-lucia-richter/"]}]},{"@type":"ImageObject","inLanguage":"en-US","@id":"https://hidalgofestival.de/en/speaker/anna-lucia-richter/#primaryimage","url":"https://hidalgofestival.de/wp-content/uploads/2023/08/Richter-Anna-Lucia_Florian-Huber.png","contentUrl":"https://hidalgofestival.de/wp-content/uploads/2023/08/Richter-Anna-Lucia_Florian-Huber.png","width":1288,"height":1030},{"@type":"BreadcrumbList","@id":"https://hidalgofestival.de/en/speaker/anna-lucia-richter/#breadcrumb","itemListElement":[{"@type":"ListItem","position":1,"name":"Startseite","item":"https://hidalgofestival.de/en/beispiel-seite/"},{"@type":"ListItem","position":2,"name":"Speakers","item":"https://hidalgofestival.de/en/speaker/"},{"@type":"ListItem","position":3,"name":"Anna Lucia Richter"}]},{"@type":"WebSite","@id":"https://hidalgofestival.de/en/#website","url":"https://hidalgofestival.de/en/","name":"HIDALGO","description":"Festival für Junge Klassik","potentialAction":[{"@type":"SearchAction","target":{"@type":"EntryPoint","urlTemplate":"https://hidalgofestival.de/en/?s={search_term_string}"},"query-input":{"@type":"PropertyValueSpecification","valueRequired":true,"valueName":"search_term_string"}}],"inLanguage":"en-US"}]}</script>
<!-- / Yoast SEO plugin. -->

Die Mezzosopranistin Anna Lucia Richter gilt als eine der wichtigsten Sänger*innen ihrer Generation – 2023 wirkt sie bei HIDALGO Refugium mit

Festival für Junge Klassik
