{"id":3647,"date":"2022-01-29T01:50:28","date_gmt":"2022-01-29T00:50:28","guid":{"rendered":"https:\/\/hidalgofestival.de\/?post_type=speaker&#038;p=3647"},"modified":"2025-09-09T12:20:28","modified_gmt":"2025-09-09T10:20:28","slug":"toni-ming-geiger","status":"publish","type":"speaker","link":"https:\/\/hidalgofestival.de\/en\/speaker\/toni-ming-geiger\/","title":{"rendered":"Toni Ming Geiger"},"content":{"rendered":"<p><strong>Toni Ming Geiger \u2013 Piano &amp; Konzertdesign<\/strong><\/p>\n<p>*1990 in M\u00fcnchen, verbindet in seiner Arbeit als Pianist Epochen, Disziplinen und Kulturen, um neue Konzerterlebnisse zu schaffen. Er studierte in K\u00f6ln und Paris und lehrt an der HfMT K\u00f6ln. F\u00fcr seine Arbeit wurde er mit zahlreichen internationalen Preisen und Stipendien ausgezeichnet, u.a. vom Heidelberger Fr\u00fchling, dem Carnegie Hall SongStudio und der Akademie Concerto21. Mehr Infos auf der <a href=\"http:\/\/www.toniminggeiger.com\"><strong>eigenen Website<\/strong>.<\/a><\/p>\n<p>&nbsp;<\/p>\n<p>Foto: Lisa Notzke<\/p>\n","protected":false},"excerpt":{"rendered":"<p>Toni Ming Geiger \u2013 Piano &amp; Konzertdesign *1990 in M\u00fcnchen, verbindet in seiner Arbeit als Pianist Epochen, Disziplinen und Kulturen, um neue Konzerterlebnisse zu schaffen. Er studierte in K\u00f6ln und Paris und lehrt an der HfMT K\u00f6ln. F\u00fcr seine Arbeit&#8230;<\/p>\n","protected":false},"author":2,"featured_media":3946,"comment_status":"closed","ping_status":"closed","template":"","meta":{"footnotes":""},"speaker-category":[5,23,161,149,27,57,153],"speaker-tags":[],"location":[],"class_list":["post-3647","speaker","type-speaker","status-publish","has-post-thumbnail","hentry","speaker-category-artist","speaker-category-kollektiv","speaker-category-2025-zeitenraeume","speaker-category-25_chair","speaker-category-box-salon-05-2022","speaker-category-artists-2023","speaker-category-festival-2025"],"yoast_head":"<!-- This site is optimized with the Yoast SEO plugin v27.2 - https:\/\/yoast.com\/product\/yoast-seo-wordpress\/ -->\n<title>Toni Ming Geiger - Mitglied des HIDALGO Kollektivs<\/title>\n<meta name=\"description\" content=\"Toni Ming Geiger verbindet als Pianist und Mitglied des HIDALGO Kollektivs Epochen, Disziplinen und Kulturen zu neuen Konzerterlebnissen\" \/>\n<meta name=\"robots\" content=\"index, follow, max-snippet:-1, max-image-preview:large, max-video-preview:-1\" \/>\n<link rel=\"canonical\" href=\"https:\/\/hidalgofestival.de\/en\/speaker\/toni-ming-geiger\/\" \/>\n<meta property=\"og:locale\" content=\"en_US\" \/>\n<meta property=\"og:type\" content=\"article\" \/>\n<meta property=\"og:title\" content=\"Toni Ming Geiger - Mitglied des HIDALGO Kollektivs\" \/>\n<meta property=\"og:description\" content=\"Toni Ming Geiger verbindet als Pianist und Mitglied des HIDALGO Kollektivs Epochen, Disziplinen und Kulturen zu neuen Konzerterlebnissen\" \/>\n<meta property=\"og:url\" content=\"https:\/\/hidalgofestival.de\/en\/speaker\/toni-ming-geiger\/\" \/>\n<meta property=\"og:site_name\" content=\"HIDALGO\" \/>\n<meta property=\"article:modified_time\" content=\"2025-09-09T10:20:28+00:00\" \/>\n<meta property=\"og:image\" content=\"https:\/\/hidalgofestival.de\/wp-content\/uploads\/2022\/01\/Bildschirmfoto-2022-05-24-um-14.53.48-1024x766.png\" \/>\n\t<meta property=\"og:image:width\" content=\"1024\" \/>\n\t<meta property=\"og:image:height\" content=\"766\" \/>\n\t<meta property=\"og:image:type\" content=\"image\/png\" \/>\n<meta name=\"twitter:card\" content=\"summary_large_image\" \/>\n<meta name=\"twitter:label1\" content=\"Est. reading time\" \/>\n\t<meta name=\"twitter:data1\" content=\"1 minute\" \/>\n<script type=\"application\/ld+json\" class=\"yoast-schema-graph\">{\"@context\":\"https:\/\/schema.org\",\"@graph\":[{\"@type\":\"WebPage\",\"@id\":\"https:\/\/hidalgofestival.de\/en\/speaker\/toni-ming-geiger\/\",\"url\":\"https:\/\/hidalgofestival.de\/en\/speaker\/toni-ming-geiger\/\",\"name\":\"Toni Ming Geiger - Mitglied des HIDALGO Kollektivs\",\"isPartOf\":{\"@id\":\"https:\/\/hidalgofestival.de\/en\/#website\"},\"primaryImageOfPage\":{\"@id\":\"https:\/\/hidalgofestival.de\/en\/speaker\/toni-ming-geiger\/#primaryimage\"},\"image\":{\"@id\":\"https:\/\/hidalgofestival.de\/en\/speaker\/toni-ming-geiger\/#primaryimage\"},\"thumbnailUrl\":\"https:\/\/hidalgofestival.de\/wp-content\/uploads\/2022\/01\/Bildschirmfoto-2022-05-24-um-14.53.48.png\",\"datePublished\":\"2022-01-29T00:50:28+00:00\",\"dateModified\":\"2025-09-09T10:20:28+00:00\",\"description\":\"Toni Ming Geiger verbindet als Pianist und Mitglied des HIDALGO Kollektivs Epochen, Disziplinen und Kulturen zu neuen Konzerterlebnissen\",\"breadcrumb\":{\"@id\":\"https:\/\/hidalgofestival.de\/en\/speaker\/toni-ming-geiger\/#breadcrumb\"},\"inLanguage\":\"en-US\",\"potentialAction\":[{\"@type\":\"ReadAction\",\"target\":[\"https:\/\/hidalgofestival.de\/en\/speaker\/toni-ming-geiger\/\"]}]},{\"@type\":\"ImageObject\",\"inLanguage\":\"en-US\",\"@id\":\"https:\/\/hidalgofestival.de\/en\/speaker\/toni-ming-geiger\/#primaryimage\",\"url\":\"https:\/\/hidalgofestival.de\/wp-content\/uploads\/2022\/01\/Bildschirmfoto-2022-05-24-um-14.53.48.png\",\"contentUrl\":\"https:\/\/hidalgofestival.de\/wp-content\/uploads\/2022\/01\/Bildschirmfoto-2022-05-24-um-14.53.48.png\",\"width\":1468,\"height\":1098},{\"@type\":\"BreadcrumbList\",\"@id\":\"https:\/\/hidalgofestival.de\/en\/speaker\/toni-ming-geiger\/#breadcrumb\",\"itemListElement\":[{\"@type\":\"ListItem\",\"position\":1,\"name\":\"Startseite\",\"item\":\"https:\/\/hidalgofestival.de\/en\/beispiel-seite\/\"},{\"@type\":\"ListItem\",\"position\":2,\"name\":\"Speakers\",\"item\":\"https:\/\/hidalgofestival.de\/en\/speaker\/\"},{\"@type\":\"ListItem\",\"position\":3,\"name\":\"Toni Ming Geiger\"}]},{\"@type\":\"WebSite\",\"@id\":\"https:\/\/hidalgofestival.de\/en\/#website\",\"url\":\"https:\/\/hidalgofestival.de\/en\/\",\"name\":\"HIDALGO\",\"description\":\"Festival f\u00fcr Junge Klassik\",\"potentialAction\":[{\"@type\":\"SearchAction\",\"target\":{\"@type\":\"EntryPoint\",\"urlTemplate\":\"https:\/\/hidalgofestival.de\/en\/?s={search_term_string}\"},\"query-input\":{\"@type\":\"PropertyValueSpecification\",\"valueRequired\":true,\"valueName\":\"search_term_string\"}}],\"inLanguage\":\"en-US\"}]}<\/script>\n<!-- \/ Yoast SEO plugin. -->","yoast_head_json":{"title":"Toni Ming Geiger - Mitglied des HIDALGO Kollektivs","description":"Toni Ming Geiger verbindet als Pianist und Mitglied des HIDALGO Kollektivs Epochen, Disziplinen und Kulturen zu neuen Konzerterlebnissen","robots":{"index":"index","follow":"follow","max-snippet":"max-snippet:-1","max-image-preview":"max-image-preview:large","max-video-preview":"max-video-preview:-1"},"canonical":"https:\/\/hidalgofestival.de\/en\/speaker\/toni-ming-geiger\/","og_locale":"en_US","og_type":"article","og_title":"Toni Ming Geiger - Mitglied des HIDALGO Kollektivs","og_description":"Toni Ming Geiger verbindet als Pianist und Mitglied des HIDALGO Kollektivs Epochen, Disziplinen und Kulturen zu neuen Konzerterlebnissen","og_url":"https:\/\/hidalgofestival.de\/en\/speaker\/toni-ming-geiger\/","og_site_name":"HIDALGO","article_modified_time":"2025-09-09T10:20:28+00:00","og_image":[{"width":1024,"height":766,"url":"https:\/\/hidalgofestival.de\/wp-content\/uploads\/2022\/01\/Bildschirmfoto-2022-05-24-um-14.53.48-1024x766.png","type":"image\/png"}],"twitter_card":"summary_large_image","twitter_misc":{"Est. reading time":"1 minute"},"schema":{"@context":"https:\/\/schema.org","@graph":[{"@type":"WebPage","@id":"https:\/\/hidalgofestival.de\/en\/speaker\/toni-ming-geiger\/","url":"https:\/\/hidalgofestival.de\/en\/speaker\/toni-ming-geiger\/","name":"Toni Ming Geiger - Mitglied des HIDALGO Kollektivs","isPartOf":{"@id":"https:\/\/hidalgofestival.de\/en\/#website"},"primaryImageOfPage":{"@id":"https:\/\/hidalgofestival.de\/en\/speaker\/toni-ming-geiger\/#primaryimage"},"image":{"@id":"https:\/\/hidalgofestival.de\/en\/speaker\/toni-ming-geiger\/#primaryimage"},"thumbnailUrl":"https:\/\/hidalgofestival.de\/wp-content\/uploads\/2022\/01\/Bildschirmfoto-2022-05-24-um-14.53.48.png","datePublished":"2022-01-29T00:50:28+00:00","dateModified":"2025-09-09T10:20:28+00:00","description":"Toni Ming Geiger verbindet als Pianist und Mitglied des HIDALGO Kollektivs Epochen, Disziplinen und Kulturen zu neuen Konzerterlebnissen","breadcrumb":{"@id":"https:\/\/hidalgofestival.de\/en\/speaker\/toni-ming-geiger\/#breadcrumb"},"inLanguage":"en-US","potentialAction":[{"@type":"ReadAction","target":["https:\/\/hidalgofestival.de\/en\/speaker\/toni-ming-geiger\/"]}]},{"@type":"ImageObject","inLanguage":"en-US","@id":"https:\/\/hidalgofestival.de\/en\/speaker\/toni-ming-geiger\/#primaryimage","url":"https:\/\/hidalgofestival.de\/wp-content\/uploads\/2022\/01\/Bildschirmfoto-2022-05-24-um-14.53.48.png","contentUrl":"https:\/\/hidalgofestival.de\/wp-content\/uploads\/2022\/01\/Bildschirmfoto-2022-05-24-um-14.53.48.png","width":1468,"height":1098},{"@type":"BreadcrumbList","@id":"https:\/\/hidalgofestival.de\/en\/speaker\/toni-ming-geiger\/#breadcrumb","itemListElement":[{"@type":"ListItem","position":1,"name":"Startseite","item":"https:\/\/hidalgofestival.de\/en\/beispiel-seite\/"},{"@type":"ListItem","position":2,"name":"Speakers","item":"https:\/\/hidalgofestival.de\/en\/speaker\/"},{"@type":"ListItem","position":3,"name":"Toni Ming Geiger"}]},{"@type":"WebSite","@id":"https:\/\/hidalgofestival.de\/en\/#website","url":"https:\/\/hidalgofestival.de\/en\/","name":"HIDALGO","description":"Festival f\u00fcr Junge Klassik","potentialAction":[{"@type":"SearchAction","target":{"@type":"EntryPoint","urlTemplate":"https:\/\/hidalgofestival.de\/en\/?s={search_term_string}"},"query-input":{"@type":"PropertyValueSpecification","valueRequired":true,"valueName":"search_term_string"}}],"inLanguage":"en-US"}]}},"_links":{"self":[{"href":"https:\/\/hidalgofestival.de\/en\/wp-json\/wp\/v2\/speaker\/3647","targetHints":{"allow":["GET"]}}],"collection":[{"href":"https:\/\/hidalgofestival.de\/en\/wp-json\/wp\/v2\/speaker"}],"about":[{"href":"https:\/\/hidalgofestival.de\/en\/wp-json\/wp\/v2\/types\/speaker"}],"author":[{"embeddable":true,"href":"https:\/\/hidalgofestival.de\/en\/wp-json\/wp\/v2\/users\/2"}],"replies":[{"embeddable":true,"href":"https:\/\/hidalgofestival.de\/en\/wp-json\/wp\/v2\/comments?post=3647"}],"version-history":[{"count":7,"href":"https:\/\/hidalgofestival.de\/en\/wp-json\/wp\/v2\/speaker\/3647\/revisions"}],"predecessor-version":[{"id":4309,"href":"https:\/\/hidalgofestival.de\/en\/wp-json\/wp\/v2\/speaker\/3647\/revisions\/4309"}],"wp:featuredmedia":[{"embeddable":true,"href":"https:\/\/hidalgofestival.de\/en\/wp-json\/wp\/v2\/media\/3946"}],"wp:attachment":[{"href":"https:\/\/hidalgofestival.de\/en\/wp-json\/wp\/v2\/media?parent=3647"}],"wp:term":[{"taxonomy":"speaker-category","embeddable":true,"href":"https:\/\/hidalgofestival.de\/en\/wp-json\/wp\/v2\/speaker-category?post=3647"},{"taxonomy":"speaker-tags","embeddable":true,"href":"https:\/\/hidalgofestival.de\/en\/wp-json\/wp\/v2\/speaker-tags?post=3647"},{"taxonomy":"location","embeddable":true,"href":"https:\/\/hidalgofestival.de\/en\/wp-json\/wp\/v2\/location?post=3647"}],"curies":[{"name":"wp","href":"https:\/\/api.w.org\/{rel}","templated":true}]}}

<p><strong>Toni Ming Geiger – Piano &amp; Konzertdesign</strong></p>
<p>*1990 in München, verbindet in seiner Arbeit als Pianist Epochen, Disziplinen und Kulturen, um neue Konzerterlebnisse zu schaffen. Er studierte in Köln und Paris und lehrt an der HfMT Köln. Für seine Arbeit wurde er mit zahlreichen internationalen Preisen und Stipendien ausgezeichnet, u.a. vom Heidelberger Frühling, dem Carnegie Hall SongStudio und der Akademie Concerto21. Mehr Infos auf der <a href="http://www.toniminggeiger.com"><strong>eigenen Website</strong>.</a></p>
<p>&nbsp;</p>
<p>Foto: Lisa Notzke</p>

<p>Toni Ming Geiger – Piano &amp; Konzertdesign *1990 in München, verbindet in seiner Arbeit als Pianist Epochen, Disziplinen und Kulturen, um neue Konzerterlebnisse zu schaffen. Er studierte in Köln und Paris und lehrt an der HfMT Köln. Für seine Arbeit&#8230;</p>

<!-- This site is optimized with the Yoast SEO plugin v27.2 - https://yoast.com/product/yoast-seo-wordpress/ -->
<title>Toni Ming Geiger - Mitglied des HIDALGO Kollektivs</title>
<meta name="description" content="Toni Ming Geiger verbindet als Pianist und Mitglied des HIDALGO Kollektivs Epochen, Disziplinen und Kulturen zu neuen Konzerterlebnissen" />
<meta name="robots" content="index, follow, max-snippet:-1, max-image-preview:large, max-video-preview:-1" />
<link rel="canonical" href="https://hidalgofestival.de/en/speaker/toni-ming-geiger/" />
<meta property="og:locale" content="en_US" />
<meta property="og:type" content="article" />
<meta property="og:title" content="Toni Ming Geiger - Mitglied des HIDALGO Kollektivs" />
<meta property="og:description" content="Toni Ming Geiger verbindet als Pianist und Mitglied des HIDALGO Kollektivs Epochen, Disziplinen und Kulturen zu neuen Konzerterlebnissen" />
<meta property="og:url" content="https://hidalgofestival.de/en/speaker/toni-ming-geiger/" />
<meta property="og:site_name" content="HIDALGO" />
<meta property="article:modified_time" content="2025-09-09T10:20:28+00:00" />
<meta property="og:image" content="https://hidalgofestival.de/wp-content/uploads/2022/01/Bildschirmfoto-2022-05-24-um-14.53.48-1024x766.png" />
	<meta property="og:image:width" content="1024" />
	<meta property="og:image:height" content="766" />
	<meta property="og:image:type" content="image/png" />
<meta name="twitter:card" content="summary_large_image" />
<meta name="twitter:label1" content="Est. reading time" />
	<meta name="twitter:data1" content="1 minute" />
<script type="application/ld+json" class="yoast-schema-graph">{"@context":"https://schema.org","@graph":[{"@type":"WebPage","@id":"https://hidalgofestival.de/en/speaker/toni-ming-geiger/","url":"https://hidalgofestival.de/en/speaker/toni-ming-geiger/","name":"Toni Ming Geiger - Mitglied des HIDALGO Kollektivs","isPartOf":{"@id":"https://hidalgofestival.de/en/#website"},"primaryImageOfPage":{"@id":"https://hidalgofestival.de/en/speaker/toni-ming-geiger/#primaryimage"},"image":{"@id":"https://hidalgofestival.de/en/speaker/toni-ming-geiger/#primaryimage"},"thumbnailUrl":"https://hidalgofestival.de/wp-content/uploads/2022/01/Bildschirmfoto-2022-05-24-um-14.53.48.png","datePublished":"2022-01-29T00:50:28+00:00","dateModified":"2025-09-09T10:20:28+00:00","description":"Toni Ming Geiger verbindet als Pianist und Mitglied des HIDALGO Kollektivs Epochen, Disziplinen und Kulturen zu neuen Konzerterlebnissen","breadcrumb":{"@id":"https://hidalgofestival.de/en/speaker/toni-ming-geiger/#breadcrumb"},"inLanguage":"en-US","potentialAction":[{"@type":"ReadAction","target":["https://hidalgofestival.de/en/speaker/toni-ming-geiger/"]}]},{"@type":"ImageObject","inLanguage":"en-US","@id":"https://hidalgofestival.de/en/speaker/toni-ming-geiger/#primaryimage","url":"https://hidalgofestival.de/wp-content/uploads/2022/01/Bildschirmfoto-2022-05-24-um-14.53.48.png","contentUrl":"https://hidalgofestival.de/wp-content/uploads/2022/01/Bildschirmfoto-2022-05-24-um-14.53.48.png","width":1468,"height":1098},{"@type":"BreadcrumbList","@id":"https://hidalgofestival.de/en/speaker/toni-ming-geiger/#breadcrumb","itemListElement":[{"@type":"ListItem","position":1,"name":"Startseite","item":"https://hidalgofestival.de/en/beispiel-seite/"},{"@type":"ListItem","position":2,"name":"Speakers","item":"https://hidalgofestival.de/en/speaker/"},{"@type":"ListItem","position":3,"name":"Toni Ming Geiger"}]},{"@type":"WebSite","@id":"https://hidalgofestival.de/en/#website","url":"https://hidalgofestival.de/en/","name":"HIDALGO","description":"Festival für Junge Klassik","potentialAction":[{"@type":"SearchAction","target":{"@type":"EntryPoint","urlTemplate":"https://hidalgofestival.de/en/?s={search_term_string}"},"query-input":{"@type":"PropertyValueSpecification","valueRequired":true,"valueName":"search_term_string"}}],"inLanguage":"en-US"}]}</script>
<!-- / Yoast SEO plugin. -->

Festival für Junge Klassik
