{"id":3384,"date":"2021-09-04T14:04:06","date_gmt":"2021-09-04T12:04:06","guid":{"rendered":"https:\/\/hidalgofestival.de\/?post_type=speaker&#038;p=3384"},"modified":"2021-09-04T14:04:57","modified_gmt":"2021-09-04T12:04:57","slug":"johanna-ortner","status":"publish","type":"speaker","link":"https:\/\/hidalgofestival.de\/en\/speaker\/johanna-ortner\/","title":{"rendered":"Johanna Ortner"},"content":{"rendered":"<p><strong>Johanna Ortner \u2013 Regieassistenz<\/strong><\/p>\n<p>*1998 in K\u00e4rnten (\u00d6sterreich), ist seit 2017 als Regieassistentin beim Ensemble Porcia in ihrer Heimat t\u00e4tig. Sie assistierte und hospitierte au\u00dferdem an verschiedenen H\u00e4usern in Wien (Rabenhof Theater, Kunstspielerei) und Graz (Next Liberty).<\/p>\n<p>&nbsp;<\/p>\n<p>Foto: Greta Gasser<\/p>\n","protected":false},"excerpt":{"rendered":"<p>Johanna Ortner \u2013 Regieassistenz *1998 in K\u00e4rnten (\u00d6sterreich), ist seit 2017 als Regieassistentin beim Ensemble Porcia in ihrer Heimat t\u00e4tig. Sie assistierte und hospitierte au\u00dferdem an verschiedenen H\u00e4usern in Wien (Rabenhof Theater, Kunstspielerei) und Graz (Next Liberty). &nbsp; Foto: Greta&#8230;<\/p>\n","protected":false},"author":2,"featured_media":3385,"comment_status":"closed","ping_status":"closed","template":"","meta":{"footnotes":""},"speaker-category":[5,20],"speaker-tags":[],"location":[],"class_list":["post-3384","speaker","type-speaker","status-publish","has-post-thumbnail","hentry","speaker-category-artist","speaker-category-rape-culture"],"yoast_head":"<!-- This site is optimized with the Yoast SEO plugin v27.2 - https:\/\/yoast.com\/product\/yoast-seo-wordpress\/ -->\n<title>Johanna Ortner - HIDALGO<\/title>\n<meta name=\"robots\" content=\"index, follow, max-snippet:-1, max-image-preview:large, max-video-preview:-1\" \/>\n<link rel=\"canonical\" href=\"https:\/\/hidalgofestival.de\/en\/speaker\/johanna-ortner\/\" \/>\n<meta property=\"og:locale\" content=\"en_US\" \/>\n<meta property=\"og:type\" content=\"article\" \/>\n<meta property=\"og:title\" content=\"Johanna Ortner - HIDALGO\" \/>\n<meta property=\"og:description\" content=\"Johanna Ortner \u2013 Regieassistenz *1998 in K\u00e4rnten (\u00d6sterreich), ist seit 2017 als Regieassistentin beim Ensemble Porcia in ihrer Heimat t\u00e4tig. Sie assistierte und hospitierte au\u00dferdem an verschiedenen H\u00e4usern in Wien (Rabenhof Theater, Kunstspielerei) und Graz (Next Liberty). &nbsp; Foto: Greta...\" \/>\n<meta property=\"og:url\" content=\"https:\/\/hidalgofestival.de\/en\/speaker\/johanna-ortner\/\" \/>\n<meta property=\"og:site_name\" content=\"HIDALGO\" \/>\n<meta property=\"article:modified_time\" content=\"2021-09-04T12:04:57+00:00\" \/>\n<meta property=\"og:image\" content=\"https:\/\/hidalgofestival.de\/wp-content\/uploads\/2021\/09\/Johanna-Ortner-c-Greta-Gasser-scaled.jpg\" \/>\n\t<meta property=\"og:image:width\" content=\"1705\" \/>\n\t<meta property=\"og:image:height\" content=\"2560\" \/>\n\t<meta property=\"og:image:type\" content=\"image\/jpeg\" \/>\n<meta name=\"twitter:card\" content=\"summary_large_image\" \/>\n<meta name=\"twitter:label1\" content=\"Est. reading time\" \/>\n\t<meta name=\"twitter:data1\" content=\"1 minute\" \/>\n<script type=\"application\/ld+json\" class=\"yoast-schema-graph\">{\"@context\":\"https:\/\/schema.org\",\"@graph\":[{\"@type\":\"WebPage\",\"@id\":\"https:\/\/hidalgofestival.de\/en\/speaker\/johanna-ortner\/\",\"url\":\"https:\/\/hidalgofestival.de\/en\/speaker\/johanna-ortner\/\",\"name\":\"Johanna Ortner - HIDALGO\",\"isPartOf\":{\"@id\":\"https:\/\/hidalgofestival.de\/en\/#website\"},\"primaryImageOfPage\":{\"@id\":\"https:\/\/hidalgofestival.de\/en\/speaker\/johanna-ortner\/#primaryimage\"},\"image\":{\"@id\":\"https:\/\/hidalgofestival.de\/en\/speaker\/johanna-ortner\/#primaryimage\"},\"thumbnailUrl\":\"https:\/\/hidalgofestival.de\/wp-content\/uploads\/2021\/09\/Johanna-Ortner-c-Greta-Gasser-scaled.jpg\",\"datePublished\":\"2021-09-04T12:04:06+00:00\",\"dateModified\":\"2021-09-04T12:04:57+00:00\",\"breadcrumb\":{\"@id\":\"https:\/\/hidalgofestival.de\/en\/speaker\/johanna-ortner\/#breadcrumb\"},\"inLanguage\":\"en-US\",\"potentialAction\":[{\"@type\":\"ReadAction\",\"target\":[\"https:\/\/hidalgofestival.de\/en\/speaker\/johanna-ortner\/\"]}]},{\"@type\":\"ImageObject\",\"inLanguage\":\"en-US\",\"@id\":\"https:\/\/hidalgofestival.de\/en\/speaker\/johanna-ortner\/#primaryimage\",\"url\":\"https:\/\/hidalgofestival.de\/wp-content\/uploads\/2021\/09\/Johanna-Ortner-c-Greta-Gasser-scaled.jpg\",\"contentUrl\":\"https:\/\/hidalgofestival.de\/wp-content\/uploads\/2021\/09\/Johanna-Ortner-c-Greta-Gasser-scaled.jpg\",\"width\":1705,\"height\":2560},{\"@type\":\"BreadcrumbList\",\"@id\":\"https:\/\/hidalgofestival.de\/en\/speaker\/johanna-ortner\/#breadcrumb\",\"itemListElement\":[{\"@type\":\"ListItem\",\"position\":1,\"name\":\"Startseite\",\"item\":\"https:\/\/hidalgofestival.de\/en\/beispiel-seite\/\"},{\"@type\":\"ListItem\",\"position\":2,\"name\":\"Speakers\",\"item\":\"https:\/\/hidalgofestival.de\/en\/speaker\/\"},{\"@type\":\"ListItem\",\"position\":3,\"name\":\"Johanna Ortner\"}]},{\"@type\":\"WebSite\",\"@id\":\"https:\/\/hidalgofestival.de\/en\/#website\",\"url\":\"https:\/\/hidalgofestival.de\/en\/\",\"name\":\"HIDALGO\",\"description\":\"Festival f\u00fcr Junge Klassik\",\"potentialAction\":[{\"@type\":\"SearchAction\",\"target\":{\"@type\":\"EntryPoint\",\"urlTemplate\":\"https:\/\/hidalgofestival.de\/en\/?s={search_term_string}\"},\"query-input\":{\"@type\":\"PropertyValueSpecification\",\"valueRequired\":true,\"valueName\":\"search_term_string\"}}],\"inLanguage\":\"en-US\"}]}<\/script>\n<!-- \/ Yoast SEO plugin. -->","yoast_head_json":{"title":"Johanna Ortner - HIDALGO","robots":{"index":"index","follow":"follow","max-snippet":"max-snippet:-1","max-image-preview":"max-image-preview:large","max-video-preview":"max-video-preview:-1"},"canonical":"https:\/\/hidalgofestival.de\/en\/speaker\/johanna-ortner\/","og_locale":"en_US","og_type":"article","og_title":"Johanna Ortner - HIDALGO","og_description":"Johanna Ortner \u2013 Regieassistenz *1998 in K\u00e4rnten (\u00d6sterreich), ist seit 2017 als Regieassistentin beim Ensemble Porcia in ihrer Heimat t\u00e4tig. Sie assistierte und hospitierte au\u00dferdem an verschiedenen H\u00e4usern in Wien (Rabenhof Theater, Kunstspielerei) und Graz (Next Liberty). &nbsp; Foto: Greta...","og_url":"https:\/\/hidalgofestival.de\/en\/speaker\/johanna-ortner\/","og_site_name":"HIDALGO","article_modified_time":"2021-09-04T12:04:57+00:00","og_image":[{"width":1705,"height":2560,"url":"https:\/\/hidalgofestival.de\/wp-content\/uploads\/2021\/09\/Johanna-Ortner-c-Greta-Gasser-scaled.jpg","type":"image\/jpeg"}],"twitter_card":"summary_large_image","twitter_misc":{"Est. reading time":"1 minute"},"schema":{"@context":"https:\/\/schema.org","@graph":[{"@type":"WebPage","@id":"https:\/\/hidalgofestival.de\/en\/speaker\/johanna-ortner\/","url":"https:\/\/hidalgofestival.de\/en\/speaker\/johanna-ortner\/","name":"Johanna Ortner - HIDALGO","isPartOf":{"@id":"https:\/\/hidalgofestival.de\/en\/#website"},"primaryImageOfPage":{"@id":"https:\/\/hidalgofestival.de\/en\/speaker\/johanna-ortner\/#primaryimage"},"image":{"@id":"https:\/\/hidalgofestival.de\/en\/speaker\/johanna-ortner\/#primaryimage"},"thumbnailUrl":"https:\/\/hidalgofestival.de\/wp-content\/uploads\/2021\/09\/Johanna-Ortner-c-Greta-Gasser-scaled.jpg","datePublished":"2021-09-04T12:04:06+00:00","dateModified":"2021-09-04T12:04:57+00:00","breadcrumb":{"@id":"https:\/\/hidalgofestival.de\/en\/speaker\/johanna-ortner\/#breadcrumb"},"inLanguage":"en-US","potentialAction":[{"@type":"ReadAction","target":["https:\/\/hidalgofestival.de\/en\/speaker\/johanna-ortner\/"]}]},{"@type":"ImageObject","inLanguage":"en-US","@id":"https:\/\/hidalgofestival.de\/en\/speaker\/johanna-ortner\/#primaryimage","url":"https:\/\/hidalgofestival.de\/wp-content\/uploads\/2021\/09\/Johanna-Ortner-c-Greta-Gasser-scaled.jpg","contentUrl":"https:\/\/hidalgofestival.de\/wp-content\/uploads\/2021\/09\/Johanna-Ortner-c-Greta-Gasser-scaled.jpg","width":1705,"height":2560},{"@type":"BreadcrumbList","@id":"https:\/\/hidalgofestival.de\/en\/speaker\/johanna-ortner\/#breadcrumb","itemListElement":[{"@type":"ListItem","position":1,"name":"Startseite","item":"https:\/\/hidalgofestival.de\/en\/beispiel-seite\/"},{"@type":"ListItem","position":2,"name":"Speakers","item":"https:\/\/hidalgofestival.de\/en\/speaker\/"},{"@type":"ListItem","position":3,"name":"Johanna Ortner"}]},{"@type":"WebSite","@id":"https:\/\/hidalgofestival.de\/en\/#website","url":"https:\/\/hidalgofestival.de\/en\/","name":"HIDALGO","description":"Festival f\u00fcr Junge Klassik","potentialAction":[{"@type":"SearchAction","target":{"@type":"EntryPoint","urlTemplate":"https:\/\/hidalgofestival.de\/en\/?s={search_term_string}"},"query-input":{"@type":"PropertyValueSpecification","valueRequired":true,"valueName":"search_term_string"}}],"inLanguage":"en-US"}]}},"_links":{"self":[{"href":"https:\/\/hidalgofestival.de\/en\/wp-json\/wp\/v2\/speaker\/3384","targetHints":{"allow":["GET"]}}],"collection":[{"href":"https:\/\/hidalgofestival.de\/en\/wp-json\/wp\/v2\/speaker"}],"about":[{"href":"https:\/\/hidalgofestival.de\/en\/wp-json\/wp\/v2\/types\/speaker"}],"author":[{"embeddable":true,"href":"https:\/\/hidalgofestival.de\/en\/wp-json\/wp\/v2\/users\/2"}],"replies":[{"embeddable":true,"href":"https:\/\/hidalgofestival.de\/en\/wp-json\/wp\/v2\/comments?post=3384"}],"version-history":[{"count":1,"href":"https:\/\/hidalgofestival.de\/en\/wp-json\/wp\/v2\/speaker\/3384\/revisions"}],"predecessor-version":[{"id":3386,"href":"https:\/\/hidalgofestival.de\/en\/wp-json\/wp\/v2\/speaker\/3384\/revisions\/3386"}],"wp:featuredmedia":[{"embeddable":true,"href":"https:\/\/hidalgofestival.de\/en\/wp-json\/wp\/v2\/media\/3385"}],"wp:attachment":[{"href":"https:\/\/hidalgofestival.de\/en\/wp-json\/wp\/v2\/media?parent=3384"}],"wp:term":[{"taxonomy":"speaker-category","embeddable":true,"href":"https:\/\/hidalgofestival.de\/en\/wp-json\/wp\/v2\/speaker-category?post=3384"},{"taxonomy":"speaker-tags","embeddable":true,"href":"https:\/\/hidalgofestival.de\/en\/wp-json\/wp\/v2\/speaker-tags?post=3384"},{"taxonomy":"location","embeddable":true,"href":"https:\/\/hidalgofestival.de\/en\/wp-json\/wp\/v2\/location?post=3384"}],"curies":[{"name":"wp","href":"https:\/\/api.w.org\/{rel}","templated":true}]}}

<p><strong>Johanna Ortner – Regieassistenz</strong></p>
<p>*1998 in Kärnten (Österreich), ist seit 2017 als Regieassistentin beim Ensemble Porcia in ihrer Heimat tätig. Sie assistierte und hospitierte außerdem an verschiedenen Häusern in Wien (Rabenhof Theater, Kunstspielerei) und Graz (Next Liberty).</p>
<p>&nbsp;</p>
<p>Foto: Greta Gasser</p>

<p>Johanna Ortner – Regieassistenz *1998 in Kärnten (Österreich), ist seit 2017 als Regieassistentin beim Ensemble Porcia in ihrer Heimat tätig. Sie assistierte und hospitierte außerdem an verschiedenen Häusern in Wien (Rabenhof Theater, Kunstspielerei) und Graz (Next Liberty). &nbsp; Foto: Greta&#8230;</p>

<!-- This site is optimized with the Yoast SEO plugin v27.2 - https://yoast.com/product/yoast-seo-wordpress/ -->
<title>Johanna Ortner - HIDALGO</title>
<meta name="robots" content="index, follow, max-snippet:-1, max-image-preview:large, max-video-preview:-1" />
<link rel="canonical" href="https://hidalgofestival.de/en/speaker/johanna-ortner/" />
<meta property="og:locale" content="en_US" />
<meta property="og:type" content="article" />
<meta property="og:title" content="Johanna Ortner - HIDALGO" />
<meta property="og:description" content="Johanna Ortner – Regieassistenz *1998 in Kärnten (Österreich), ist seit 2017 als Regieassistentin beim Ensemble Porcia in ihrer Heimat tätig. Sie assistierte und hospitierte außerdem an verschiedenen Häusern in Wien (Rabenhof Theater, Kunstspielerei) und Graz (Next Liberty). &nbsp; Foto: Greta..." />
<meta property="og:url" content="https://hidalgofestival.de/en/speaker/johanna-ortner/" />
<meta property="og:site_name" content="HIDALGO" />
<meta property="article:modified_time" content="2021-09-04T12:04:57+00:00" />
<meta property="og:image" content="https://hidalgofestival.de/wp-content/uploads/2021/09/Johanna-Ortner-c-Greta-Gasser-scaled.jpg" />
	<meta property="og:image:width" content="1705" />
	<meta property="og:image:height" content="2560" />
	<meta property="og:image:type" content="image/jpeg" />
<meta name="twitter:card" content="summary_large_image" />
<meta name="twitter:label1" content="Est. reading time" />
	<meta name="twitter:data1" content="1 minute" />
<script type="application/ld+json" class="yoast-schema-graph">{"@context":"https://schema.org","@graph":[{"@type":"WebPage","@id":"https://hidalgofestival.de/en/speaker/johanna-ortner/","url":"https://hidalgofestival.de/en/speaker/johanna-ortner/","name":"Johanna Ortner - HIDALGO","isPartOf":{"@id":"https://hidalgofestival.de/en/#website"},"primaryImageOfPage":{"@id":"https://hidalgofestival.de/en/speaker/johanna-ortner/#primaryimage"},"image":{"@id":"https://hidalgofestival.de/en/speaker/johanna-ortner/#primaryimage"},"thumbnailUrl":"https://hidalgofestival.de/wp-content/uploads/2021/09/Johanna-Ortner-c-Greta-Gasser-scaled.jpg","datePublished":"2021-09-04T12:04:06+00:00","dateModified":"2021-09-04T12:04:57+00:00","breadcrumb":{"@id":"https://hidalgofestival.de/en/speaker/johanna-ortner/#breadcrumb"},"inLanguage":"en-US","potentialAction":[{"@type":"ReadAction","target":["https://hidalgofestival.de/en/speaker/johanna-ortner/"]}]},{"@type":"ImageObject","inLanguage":"en-US","@id":"https://hidalgofestival.de/en/speaker/johanna-ortner/#primaryimage","url":"https://hidalgofestival.de/wp-content/uploads/2021/09/Johanna-Ortner-c-Greta-Gasser-scaled.jpg","contentUrl":"https://hidalgofestival.de/wp-content/uploads/2021/09/Johanna-Ortner-c-Greta-Gasser-scaled.jpg","width":1705,"height":2560},{"@type":"BreadcrumbList","@id":"https://hidalgofestival.de/en/speaker/johanna-ortner/#breadcrumb","itemListElement":[{"@type":"ListItem","position":1,"name":"Startseite","item":"https://hidalgofestival.de/en/beispiel-seite/"},{"@type":"ListItem","position":2,"name":"Speakers","item":"https://hidalgofestival.de/en/speaker/"},{"@type":"ListItem","position":3,"name":"Johanna Ortner"}]},{"@type":"WebSite","@id":"https://hidalgofestival.de/en/#website","url":"https://hidalgofestival.de/en/","name":"HIDALGO","description":"Festival für Junge Klassik","potentialAction":[{"@type":"SearchAction","target":{"@type":"EntryPoint","urlTemplate":"https://hidalgofestival.de/en/?s={search_term_string}"},"query-input":{"@type":"PropertyValueSpecification","valueRequired":true,"valueName":"search_term_string"}}],"inLanguage":"en-US"}]}</script>
<!-- / Yoast SEO plugin. -->

Johanna Ortner – Regieassistenz *1998 in Kärnten (Österreich), ist seit 2017 als Regieassistentin beim Ensemble Porcia in ihrer Heimat tätig. Sie assistierte und hospitierte außerdem an verschiedenen Häusern in Wien (Rabenhof Theater, Kunstspielerei) und Graz (Next Liberty). &nbsp; Foto: Greta...

Festival für Junge Klassik
