{"id":11982,"date":"2026-04-22T16:21:27","date_gmt":"2026-04-22T14:21:27","guid":{"rendered":"https:\/\/hidalgofestival.de\/?post_type=speaker&#038;p=11982"},"modified":"2026-04-22T16:21:27","modified_gmt":"2026-04-22T14:21:27","slug":"jutta-stoesser","status":"publish","type":"speaker","link":"https:\/\/hidalgofestival.de\/en\/speaker\/jutta-stoesser\/","title":{"rendered":"Jutta St\u00f6\u00dfer"},"content":{"rendered":"<p><strong>Jutta St\u00f6\u00dfer &#8211; Sozialarbeiterin<\/strong><\/p>\n<p>*1961 in W\u00fcrzburg, ist Sozialarbeiterin und hat in ihrem Berufsleben in den Bereichen Frauenarbeit, Seniorenhilfe und unterst\u00fctzes Wohnen f\u00fcr psychotraumatisierte Frauen gearbeitet. Musik und vor allem der Gesang begleiten sie schon ihr ganzes Leben. Sie hat in W\u00fcrzburg und M\u00fcnchen in verschiedensten Ch\u00f6ren aller Genres gesungen.<\/p>\n<p>Foto: privat<br \/>\n(Stand: 2026)<\/p>\n<p>&nbsp;<\/p>\n","protected":false},"excerpt":{"rendered":"<p>Jutta St\u00f6\u00dfer &#8211; Sozialarbeiterin *1961 in W\u00fcrzburg, ist Sozialarbeiterin und hat in ihrem Berufsleben in den Bereichen Frauenarbeit, Seniorenhilfe und unterst\u00fctzes Wohnen f\u00fcr psychotraumatisierte Frauen gearbeitet. Musik und vor allem der Gesang begleiten sie schon ihr ganzes Leben. Sie hat&#8230;<\/p>\n","protected":false},"author":10,"featured_media":11985,"comment_status":"closed","ping_status":"closed","template":"","meta":{"footnotes":""},"speaker-category":[5,103,165],"speaker-tags":[170],"location":[],"class_list":["post-11982","speaker","type-speaker","status-publish","has-post-thumbnail","hentry","speaker-category-artist","speaker-category-4-werkstatt","speaker-category-chor-der-strawanzer","speaker-tags-sozialpaedagogik"],"yoast_head":"<!-- This site is optimized with the Yoast SEO plugin v27.2 - https:\/\/yoast.com\/product\/yoast-seo-wordpress\/ -->\n<title>Jutta St\u00f6\u00dfer - HIDALGO<\/title>\n<meta name=\"description\" content=\"Jutta Stoesser ist im HIDALGO Werkstatt Team und begleitet das Musikvermittlungsprojekt &quot;Chor der Strawanzer&quot; als Sozialarbeiterin.\" \/>\n<meta name=\"robots\" content=\"index, follow, max-snippet:-1, max-image-preview:large, max-video-preview:-1\" \/>\n<link rel=\"canonical\" href=\"https:\/\/hidalgofestival.de\/en\/speaker\/jutta-stoesser\/\" \/>\n<meta property=\"og:locale\" content=\"en_US\" \/>\n<meta property=\"og:type\" content=\"article\" \/>\n<meta property=\"og:title\" content=\"Jutta St\u00f6\u00dfer - HIDALGO\" \/>\n<meta property=\"og:description\" content=\"Jutta Stoesser ist im HIDALGO Werkstatt Team und begleitet das Musikvermittlungsprojekt &quot;Chor der Strawanzer&quot; als Sozialarbeiterin.\" \/>\n<meta property=\"og:url\" content=\"https:\/\/hidalgofestival.de\/en\/speaker\/jutta-stoesser\/\" \/>\n<meta property=\"og:site_name\" content=\"HIDALGO\" \/>\n<meta property=\"og:image\" content=\"https:\/\/hidalgofestival.de\/wp-content\/uploads\/2026\/04\/Jutta-Portrait-1.jpg.jpeg\" \/>\n\t<meta property=\"og:image:width\" content=\"1125\" \/>\n\t<meta property=\"og:image:height\" content=\"1243\" \/>\n\t<meta property=\"og:image:type\" content=\"image\/jpeg\" \/>\n<meta name=\"twitter:card\" content=\"summary_large_image\" \/>\n<meta name=\"twitter:label1\" content=\"Est. reading time\" \/>\n\t<meta name=\"twitter:data1\" content=\"1 minute\" \/>\n<script type=\"application\/ld+json\" class=\"yoast-schema-graph\">{\"@context\":\"https:\/\/schema.org\",\"@graph\":[{\"@type\":\"WebPage\",\"@id\":\"https:\/\/hidalgofestival.de\/en\/speaker\/jutta-stoesser\/\",\"url\":\"https:\/\/hidalgofestival.de\/en\/speaker\/jutta-stoesser\/\",\"name\":\"Jutta St\u00f6\u00dfer - HIDALGO\",\"isPartOf\":{\"@id\":\"https:\/\/hidalgofestival.de\/en\/#website\"},\"primaryImageOfPage\":{\"@id\":\"https:\/\/hidalgofestival.de\/en\/speaker\/jutta-stoesser\/#primaryimage\"},\"image\":{\"@id\":\"https:\/\/hidalgofestival.de\/en\/speaker\/jutta-stoesser\/#primaryimage\"},\"thumbnailUrl\":\"https:\/\/hidalgofestival.de\/wp-content\/uploads\/2026\/04\/Jutta-Portrait-1.jpg.jpeg\",\"datePublished\":\"2026-04-22T14:21:27+00:00\",\"description\":\"Jutta Stoesser ist im HIDALGO Werkstatt Team und begleitet das Musikvermittlungsprojekt \\\"Chor der Strawanzer\\\" als Sozialarbeiterin.\",\"breadcrumb\":{\"@id\":\"https:\/\/hidalgofestival.de\/en\/speaker\/jutta-stoesser\/#breadcrumb\"},\"inLanguage\":\"en-US\",\"potentialAction\":[{\"@type\":\"ReadAction\",\"target\":[\"https:\/\/hidalgofestival.de\/en\/speaker\/jutta-stoesser\/\"]}]},{\"@type\":\"ImageObject\",\"inLanguage\":\"en-US\",\"@id\":\"https:\/\/hidalgofestival.de\/en\/speaker\/jutta-stoesser\/#primaryimage\",\"url\":\"https:\/\/hidalgofestival.de\/wp-content\/uploads\/2026\/04\/Jutta-Portrait-1.jpg.jpeg\",\"contentUrl\":\"https:\/\/hidalgofestival.de\/wp-content\/uploads\/2026\/04\/Jutta-Portrait-1.jpg.jpeg\",\"width\":1125,\"height\":1243},{\"@type\":\"BreadcrumbList\",\"@id\":\"https:\/\/hidalgofestival.de\/en\/speaker\/jutta-stoesser\/#breadcrumb\",\"itemListElement\":[{\"@type\":\"ListItem\",\"position\":1,\"name\":\"Startseite\",\"item\":\"https:\/\/hidalgofestival.de\/en\/beispiel-seite\/\"},{\"@type\":\"ListItem\",\"position\":2,\"name\":\"Speakers\",\"item\":\"https:\/\/hidalgofestival.de\/en\/speaker\/\"},{\"@type\":\"ListItem\",\"position\":3,\"name\":\"Jutta St\u00f6\u00dfer\"}]},{\"@type\":\"WebSite\",\"@id\":\"https:\/\/hidalgofestival.de\/en\/#website\",\"url\":\"https:\/\/hidalgofestival.de\/en\/\",\"name\":\"HIDALGO\",\"description\":\"Festival f\u00fcr Junge Klassik\",\"potentialAction\":[{\"@type\":\"SearchAction\",\"target\":{\"@type\":\"EntryPoint\",\"urlTemplate\":\"https:\/\/hidalgofestival.de\/en\/?s={search_term_string}\"},\"query-input\":{\"@type\":\"PropertyValueSpecification\",\"valueRequired\":true,\"valueName\":\"search_term_string\"}}],\"inLanguage\":\"en-US\"}]}<\/script>\n<!-- \/ Yoast SEO plugin. -->","yoast_head_json":{"title":"Jutta St\u00f6\u00dfer - HIDALGO","description":"Jutta Stoesser ist im HIDALGO Werkstatt Team und begleitet das Musikvermittlungsprojekt \"Chor der Strawanzer\" als Sozialarbeiterin.","robots":{"index":"index","follow":"follow","max-snippet":"max-snippet:-1","max-image-preview":"max-image-preview:large","max-video-preview":"max-video-preview:-1"},"canonical":"https:\/\/hidalgofestival.de\/en\/speaker\/jutta-stoesser\/","og_locale":"en_US","og_type":"article","og_title":"Jutta St\u00f6\u00dfer - HIDALGO","og_description":"Jutta Stoesser ist im HIDALGO Werkstatt Team und begleitet das Musikvermittlungsprojekt \"Chor der Strawanzer\" als Sozialarbeiterin.","og_url":"https:\/\/hidalgofestival.de\/en\/speaker\/jutta-stoesser\/","og_site_name":"HIDALGO","og_image":[{"width":1125,"height":1243,"url":"https:\/\/hidalgofestival.de\/wp-content\/uploads\/2026\/04\/Jutta-Portrait-1.jpg.jpeg","type":"image\/jpeg"}],"twitter_card":"summary_large_image","twitter_misc":{"Est. reading time":"1 minute"},"schema":{"@context":"https:\/\/schema.org","@graph":[{"@type":"WebPage","@id":"https:\/\/hidalgofestival.de\/en\/speaker\/jutta-stoesser\/","url":"https:\/\/hidalgofestival.de\/en\/speaker\/jutta-stoesser\/","name":"Jutta St\u00f6\u00dfer - HIDALGO","isPartOf":{"@id":"https:\/\/hidalgofestival.de\/en\/#website"},"primaryImageOfPage":{"@id":"https:\/\/hidalgofestival.de\/en\/speaker\/jutta-stoesser\/#primaryimage"},"image":{"@id":"https:\/\/hidalgofestival.de\/en\/speaker\/jutta-stoesser\/#primaryimage"},"thumbnailUrl":"https:\/\/hidalgofestival.de\/wp-content\/uploads\/2026\/04\/Jutta-Portrait-1.jpg.jpeg","datePublished":"2026-04-22T14:21:27+00:00","description":"Jutta Stoesser ist im HIDALGO Werkstatt Team und begleitet das Musikvermittlungsprojekt \"Chor der Strawanzer\" als Sozialarbeiterin.","breadcrumb":{"@id":"https:\/\/hidalgofestival.de\/en\/speaker\/jutta-stoesser\/#breadcrumb"},"inLanguage":"en-US","potentialAction":[{"@type":"ReadAction","target":["https:\/\/hidalgofestival.de\/en\/speaker\/jutta-stoesser\/"]}]},{"@type":"ImageObject","inLanguage":"en-US","@id":"https:\/\/hidalgofestival.de\/en\/speaker\/jutta-stoesser\/#primaryimage","url":"https:\/\/hidalgofestival.de\/wp-content\/uploads\/2026\/04\/Jutta-Portrait-1.jpg.jpeg","contentUrl":"https:\/\/hidalgofestival.de\/wp-content\/uploads\/2026\/04\/Jutta-Portrait-1.jpg.jpeg","width":1125,"height":1243},{"@type":"BreadcrumbList","@id":"https:\/\/hidalgofestival.de\/en\/speaker\/jutta-stoesser\/#breadcrumb","itemListElement":[{"@type":"ListItem","position":1,"name":"Startseite","item":"https:\/\/hidalgofestival.de\/en\/beispiel-seite\/"},{"@type":"ListItem","position":2,"name":"Speakers","item":"https:\/\/hidalgofestival.de\/en\/speaker\/"},{"@type":"ListItem","position":3,"name":"Jutta St\u00f6\u00dfer"}]},{"@type":"WebSite","@id":"https:\/\/hidalgofestival.de\/en\/#website","url":"https:\/\/hidalgofestival.de\/en\/","name":"HIDALGO","description":"Festival f\u00fcr Junge Klassik","potentialAction":[{"@type":"SearchAction","target":{"@type":"EntryPoint","urlTemplate":"https:\/\/hidalgofestival.de\/en\/?s={search_term_string}"},"query-input":{"@type":"PropertyValueSpecification","valueRequired":true,"valueName":"search_term_string"}}],"inLanguage":"en-US"}]}},"_links":{"self":[{"href":"https:\/\/hidalgofestival.de\/en\/wp-json\/wp\/v2\/speaker\/11982","targetHints":{"allow":["GET"]}}],"collection":[{"href":"https:\/\/hidalgofestival.de\/en\/wp-json\/wp\/v2\/speaker"}],"about":[{"href":"https:\/\/hidalgofestival.de\/en\/wp-json\/wp\/v2\/types\/speaker"}],"author":[{"embeddable":true,"href":"https:\/\/hidalgofestival.de\/en\/wp-json\/wp\/v2\/users\/10"}],"replies":[{"embeddable":true,"href":"https:\/\/hidalgofestival.de\/en\/wp-json\/wp\/v2\/comments?post=11982"}],"version-history":[{"count":1,"href":"https:\/\/hidalgofestival.de\/en\/wp-json\/wp\/v2\/speaker\/11982\/revisions"}],"predecessor-version":[{"id":11984,"href":"https:\/\/hidalgofestival.de\/en\/wp-json\/wp\/v2\/speaker\/11982\/revisions\/11984"}],"wp:featuredmedia":[{"embeddable":true,"href":"https:\/\/hidalgofestival.de\/en\/wp-json\/wp\/v2\/media\/11985"}],"wp:attachment":[{"href":"https:\/\/hidalgofestival.de\/en\/wp-json\/wp\/v2\/media?parent=11982"}],"wp:term":[{"taxonomy":"speaker-category","embeddable":true,"href":"https:\/\/hidalgofestival.de\/en\/wp-json\/wp\/v2\/speaker-category?post=11982"},{"taxonomy":"speaker-tags","embeddable":true,"href":"https:\/\/hidalgofestival.de\/en\/wp-json\/wp\/v2\/speaker-tags?post=11982"},{"taxonomy":"location","embeddable":true,"href":"https:\/\/hidalgofestival.de\/en\/wp-json\/wp\/v2\/location?post=11982"}],"curies":[{"name":"wp","href":"https:\/\/api.w.org\/{rel}","templated":true}]}}

Jutta Stößer

<p><strong>Jutta Stößer &#8211; Sozialarbeiterin</strong></p>
<p>*1961 in Würzburg, ist Sozialarbeiterin und hat in ihrem Berufsleben in den Bereichen Frauenarbeit, Seniorenhilfe und unterstützes Wohnen für psychotraumatisierte Frauen gearbeitet. Musik und vor allem der Gesang begleiten sie schon ihr ganzes Leben. Sie hat in Würzburg und München in verschiedensten Chören aller Genres gesungen.</p>
<p>Foto: privat<br />
(Stand: 2026)</p>
<p>&nbsp;</p>

<p>Jutta Stößer &#8211; Sozialarbeiterin *1961 in Würzburg, ist Sozialarbeiterin und hat in ihrem Berufsleben in den Bereichen Frauenarbeit, Seniorenhilfe und unterstützes Wohnen für psychotraumatisierte Frauen gearbeitet. Musik und vor allem der Gesang begleiten sie schon ihr ganzes Leben. Sie hat&#8230;</p>

<!-- This site is optimized with the Yoast SEO plugin v27.2 - https://yoast.com/product/yoast-seo-wordpress/ -->
<title>Jutta Stößer - HIDALGO</title>
<meta name="description" content="Jutta Stoesser ist im HIDALGO Werkstatt Team und begleitet das Musikvermittlungsprojekt &quot;Chor der Strawanzer&quot; als Sozialarbeiterin." />
<meta name="robots" content="index, follow, max-snippet:-1, max-image-preview:large, max-video-preview:-1" />
<link rel="canonical" href="https://hidalgofestival.de/en/speaker/jutta-stoesser/" />
<meta property="og:locale" content="en_US" />
<meta property="og:type" content="article" />
<meta property="og:title" content="Jutta Stößer - HIDALGO" />
<meta property="og:description" content="Jutta Stoesser ist im HIDALGO Werkstatt Team und begleitet das Musikvermittlungsprojekt &quot;Chor der Strawanzer&quot; als Sozialarbeiterin." />
<meta property="og:url" content="https://hidalgofestival.de/en/speaker/jutta-stoesser/" />
<meta property="og:site_name" content="HIDALGO" />
<meta property="og:image" content="https://hidalgofestival.de/wp-content/uploads/2026/04/Jutta-Portrait-1.jpg.jpeg" />
	<meta property="og:image:width" content="1125" />
	<meta property="og:image:height" content="1243" />
	<meta property="og:image:type" content="image/jpeg" />
<meta name="twitter:card" content="summary_large_image" />
<meta name="twitter:label1" content="Est. reading time" />
	<meta name="twitter:data1" content="1 minute" />
<script type="application/ld+json" class="yoast-schema-graph">{"@context":"https://schema.org","@graph":[{"@type":"WebPage","@id":"https://hidalgofestival.de/en/speaker/jutta-stoesser/","url":"https://hidalgofestival.de/en/speaker/jutta-stoesser/","name":"Jutta Stößer - HIDALGO","isPartOf":{"@id":"https://hidalgofestival.de/en/#website"},"primaryImageOfPage":{"@id":"https://hidalgofestival.de/en/speaker/jutta-stoesser/#primaryimage"},"image":{"@id":"https://hidalgofestival.de/en/speaker/jutta-stoesser/#primaryimage"},"thumbnailUrl":"https://hidalgofestival.de/wp-content/uploads/2026/04/Jutta-Portrait-1.jpg.jpeg","datePublished":"2026-04-22T14:21:27+00:00","description":"Jutta Stoesser ist im HIDALGO Werkstatt Team und begleitet das Musikvermittlungsprojekt \"Chor der Strawanzer\" als Sozialarbeiterin.","breadcrumb":{"@id":"https://hidalgofestival.de/en/speaker/jutta-stoesser/#breadcrumb"},"inLanguage":"en-US","potentialAction":[{"@type":"ReadAction","target":["https://hidalgofestival.de/en/speaker/jutta-stoesser/"]}]},{"@type":"ImageObject","inLanguage":"en-US","@id":"https://hidalgofestival.de/en/speaker/jutta-stoesser/#primaryimage","url":"https://hidalgofestival.de/wp-content/uploads/2026/04/Jutta-Portrait-1.jpg.jpeg","contentUrl":"https://hidalgofestival.de/wp-content/uploads/2026/04/Jutta-Portrait-1.jpg.jpeg","width":1125,"height":1243},{"@type":"BreadcrumbList","@id":"https://hidalgofestival.de/en/speaker/jutta-stoesser/#breadcrumb","itemListElement":[{"@type":"ListItem","position":1,"name":"Startseite","item":"https://hidalgofestival.de/en/beispiel-seite/"},{"@type":"ListItem","position":2,"name":"Speakers","item":"https://hidalgofestival.de/en/speaker/"},{"@type":"ListItem","position":3,"name":"Jutta Stößer"}]},{"@type":"WebSite","@id":"https://hidalgofestival.de/en/#website","url":"https://hidalgofestival.de/en/","name":"HIDALGO","description":"Festival für Junge Klassik","potentialAction":[{"@type":"SearchAction","target":{"@type":"EntryPoint","urlTemplate":"https://hidalgofestival.de/en/?s={search_term_string}"},"query-input":{"@type":"PropertyValueSpecification","valueRequired":true,"valueName":"search_term_string"}}],"inLanguage":"en-US"}]}</script>
<!-- / Yoast SEO plugin. -->

Jutta Stößer - HIDALGO

Festival für Junge Klassik
