{"id":10822,"date":"2025-09-09T11:31:35","date_gmt":"2025-09-09T09:31:35","guid":{"rendered":"https:\/\/hidalgofestival.de\/?post_type=speaker&#038;p=10822"},"modified":"2025-09-09T11:31:35","modified_gmt":"2025-09-09T09:31:35","slug":"bella-adamova","status":"publish","type":"speaker","link":"https:\/\/hidalgofestival.de\/en\/speaker\/bella-adamova\/","title":{"rendered":"Bella Adamova"},"content":{"rendered":"<p><strong>Bella Adamova \u2013 Mezzosopran<\/strong><\/p>\n<p>Mit einer \u201eStimme, die scheinbar alles kann\u201c, gesegnet mit einem \u201ewarmen, \u00fcppigen Timbre\u201c (Classica), \u201eanders, sofort erkennbar und au\u00dfergew\u00f6hnlich\u201c (Aktualne.cz), und deren \u201eInterpretation ein faszinierendes Kaleidoskop stimmlicher Ausdrucksm\u00f6glichkeiten pr\u00e4sentiert\u201c (Opera Plus), erstreckt sich das k\u00fcnstlerische Engagement der Mezzosopranistin Bella Adamova auf Konzert- und Opernb\u00fchnen mit nat\u00fcrlicher Leichtigkeit \u00fcber verschiedene Musikepochen, Genres und Kulturen vom Barock bis zur Gegenwart, wobei ihr Schwerpunkt auf dem Kunstliedrepertoire liegt, das sie in tiefgr\u00fcndigen und durchdachten Recital-Programmen pr\u00e4sentiert.<\/p>\n<p>Sie hat zwei von Kritikern hochgelobte Alben mit dem Pianisten Michael Gees ver\u00f6ffentlicht \u2013 \u201eBlooming\u201c (2019) und \u201eThere is Home\u201c (2023), das sich mit dem Konzept der Suche nach und Definition des Gef\u00fchls von Heimat befasst, anhand von Liedern von Pavel Haas, Benjamin Britten, Gustav Mahler und Modest Mussorgsky, die frei miteinander verwoben und organisch mit Improvisationen zu ausgew\u00e4hlten Gedichten durchsetzt sind.<\/p>\n<p>In der Saison 2025\/26 tritt Bella Adamova mit der Mitteldeutschen Kammerphilharmonie auf einer Konzerttournee mit Marion von Tilzers \u201eDer Brief der Vilma Grunwald\u201c durch Deutschland auf, singt Brahms, Griegs \u201eHaugtussa\u201c und Dvo\u0159\u00e1k-Lieder in einem Recital mit Kate\u0159ina Kn\u011b\u017e\u00edkov\u00e1 beim Dvo\u0159\u00e1kova Praha Festival und wird Alma Mahlers \u201eSieben Lieder\u201c mit dem Tiroler Symphonieorchester Innsbruck auff\u00fchren und mit dem Phion Orchestra und Chefdirigent Alexei Ogrintchouk in Mahlers \u201eDes Knaben Wunderhorn\u201c durch die Niederlande touren. Sie wird Artist-in-Residence bei den Antwerp Symphony sein, Berios Sequenza und den kaleidoskopischen Liederzyklus The Blue Hour von f\u00fcnf f\u00fchrenden Komponistinnen singen, kehrt in Rusalka an die Prager Staatsoper zur\u00fcck, tritt beim Hidalgo Festival in M\u00fcnchen auf und singt Mahlers Kindertotenlieder und Martin\u016fs Kantate Mariken de Nim\u00e8gue mit dem Prager Symphonieorchester.<\/p>\n<p>&nbsp;<\/p>\n<p>Foto: Celina Friedrichs<br \/>\n(Stand: 2025)<\/p>\n","protected":false},"excerpt":{"rendered":"<p>Bella Adamova \u2013 Mezzosopran Mit einer \u201eStimme, die scheinbar alles kann\u201c, gesegnet mit einem \u201ewarmen, \u00fcppigen Timbre\u201c (Classica), \u201eanders, sofort erkennbar und au\u00dfergew\u00f6hnlich\u201c (Aktualne.cz), und deren \u201eInterpretation ein faszinierendes Kaleidoskop stimmlicher Ausdrucksm\u00f6glichkeiten pr\u00e4sentiert\u201c (Opera Plus), erstreckt sich das k\u00fcnstlerische Engagement&#8230;<\/p>\n","protected":false},"author":4,"featured_media":10823,"comment_status":"closed","ping_status":"closed","template":"","meta":{"footnotes":""},"speaker-category":[5,163,153],"speaker-tags":[],"location":[],"class_list":["post-10822","speaker","type-speaker","status-publish","has-post-thumbnail","hentry","speaker-category-artist","speaker-category-2025-wildtrieb","speaker-category-festival-2025"],"yoast_head":"<!-- This site is optimized with the Yoast SEO plugin v27.2 - https:\/\/yoast.com\/product\/yoast-seo-wordpress\/ -->\n<title>Bella Adamova - HIDALGO<\/title>\n<meta name=\"description\" content=\"Die Mezzosopranistin Bella Adamova nimmt an dem Event WILDTRIEB am 17. und 18. Oktober 2025 des HIDALGO Festivals teil.\" \/>\n<meta name=\"robots\" content=\"index, follow, max-snippet:-1, max-image-preview:large, max-video-preview:-1\" \/>\n<link rel=\"canonical\" href=\"https:\/\/hidalgofestival.de\/en\/speaker\/bella-adamova\/\" \/>\n<meta property=\"og:locale\" content=\"en_US\" \/>\n<meta property=\"og:type\" content=\"article\" \/>\n<meta property=\"og:title\" content=\"Bella Adamova - HIDALGO\" \/>\n<meta property=\"og:description\" content=\"Die Mezzosopranistin Bella Adamova nimmt an dem Event WILDTRIEB am 17. und 18. Oktober 2025 des HIDALGO Festivals teil.\" \/>\n<meta property=\"og:url\" content=\"https:\/\/hidalgofestival.de\/en\/speaker\/bella-adamova\/\" \/>\n<meta property=\"og:site_name\" content=\"HIDALGO\" \/>\n<meta property=\"og:image\" content=\"https:\/\/hidalgofestival.de\/wp-content\/uploads\/2025\/09\/Bella-Adamova-c-Celina-Friedrichs-F800A409-scaled.jpg\" \/>\n\t<meta property=\"og:image:width\" content=\"2560\" \/>\n\t<meta property=\"og:image:height\" content=\"1707\" \/>\n\t<meta property=\"og:image:type\" content=\"image\/jpeg\" \/>\n<meta name=\"twitter:card\" content=\"summary_large_image\" \/>\n<meta name=\"twitter:label1\" content=\"Est. reading time\" \/>\n\t<meta name=\"twitter:data1\" content=\"2 minutes\" \/>\n<script type=\"application\/ld+json\" class=\"yoast-schema-graph\">{\"@context\":\"https:\/\/schema.org\",\"@graph\":[{\"@type\":\"WebPage\",\"@id\":\"https:\/\/hidalgofestival.de\/en\/speaker\/bella-adamova\/\",\"url\":\"https:\/\/hidalgofestival.de\/en\/speaker\/bella-adamova\/\",\"name\":\"Bella Adamova - HIDALGO\",\"isPartOf\":{\"@id\":\"https:\/\/hidalgofestival.de\/en\/#website\"},\"primaryImageOfPage\":{\"@id\":\"https:\/\/hidalgofestival.de\/en\/speaker\/bella-adamova\/#primaryimage\"},\"image\":{\"@id\":\"https:\/\/hidalgofestival.de\/en\/speaker\/bella-adamova\/#primaryimage\"},\"thumbnailUrl\":\"https:\/\/hidalgofestival.de\/wp-content\/uploads\/2025\/09\/Bella-Adamova-c-Celina-Friedrichs-F800A409-scaled.jpg\",\"datePublished\":\"2025-09-09T09:31:35+00:00\",\"description\":\"Die Mezzosopranistin Bella Adamova nimmt an dem Event WILDTRIEB am 17. und 18. Oktober 2025 des HIDALGO Festivals teil.\",\"breadcrumb\":{\"@id\":\"https:\/\/hidalgofestival.de\/en\/speaker\/bella-adamova\/#breadcrumb\"},\"inLanguage\":\"en-US\",\"potentialAction\":[{\"@type\":\"ReadAction\",\"target\":[\"https:\/\/hidalgofestival.de\/en\/speaker\/bella-adamova\/\"]}]},{\"@type\":\"ImageObject\",\"inLanguage\":\"en-US\",\"@id\":\"https:\/\/hidalgofestival.de\/en\/speaker\/bella-adamova\/#primaryimage\",\"url\":\"https:\/\/hidalgofestival.de\/wp-content\/uploads\/2025\/09\/Bella-Adamova-c-Celina-Friedrichs-F800A409-scaled.jpg\",\"contentUrl\":\"https:\/\/hidalgofestival.de\/wp-content\/uploads\/2025\/09\/Bella-Adamova-c-Celina-Friedrichs-F800A409-scaled.jpg\",\"width\":2560,\"height\":1707},{\"@type\":\"BreadcrumbList\",\"@id\":\"https:\/\/hidalgofestival.de\/en\/speaker\/bella-adamova\/#breadcrumb\",\"itemListElement\":[{\"@type\":\"ListItem\",\"position\":1,\"name\":\"Startseite\",\"item\":\"https:\/\/hidalgofestival.de\/en\/beispiel-seite\/\"},{\"@type\":\"ListItem\",\"position\":2,\"name\":\"Speakers\",\"item\":\"https:\/\/hidalgofestival.de\/en\/speaker\/\"},{\"@type\":\"ListItem\",\"position\":3,\"name\":\"Bella Adamova\"}]},{\"@type\":\"WebSite\",\"@id\":\"https:\/\/hidalgofestival.de\/en\/#website\",\"url\":\"https:\/\/hidalgofestival.de\/en\/\",\"name\":\"HIDALGO\",\"description\":\"Festival f\u00fcr Junge Klassik\",\"potentialAction\":[{\"@type\":\"SearchAction\",\"target\":{\"@type\":\"EntryPoint\",\"urlTemplate\":\"https:\/\/hidalgofestival.de\/en\/?s={search_term_string}\"},\"query-input\":{\"@type\":\"PropertyValueSpecification\",\"valueRequired\":true,\"valueName\":\"search_term_string\"}}],\"inLanguage\":\"en-US\"}]}<\/script>\n<!-- \/ Yoast SEO plugin. -->","yoast_head_json":{"title":"Bella Adamova - HIDALGO","description":"Die Mezzosopranistin Bella Adamova nimmt an dem Event WILDTRIEB am 17. und 18. Oktober 2025 des HIDALGO Festivals teil.","robots":{"index":"index","follow":"follow","max-snippet":"max-snippet:-1","max-image-preview":"max-image-preview:large","max-video-preview":"max-video-preview:-1"},"canonical":"https:\/\/hidalgofestival.de\/en\/speaker\/bella-adamova\/","og_locale":"en_US","og_type":"article","og_title":"Bella Adamova - HIDALGO","og_description":"Die Mezzosopranistin Bella Adamova nimmt an dem Event WILDTRIEB am 17. und 18. Oktober 2025 des HIDALGO Festivals teil.","og_url":"https:\/\/hidalgofestival.de\/en\/speaker\/bella-adamova\/","og_site_name":"HIDALGO","og_image":[{"width":2560,"height":1707,"url":"https:\/\/hidalgofestival.de\/wp-content\/uploads\/2025\/09\/Bella-Adamova-c-Celina-Friedrichs-F800A409-scaled.jpg","type":"image\/jpeg"}],"twitter_card":"summary_large_image","twitter_misc":{"Est. reading time":"2 minutes"},"schema":{"@context":"https:\/\/schema.org","@graph":[{"@type":"WebPage","@id":"https:\/\/hidalgofestival.de\/en\/speaker\/bella-adamova\/","url":"https:\/\/hidalgofestival.de\/en\/speaker\/bella-adamova\/","name":"Bella Adamova - HIDALGO","isPartOf":{"@id":"https:\/\/hidalgofestival.de\/en\/#website"},"primaryImageOfPage":{"@id":"https:\/\/hidalgofestival.de\/en\/speaker\/bella-adamova\/#primaryimage"},"image":{"@id":"https:\/\/hidalgofestival.de\/en\/speaker\/bella-adamova\/#primaryimage"},"thumbnailUrl":"https:\/\/hidalgofestival.de\/wp-content\/uploads\/2025\/09\/Bella-Adamova-c-Celina-Friedrichs-F800A409-scaled.jpg","datePublished":"2025-09-09T09:31:35+00:00","description":"Die Mezzosopranistin Bella Adamova nimmt an dem Event WILDTRIEB am 17. und 18. Oktober 2025 des HIDALGO Festivals teil.","breadcrumb":{"@id":"https:\/\/hidalgofestival.de\/en\/speaker\/bella-adamova\/#breadcrumb"},"inLanguage":"en-US","potentialAction":[{"@type":"ReadAction","target":["https:\/\/hidalgofestival.de\/en\/speaker\/bella-adamova\/"]}]},{"@type":"ImageObject","inLanguage":"en-US","@id":"https:\/\/hidalgofestival.de\/en\/speaker\/bella-adamova\/#primaryimage","url":"https:\/\/hidalgofestival.de\/wp-content\/uploads\/2025\/09\/Bella-Adamova-c-Celina-Friedrichs-F800A409-scaled.jpg","contentUrl":"https:\/\/hidalgofestival.de\/wp-content\/uploads\/2025\/09\/Bella-Adamova-c-Celina-Friedrichs-F800A409-scaled.jpg","width":2560,"height":1707},{"@type":"BreadcrumbList","@id":"https:\/\/hidalgofestival.de\/en\/speaker\/bella-adamova\/#breadcrumb","itemListElement":[{"@type":"ListItem","position":1,"name":"Startseite","item":"https:\/\/hidalgofestival.de\/en\/beispiel-seite\/"},{"@type":"ListItem","position":2,"name":"Speakers","item":"https:\/\/hidalgofestival.de\/en\/speaker\/"},{"@type":"ListItem","position":3,"name":"Bella Adamova"}]},{"@type":"WebSite","@id":"https:\/\/hidalgofestival.de\/en\/#website","url":"https:\/\/hidalgofestival.de\/en\/","name":"HIDALGO","description":"Festival f\u00fcr Junge Klassik","potentialAction":[{"@type":"SearchAction","target":{"@type":"EntryPoint","urlTemplate":"https:\/\/hidalgofestival.de\/en\/?s={search_term_string}"},"query-input":{"@type":"PropertyValueSpecification","valueRequired":true,"valueName":"search_term_string"}}],"inLanguage":"en-US"}]}},"_links":{"self":[{"href":"https:\/\/hidalgofestival.de\/en\/wp-json\/wp\/v2\/speaker\/10822","targetHints":{"allow":["GET"]}}],"collection":[{"href":"https:\/\/hidalgofestival.de\/en\/wp-json\/wp\/v2\/speaker"}],"about":[{"href":"https:\/\/hidalgofestival.de\/en\/wp-json\/wp\/v2\/types\/speaker"}],"author":[{"embeddable":true,"href":"https:\/\/hidalgofestival.de\/en\/wp-json\/wp\/v2\/users\/4"}],"replies":[{"embeddable":true,"href":"https:\/\/hidalgofestival.de\/en\/wp-json\/wp\/v2\/comments?post=10822"}],"version-history":[{"count":1,"href":"https:\/\/hidalgofestival.de\/en\/wp-json\/wp\/v2\/speaker\/10822\/revisions"}],"predecessor-version":[{"id":10825,"href":"https:\/\/hidalgofestival.de\/en\/wp-json\/wp\/v2\/speaker\/10822\/revisions\/10825"}],"wp:featuredmedia":[{"embeddable":true,"href":"https:\/\/hidalgofestival.de\/en\/wp-json\/wp\/v2\/media\/10823"}],"wp:attachment":[{"href":"https:\/\/hidalgofestival.de\/en\/wp-json\/wp\/v2\/media?parent=10822"}],"wp:term":[{"taxonomy":"speaker-category","embeddable":true,"href":"https:\/\/hidalgofestival.de\/en\/wp-json\/wp\/v2\/speaker-category?post=10822"},{"taxonomy":"speaker-tags","embeddable":true,"href":"https:\/\/hidalgofestival.de\/en\/wp-json\/wp\/v2\/speaker-tags?post=10822"},{"taxonomy":"location","embeddable":true,"href":"https:\/\/hidalgofestival.de\/en\/wp-json\/wp\/v2\/location?post=10822"}],"curies":[{"name":"wp","href":"https:\/\/api.w.org\/{rel}","templated":true}]}}

<p><strong>Bella Adamova – Mezzosopran</strong></p>
<p>Mit einer „Stimme, die scheinbar alles kann“, gesegnet mit einem „warmen, üppigen Timbre“ (Classica), „anders, sofort erkennbar und außergewöhnlich“ (Aktualne.cz), und deren „Interpretation ein faszinierendes Kaleidoskop stimmlicher Ausdrucksmöglichkeiten präsentiert“ (Opera Plus), erstreckt sich das künstlerische Engagement der Mezzosopranistin Bella Adamova auf Konzert- und Opernbühnen mit natürlicher Leichtigkeit über verschiedene Musikepochen, Genres und Kulturen vom Barock bis zur Gegenwart, wobei ihr Schwerpunkt auf dem Kunstliedrepertoire liegt, das sie in tiefgründigen und durchdachten Recital-Programmen präsentiert.</p>
<p>Sie hat zwei von Kritikern hochgelobte Alben mit dem Pianisten Michael Gees veröffentlicht – „Blooming“ (2019) und „There is Home“ (2023), das sich mit dem Konzept der Suche nach und Definition des Gefühls von Heimat befasst, anhand von Liedern von Pavel Haas, Benjamin Britten, Gustav Mahler und Modest Mussorgsky, die frei miteinander verwoben und organisch mit Improvisationen zu ausgewählten Gedichten durchsetzt sind.</p>
<p>In der Saison 2025/26 tritt Bella Adamova mit der Mitteldeutschen Kammerphilharmonie auf einer Konzerttournee mit Marion von Tilzers „Der Brief der Vilma Grunwald“ durch Deutschland auf, singt Brahms, Griegs „Haugtussa“ und Dvořák-Lieder in einem Recital mit Kateřina Kněžíková beim Dvořákova Praha Festival und wird Alma Mahlers „Sieben Lieder“ mit dem Tiroler Symphonieorchester Innsbruck aufführen und mit dem Phion Orchestra und Chefdirigent Alexei Ogrintchouk in Mahlers „Des Knaben Wunderhorn“ durch die Niederlande touren. Sie wird Artist-in-Residence bei den Antwerp Symphony sein, Berios Sequenza und den kaleidoskopischen Liederzyklus The Blue Hour von fünf führenden Komponistinnen singen, kehrt in Rusalka an die Prager Staatsoper zurück, tritt beim Hidalgo Festival in München auf und singt Mahlers Kindertotenlieder und Martinůs Kantate Mariken de Nimègue mit dem Prager Symphonieorchester.</p>
<p>&nbsp;</p>
<p>Foto: Celina Friedrichs<br />
(Stand: 2025)</p>

<p>Bella Adamova – Mezzosopran Mit einer „Stimme, die scheinbar alles kann“, gesegnet mit einem „warmen, üppigen Timbre“ (Classica), „anders, sofort erkennbar und außergewöhnlich“ (Aktualne.cz), und deren „Interpretation ein faszinierendes Kaleidoskop stimmlicher Ausdrucksmöglichkeiten präsentiert“ (Opera Plus), erstreckt sich das künstlerische Engagement&#8230;</p>

<!-- This site is optimized with the Yoast SEO plugin v27.2 - https://yoast.com/product/yoast-seo-wordpress/ -->
<title>Bella Adamova - HIDALGO</title>
<meta name="description" content="Die Mezzosopranistin Bella Adamova nimmt an dem Event WILDTRIEB am 17. und 18. Oktober 2025 des HIDALGO Festivals teil." />
<meta name="robots" content="index, follow, max-snippet:-1, max-image-preview:large, max-video-preview:-1" />
<link rel="canonical" href="https://hidalgofestival.de/en/speaker/bella-adamova/" />
<meta property="og:locale" content="en_US" />
<meta property="og:type" content="article" />
<meta property="og:title" content="Bella Adamova - HIDALGO" />
<meta property="og:description" content="Die Mezzosopranistin Bella Adamova nimmt an dem Event WILDTRIEB am 17. und 18. Oktober 2025 des HIDALGO Festivals teil." />
<meta property="og:url" content="https://hidalgofestival.de/en/speaker/bella-adamova/" />
<meta property="og:site_name" content="HIDALGO" />
<meta property="og:image" content="https://hidalgofestival.de/wp-content/uploads/2025/09/Bella-Adamova-c-Celina-Friedrichs-F800A409-scaled.jpg" />
	<meta property="og:image:width" content="2560" />
	<meta property="og:image:height" content="1707" />
	<meta property="og:image:type" content="image/jpeg" />
<meta name="twitter:card" content="summary_large_image" />
<meta name="twitter:label1" content="Est. reading time" />
	<meta name="twitter:data1" content="2 minutes" />
<script type="application/ld+json" class="yoast-schema-graph">{"@context":"https://schema.org","@graph":[{"@type":"WebPage","@id":"https://hidalgofestival.de/en/speaker/bella-adamova/","url":"https://hidalgofestival.de/en/speaker/bella-adamova/","name":"Bella Adamova - HIDALGO","isPartOf":{"@id":"https://hidalgofestival.de/en/#website"},"primaryImageOfPage":{"@id":"https://hidalgofestival.de/en/speaker/bella-adamova/#primaryimage"},"image":{"@id":"https://hidalgofestival.de/en/speaker/bella-adamova/#primaryimage"},"thumbnailUrl":"https://hidalgofestival.de/wp-content/uploads/2025/09/Bella-Adamova-c-Celina-Friedrichs-F800A409-scaled.jpg","datePublished":"2025-09-09T09:31:35+00:00","description":"Die Mezzosopranistin Bella Adamova nimmt an dem Event WILDTRIEB am 17. und 18. Oktober 2025 des HIDALGO Festivals teil.","breadcrumb":{"@id":"https://hidalgofestival.de/en/speaker/bella-adamova/#breadcrumb"},"inLanguage":"en-US","potentialAction":[{"@type":"ReadAction","target":["https://hidalgofestival.de/en/speaker/bella-adamova/"]}]},{"@type":"ImageObject","inLanguage":"en-US","@id":"https://hidalgofestival.de/en/speaker/bella-adamova/#primaryimage","url":"https://hidalgofestival.de/wp-content/uploads/2025/09/Bella-Adamova-c-Celina-Friedrichs-F800A409-scaled.jpg","contentUrl":"https://hidalgofestival.de/wp-content/uploads/2025/09/Bella-Adamova-c-Celina-Friedrichs-F800A409-scaled.jpg","width":2560,"height":1707},{"@type":"BreadcrumbList","@id":"https://hidalgofestival.de/en/speaker/bella-adamova/#breadcrumb","itemListElement":[{"@type":"ListItem","position":1,"name":"Startseite","item":"https://hidalgofestival.de/en/beispiel-seite/"},{"@type":"ListItem","position":2,"name":"Speakers","item":"https://hidalgofestival.de/en/speaker/"},{"@type":"ListItem","position":3,"name":"Bella Adamova"}]},{"@type":"WebSite","@id":"https://hidalgofestival.de/en/#website","url":"https://hidalgofestival.de/en/","name":"HIDALGO","description":"Festival für Junge Klassik","potentialAction":[{"@type":"SearchAction","target":{"@type":"EntryPoint","urlTemplate":"https://hidalgofestival.de/en/?s={search_term_string}"},"query-input":{"@type":"PropertyValueSpecification","valueRequired":true,"valueName":"search_term_string"}}],"inLanguage":"en-US"}]}</script>
<!-- / Yoast SEO plugin. -->

Festival für Junge Klassik
