{"id":10558,"date":"2025-08-26T13:32:22","date_gmt":"2025-08-26T11:32:22","guid":{"rendered":"https:\/\/hidalgofestival.de\/?post_type=speaker&#038;p=10558"},"modified":"2025-08-26T13:32:22","modified_gmt":"2025-08-26T11:32:22","slug":"daniel-scheffels","status":"publish","type":"speaker","link":"https:\/\/hidalgofestival.de\/en\/speaker\/daniel-scheffels\/","title":{"rendered":"Daniel Scheffels"},"content":{"rendered":"<p><strong>Daniel Scheffels \u2013 Schlagzeug<\/strong><\/p>\n<p><span class=\"TextRun SCXW219052611 BCX4\" lang=\"DE-DE\" xml:lang=\"DE-DE\" data-contrast=\"auto\"><span class=\"NormalTextRun SCXW219052611 BCX4\">hat sich als Schlagzeuger, Komponist und Produzent in verschiedenen <\/span><span class=\"NormalTextRun SCXW219052611 BCX4\">Besetzungen<\/span><span class=\"NormalTextRun SCXW219052611 BCX4\"> und Genres etabliert. Als Schlagzeuger spielte er <\/span><span class=\"NormalTextRun SCXW219052611 BCX4\">u.a.<\/span><span class=\"NormalTextRun SCXW219052611 BCX4\"> mit K.I.Z., Tarek K.I.Z., Ralph Heidel, Simon Popp und <\/span><span class=\"NormalTextRun SCXW219052611 BCX4\">Enji<\/span><span class=\"NormalTextRun SCXW219052611 BCX4\">. Als Komponist hat er bereits f\u00fcr sein eigenes Sextett (zeitgen\u00f6ssischer Jazz) geschrieben und als Produzent arbeitete er <\/span><span class=\"NormalTextRun SCXW219052611 BCX4\">u.a. <\/span><span class=\"NormalTextRun SCXW219052611 BCX4\">mit <\/span><span class=\"NormalTextRun SCXW219052611 BCX4\">Enik<\/span><span class=\"NormalTextRun SCXW219052611 BCX4\">, <\/span><span class=\"NormalTextRun SCXW219052611 BCX4\">Beifer<\/span><span class=\"NormalTextRun SCXW219052611 BCX4\"> und <\/span><span class=\"NormalTextRun SCXW219052611 BCX4\">Monojo<\/span><span class=\"NormalTextRun SCXW219052611 BCX4\"> zusammen. Als Kind erhielt er Klavierunterricht von seinen Eltern und probierte sich schon fr\u00fch auch an anderen Instrumenten wie Gitarre und Schlagzeug. Sp\u00e4ter, w\u00e4hrend seines Studiums an der Hochschule f\u00fcr Musik und Darstellende Kunst in M\u00fcnchen, besch\u00e4ftigte sich Scheffels neben seinem Hauptfach Schlagzeug intensiv mit Musikproduktion, Komposition und anderen Instrumenten.<\/span><\/span><span class=\"EOP SCXW219052611 BCX4\" data-ccp-props=\"{}\">\u00a0<\/span><\/p>\n<p>Foto: Stef Zins<br \/>\n(Stand: 2025)<\/p>\n","protected":false},"excerpt":{"rendered":"<p>Daniel Scheffels \u2013 Schlagzeug hat sich als Schlagzeuger, Komponist und Produzent in verschiedenen Besetzungen und Genres etabliert. Als Schlagzeuger spielte er u.a. mit K.I.Z., Tarek K.I.Z., Ralph Heidel, Simon Popp und Enji. Als Komponist hat er bereits f\u00fcr sein eigenes&#8230;<\/p>\n","protected":false},"author":4,"featured_media":10559,"comment_status":"closed","ping_status":"closed","template":"","meta":{"footnotes":""},"speaker-category":[5,148,153],"speaker-tags":[],"location":[],"class_list":["post-10558","speaker","type-speaker","status-publish","has-post-thumbnail","hentry","speaker-category-artist","speaker-category-25_tempel","speaker-category-festival-2025"],"yoast_head":"<!-- This site is optimized with the Yoast SEO plugin v27.2 - https:\/\/yoast.com\/product\/yoast-seo-wordpress\/ -->\n<title>Daniel Scheffels - HIDALGO<\/title>\n<meta name=\"description\" content=\"Der Schlagzeuger Daniel Scheffels nimmt an dem Event DER EWIGE TON am 24. Oktober 2025 des HIDALGO Festivals teil.\" \/>\n<meta name=\"robots\" content=\"index, follow, max-snippet:-1, max-image-preview:large, max-video-preview:-1\" \/>\n<link rel=\"canonical\" href=\"https:\/\/hidalgofestival.de\/en\/speaker\/daniel-scheffels\/\" \/>\n<meta property=\"og:locale\" content=\"en_US\" \/>\n<meta property=\"og:type\" content=\"article\" \/>\n<meta property=\"og:title\" content=\"Daniel Scheffels - HIDALGO\" \/>\n<meta property=\"og:description\" content=\"Der Schlagzeuger Daniel Scheffels nimmt an dem Event DER EWIGE TON am 24. Oktober 2025 des HIDALGO Festivals teil.\" \/>\n<meta property=\"og:url\" content=\"https:\/\/hidalgofestival.de\/en\/speaker\/daniel-scheffels\/\" \/>\n<meta property=\"og:site_name\" content=\"HIDALGO\" \/>\n<meta property=\"og:image\" content=\"https:\/\/hidalgofestival.de\/wp-content\/uploads\/2025\/08\/Daniel-Scheffels-\u00a9Stef-Zins-scaled.jpg\" \/>\n\t<meta property=\"og:image:width\" content=\"2560\" \/>\n\t<meta property=\"og:image:height\" content=\"1707\" \/>\n\t<meta property=\"og:image:type\" content=\"image\/jpeg\" \/>\n<meta name=\"twitter:card\" content=\"summary_large_image\" \/>\n<meta name=\"twitter:label1\" content=\"Est. reading time\" \/>\n\t<meta name=\"twitter:data1\" content=\"1 minute\" \/>\n<script type=\"application\/ld+json\" class=\"yoast-schema-graph\">{\"@context\":\"https:\/\/schema.org\",\"@graph\":[{\"@type\":\"WebPage\",\"@id\":\"https:\/\/hidalgofestival.de\/en\/speaker\/daniel-scheffels\/\",\"url\":\"https:\/\/hidalgofestival.de\/en\/speaker\/daniel-scheffels\/\",\"name\":\"Daniel Scheffels - HIDALGO\",\"isPartOf\":{\"@id\":\"https:\/\/hidalgofestival.de\/en\/#website\"},\"primaryImageOfPage\":{\"@id\":\"https:\/\/hidalgofestival.de\/en\/speaker\/daniel-scheffels\/#primaryimage\"},\"image\":{\"@id\":\"https:\/\/hidalgofestival.de\/en\/speaker\/daniel-scheffels\/#primaryimage\"},\"thumbnailUrl\":\"https:\/\/hidalgofestival.de\/wp-content\/uploads\/2025\/08\/Daniel-Scheffels-\u00a9Stef-Zins-scaled.jpg\",\"datePublished\":\"2025-08-26T11:32:22+00:00\",\"description\":\"Der Schlagzeuger Daniel Scheffels nimmt an dem Event DER EWIGE TON am 24. Oktober 2025 des HIDALGO Festivals teil.\",\"breadcrumb\":{\"@id\":\"https:\/\/hidalgofestival.de\/en\/speaker\/daniel-scheffels\/#breadcrumb\"},\"inLanguage\":\"en-US\",\"potentialAction\":[{\"@type\":\"ReadAction\",\"target\":[\"https:\/\/hidalgofestival.de\/en\/speaker\/daniel-scheffels\/\"]}]},{\"@type\":\"ImageObject\",\"inLanguage\":\"en-US\",\"@id\":\"https:\/\/hidalgofestival.de\/en\/speaker\/daniel-scheffels\/#primaryimage\",\"url\":\"https:\/\/hidalgofestival.de\/wp-content\/uploads\/2025\/08\/Daniel-Scheffels-\u00a9Stef-Zins-scaled.jpg\",\"contentUrl\":\"https:\/\/hidalgofestival.de\/wp-content\/uploads\/2025\/08\/Daniel-Scheffels-\u00a9Stef-Zins-scaled.jpg\",\"width\":2560,\"height\":1707},{\"@type\":\"BreadcrumbList\",\"@id\":\"https:\/\/hidalgofestival.de\/en\/speaker\/daniel-scheffels\/#breadcrumb\",\"itemListElement\":[{\"@type\":\"ListItem\",\"position\":1,\"name\":\"Startseite\",\"item\":\"https:\/\/hidalgofestival.de\/en\/beispiel-seite\/\"},{\"@type\":\"ListItem\",\"position\":2,\"name\":\"Speakers\",\"item\":\"https:\/\/hidalgofestival.de\/en\/speaker\/\"},{\"@type\":\"ListItem\",\"position\":3,\"name\":\"Daniel Scheffels\"}]},{\"@type\":\"WebSite\",\"@id\":\"https:\/\/hidalgofestival.de\/en\/#website\",\"url\":\"https:\/\/hidalgofestival.de\/en\/\",\"name\":\"HIDALGO\",\"description\":\"Festival f\u00fcr Junge Klassik\",\"potentialAction\":[{\"@type\":\"SearchAction\",\"target\":{\"@type\":\"EntryPoint\",\"urlTemplate\":\"https:\/\/hidalgofestival.de\/en\/?s={search_term_string}\"},\"query-input\":{\"@type\":\"PropertyValueSpecification\",\"valueRequired\":true,\"valueName\":\"search_term_string\"}}],\"inLanguage\":\"en-US\"}]}<\/script>\n<!-- \/ Yoast SEO plugin. -->","yoast_head_json":{"title":"Daniel Scheffels - HIDALGO","description":"Der Schlagzeuger Daniel Scheffels nimmt an dem Event DER EWIGE TON am 24. Oktober 2025 des HIDALGO Festivals teil.","robots":{"index":"index","follow":"follow","max-snippet":"max-snippet:-1","max-image-preview":"max-image-preview:large","max-video-preview":"max-video-preview:-1"},"canonical":"https:\/\/hidalgofestival.de\/en\/speaker\/daniel-scheffels\/","og_locale":"en_US","og_type":"article","og_title":"Daniel Scheffels - HIDALGO","og_description":"Der Schlagzeuger Daniel Scheffels nimmt an dem Event DER EWIGE TON am 24. Oktober 2025 des HIDALGO Festivals teil.","og_url":"https:\/\/hidalgofestival.de\/en\/speaker\/daniel-scheffels\/","og_site_name":"HIDALGO","og_image":[{"width":2560,"height":1707,"url":"https:\/\/hidalgofestival.de\/wp-content\/uploads\/2025\/08\/Daniel-Scheffels-\u00a9Stef-Zins-scaled.jpg","type":"image\/jpeg"}],"twitter_card":"summary_large_image","twitter_misc":{"Est. reading time":"1 minute"},"schema":{"@context":"https:\/\/schema.org","@graph":[{"@type":"WebPage","@id":"https:\/\/hidalgofestival.de\/en\/speaker\/daniel-scheffels\/","url":"https:\/\/hidalgofestival.de\/en\/speaker\/daniel-scheffels\/","name":"Daniel Scheffels - HIDALGO","isPartOf":{"@id":"https:\/\/hidalgofestival.de\/en\/#website"},"primaryImageOfPage":{"@id":"https:\/\/hidalgofestival.de\/en\/speaker\/daniel-scheffels\/#primaryimage"},"image":{"@id":"https:\/\/hidalgofestival.de\/en\/speaker\/daniel-scheffels\/#primaryimage"},"thumbnailUrl":"https:\/\/hidalgofestival.de\/wp-content\/uploads\/2025\/08\/Daniel-Scheffels-\u00a9Stef-Zins-scaled.jpg","datePublished":"2025-08-26T11:32:22+00:00","description":"Der Schlagzeuger Daniel Scheffels nimmt an dem Event DER EWIGE TON am 24. Oktober 2025 des HIDALGO Festivals teil.","breadcrumb":{"@id":"https:\/\/hidalgofestival.de\/en\/speaker\/daniel-scheffels\/#breadcrumb"},"inLanguage":"en-US","potentialAction":[{"@type":"ReadAction","target":["https:\/\/hidalgofestival.de\/en\/speaker\/daniel-scheffels\/"]}]},{"@type":"ImageObject","inLanguage":"en-US","@id":"https:\/\/hidalgofestival.de\/en\/speaker\/daniel-scheffels\/#primaryimage","url":"https:\/\/hidalgofestival.de\/wp-content\/uploads\/2025\/08\/Daniel-Scheffels-\u00a9Stef-Zins-scaled.jpg","contentUrl":"https:\/\/hidalgofestival.de\/wp-content\/uploads\/2025\/08\/Daniel-Scheffels-\u00a9Stef-Zins-scaled.jpg","width":2560,"height":1707},{"@type":"BreadcrumbList","@id":"https:\/\/hidalgofestival.de\/en\/speaker\/daniel-scheffels\/#breadcrumb","itemListElement":[{"@type":"ListItem","position":1,"name":"Startseite","item":"https:\/\/hidalgofestival.de\/en\/beispiel-seite\/"},{"@type":"ListItem","position":2,"name":"Speakers","item":"https:\/\/hidalgofestival.de\/en\/speaker\/"},{"@type":"ListItem","position":3,"name":"Daniel Scheffels"}]},{"@type":"WebSite","@id":"https:\/\/hidalgofestival.de\/en\/#website","url":"https:\/\/hidalgofestival.de\/en\/","name":"HIDALGO","description":"Festival f\u00fcr Junge Klassik","potentialAction":[{"@type":"SearchAction","target":{"@type":"EntryPoint","urlTemplate":"https:\/\/hidalgofestival.de\/en\/?s={search_term_string}"},"query-input":{"@type":"PropertyValueSpecification","valueRequired":true,"valueName":"search_term_string"}}],"inLanguage":"en-US"}]}},"_links":{"self":[{"href":"https:\/\/hidalgofestival.de\/en\/wp-json\/wp\/v2\/speaker\/10558","targetHints":{"allow":["GET"]}}],"collection":[{"href":"https:\/\/hidalgofestival.de\/en\/wp-json\/wp\/v2\/speaker"}],"about":[{"href":"https:\/\/hidalgofestival.de\/en\/wp-json\/wp\/v2\/types\/speaker"}],"author":[{"embeddable":true,"href":"https:\/\/hidalgofestival.de\/en\/wp-json\/wp\/v2\/users\/4"}],"replies":[{"embeddable":true,"href":"https:\/\/hidalgofestival.de\/en\/wp-json\/wp\/v2\/comments?post=10558"}],"version-history":[{"count":1,"href":"https:\/\/hidalgofestival.de\/en\/wp-json\/wp\/v2\/speaker\/10558\/revisions"}],"predecessor-version":[{"id":10561,"href":"https:\/\/hidalgofestival.de\/en\/wp-json\/wp\/v2\/speaker\/10558\/revisions\/10561"}],"wp:featuredmedia":[{"embeddable":true,"href":"https:\/\/hidalgofestival.de\/en\/wp-json\/wp\/v2\/media\/10559"}],"wp:attachment":[{"href":"https:\/\/hidalgofestival.de\/en\/wp-json\/wp\/v2\/media?parent=10558"}],"wp:term":[{"taxonomy":"speaker-category","embeddable":true,"href":"https:\/\/hidalgofestival.de\/en\/wp-json\/wp\/v2\/speaker-category?post=10558"},{"taxonomy":"speaker-tags","embeddable":true,"href":"https:\/\/hidalgofestival.de\/en\/wp-json\/wp\/v2\/speaker-tags?post=10558"},{"taxonomy":"location","embeddable":true,"href":"https:\/\/hidalgofestival.de\/en\/wp-json\/wp\/v2\/location?post=10558"}],"curies":[{"name":"wp","href":"https:\/\/api.w.org\/{rel}","templated":true}]}}

<p><strong>Daniel Scheffels – Schlagzeug</strong></p>
<p><span class="TextRun SCXW219052611 BCX4" lang="DE-DE" xml:lang="DE-DE" data-contrast="auto"><span class="NormalTextRun SCXW219052611 BCX4">hat sich als Schlagzeuger, Komponist und Produzent in verschiedenen </span><span class="NormalTextRun SCXW219052611 BCX4">Besetzungen</span><span class="NormalTextRun SCXW219052611 BCX4"> und Genres etabliert. Als Schlagzeuger spielte er </span><span class="NormalTextRun SCXW219052611 BCX4">u.a.</span><span class="NormalTextRun SCXW219052611 BCX4"> mit K.I.Z., Tarek K.I.Z., Ralph Heidel, Simon Popp und </span><span class="NormalTextRun SCXW219052611 BCX4">Enji</span><span class="NormalTextRun SCXW219052611 BCX4">. Als Komponist hat er bereits für sein eigenes Sextett (zeitgenössischer Jazz) geschrieben und als Produzent arbeitete er </span><span class="NormalTextRun SCXW219052611 BCX4">u.a. </span><span class="NormalTextRun SCXW219052611 BCX4">mit </span><span class="NormalTextRun SCXW219052611 BCX4">Enik</span><span class="NormalTextRun SCXW219052611 BCX4">, </span><span class="NormalTextRun SCXW219052611 BCX4">Beifer</span><span class="NormalTextRun SCXW219052611 BCX4"> und </span><span class="NormalTextRun SCXW219052611 BCX4">Monojo</span><span class="NormalTextRun SCXW219052611 BCX4"> zusammen. Als Kind erhielt er Klavierunterricht von seinen Eltern und probierte sich schon früh auch an anderen Instrumenten wie Gitarre und Schlagzeug. Später, während seines Studiums an der Hochschule für Musik und Darstellende Kunst in München, beschäftigte sich Scheffels neben seinem Hauptfach Schlagzeug intensiv mit Musikproduktion, Komposition und anderen Instrumenten.</span></span><span class="EOP SCXW219052611 BCX4" data-ccp-props="{}"> </span></p>
<p>Foto: Stef Zins<br />
(Stand: 2025)</p>

<p>Daniel Scheffels – Schlagzeug hat sich als Schlagzeuger, Komponist und Produzent in verschiedenen Besetzungen und Genres etabliert. Als Schlagzeuger spielte er u.a. mit K.I.Z., Tarek K.I.Z., Ralph Heidel, Simon Popp und Enji. Als Komponist hat er bereits für sein eigenes&#8230;</p>

<!-- This site is optimized with the Yoast SEO plugin v27.2 - https://yoast.com/product/yoast-seo-wordpress/ -->
<title>Daniel Scheffels - HIDALGO</title>
<meta name="description" content="Der Schlagzeuger Daniel Scheffels nimmt an dem Event DER EWIGE TON am 24. Oktober 2025 des HIDALGO Festivals teil." />
<meta name="robots" content="index, follow, max-snippet:-1, max-image-preview:large, max-video-preview:-1" />
<link rel="canonical" href="https://hidalgofestival.de/en/speaker/daniel-scheffels/" />
<meta property="og:locale" content="en_US" />
<meta property="og:type" content="article" />
<meta property="og:title" content="Daniel Scheffels - HIDALGO" />
<meta property="og:description" content="Der Schlagzeuger Daniel Scheffels nimmt an dem Event DER EWIGE TON am 24. Oktober 2025 des HIDALGO Festivals teil." />
<meta property="og:url" content="https://hidalgofestival.de/en/speaker/daniel-scheffels/" />
<meta property="og:site_name" content="HIDALGO" />
<meta property="og:image" content="https://hidalgofestival.de/wp-content/uploads/2025/08/Daniel-Scheffels-©Stef-Zins-scaled.jpg" />
	<meta property="og:image:width" content="2560" />
	<meta property="og:image:height" content="1707" />
	<meta property="og:image:type" content="image/jpeg" />
<meta name="twitter:card" content="summary_large_image" />
<meta name="twitter:label1" content="Est. reading time" />
	<meta name="twitter:data1" content="1 minute" />
<script type="application/ld+json" class="yoast-schema-graph">{"@context":"https://schema.org","@graph":[{"@type":"WebPage","@id":"https://hidalgofestival.de/en/speaker/daniel-scheffels/","url":"https://hidalgofestival.de/en/speaker/daniel-scheffels/","name":"Daniel Scheffels - HIDALGO","isPartOf":{"@id":"https://hidalgofestival.de/en/#website"},"primaryImageOfPage":{"@id":"https://hidalgofestival.de/en/speaker/daniel-scheffels/#primaryimage"},"image":{"@id":"https://hidalgofestival.de/en/speaker/daniel-scheffels/#primaryimage"},"thumbnailUrl":"https://hidalgofestival.de/wp-content/uploads/2025/08/Daniel-Scheffels-©Stef-Zins-scaled.jpg","datePublished":"2025-08-26T11:32:22+00:00","description":"Der Schlagzeuger Daniel Scheffels nimmt an dem Event DER EWIGE TON am 24. Oktober 2025 des HIDALGO Festivals teil.","breadcrumb":{"@id":"https://hidalgofestival.de/en/speaker/daniel-scheffels/#breadcrumb"},"inLanguage":"en-US","potentialAction":[{"@type":"ReadAction","target":["https://hidalgofestival.de/en/speaker/daniel-scheffels/"]}]},{"@type":"ImageObject","inLanguage":"en-US","@id":"https://hidalgofestival.de/en/speaker/daniel-scheffels/#primaryimage","url":"https://hidalgofestival.de/wp-content/uploads/2025/08/Daniel-Scheffels-©Stef-Zins-scaled.jpg","contentUrl":"https://hidalgofestival.de/wp-content/uploads/2025/08/Daniel-Scheffels-©Stef-Zins-scaled.jpg","width":2560,"height":1707},{"@type":"BreadcrumbList","@id":"https://hidalgofestival.de/en/speaker/daniel-scheffels/#breadcrumb","itemListElement":[{"@type":"ListItem","position":1,"name":"Startseite","item":"https://hidalgofestival.de/en/beispiel-seite/"},{"@type":"ListItem","position":2,"name":"Speakers","item":"https://hidalgofestival.de/en/speaker/"},{"@type":"ListItem","position":3,"name":"Daniel Scheffels"}]},{"@type":"WebSite","@id":"https://hidalgofestival.de/en/#website","url":"https://hidalgofestival.de/en/","name":"HIDALGO","description":"Festival für Junge Klassik","potentialAction":[{"@type":"SearchAction","target":{"@type":"EntryPoint","urlTemplate":"https://hidalgofestival.de/en/?s={search_term_string}"},"query-input":{"@type":"PropertyValueSpecification","valueRequired":true,"valueName":"search_term_string"}}],"inLanguage":"en-US"}]}</script>
<!-- / Yoast SEO plugin. -->

Festival für Junge Klassik
