{"id":10362,"date":"2025-08-18T14:57:58","date_gmt":"2025-08-18T12:57:58","guid":{"rendered":"https:\/\/hidalgofestival.de\/?post_type=speaker&#038;p=10362"},"modified":"2025-08-18T16:31:57","modified_gmt":"2025-08-18T14:31:57","slug":"katharina-bierweiler","status":"publish","type":"speaker","link":"https:\/\/hidalgofestival.de\/en\/speaker\/katharina-bierweiler\/","title":{"rendered":"Katharina Bierweiler"},"content":{"rendered":"<p><strong>Katharina Bierweiler \u2013 Mezzosopran<\/strong><\/p>\n<p>*2004, studiert bei Prof. Libor an der HfM Karlsruhe BA Gesang. Sie ist Stipendiatin der Heidelberger Fr\u00fchling Liedakademie 24\/25. 2025 gewann sie den 1. Preis der C. Wood Song Competition Armagh, 2024 den 3. F\u00f6rderpreis beim 53. BWG Berlin. Zu h\u00f6ren war sie u. a. als Flora (\u201cTurn of the Screw&#8221;, Benjamin Britten) im Th\u00e9\u00e2tre La Monnaie, Br\u00fcssel.<\/p>\n<p>Foto: Annemone Taake<br \/>\n(Stand: 2025)<\/p>\n","protected":false},"excerpt":{"rendered":"<p>Katharina Bierweiler \u2013 Mezzosopran *2004, studiert bei Prof. Libor an der HfM Karlsruhe BA Gesang. Sie ist Stipendiatin der Heidelberger Fr\u00fchling Liedakademie 24\/25. 2025 gewann sie den 1. Preis der C. Wood Song Competition Armagh, 2024 den 3. F\u00f6rderpreis beim&#8230;<\/p>\n","protected":false},"author":10,"featured_media":10363,"comment_status":"closed","ping_status":"closed","template":"","meta":{"footnotes":""},"speaker-category":[5,153,158],"speaker-tags":[],"location":[],"class_list":["post-10362","speaker","type-speaker","status-publish","has-post-thumbnail","hentry","speaker-category-artist","speaker-category-festival-2025","speaker-category-sas25ld6"],"yoast_head":"<!-- This site is optimized with the Yoast SEO plugin v27.2 - https:\/\/yoast.com\/product\/yoast-seo-wordpress\/ -->\n<title>Katharina Bierweiler - HIDALGO<\/title>\n<meta name=\"description\" content=\"Die S\u00e4ngerin und Preistr\u00e4gerin Katharina Bierweiler nimmt an dem Event STREET ART SONG am 6. September 2025 des HIDALGO Festivals teil.\" \/>\n<meta name=\"robots\" content=\"index, follow, max-snippet:-1, max-image-preview:large, max-video-preview:-1\" \/>\n<link rel=\"canonical\" href=\"https:\/\/hidalgofestival.de\/en\/speaker\/katharina-bierweiler\/\" \/>\n<meta property=\"og:locale\" content=\"en_US\" \/>\n<meta property=\"og:type\" content=\"article\" \/>\n<meta property=\"og:title\" content=\"Katharina Bierweiler - HIDALGO\" \/>\n<meta property=\"og:description\" content=\"Die S\u00e4ngerin und Preistr\u00e4gerin Katharina Bierweiler nimmt an dem Event STREET ART SONG am 6. September 2025 des HIDALGO Festivals teil.\" \/>\n<meta property=\"og:url\" content=\"https:\/\/hidalgofestival.de\/en\/speaker\/katharina-bierweiler\/\" \/>\n<meta property=\"og:site_name\" content=\"HIDALGO\" \/>\n<meta property=\"article:modified_time\" content=\"2025-08-18T14:31:57+00:00\" \/>\n<meta property=\"og:image\" content=\"https:\/\/hidalgofestival.de\/wp-content\/uploads\/2025\/08\/IMG_3819-scaled.jpeg\" \/>\n\t<meta property=\"og:image:width\" content=\"1749\" \/>\n\t<meta property=\"og:image:height\" content=\"2560\" \/>\n\t<meta property=\"og:image:type\" content=\"image\/jpeg\" \/>\n<meta name=\"twitter:card\" content=\"summary_large_image\" \/>\n<meta name=\"twitter:label1\" content=\"Est. reading time\" \/>\n\t<meta name=\"twitter:data1\" content=\"1 minute\" \/>\n<script type=\"application\/ld+json\" class=\"yoast-schema-graph\">{\"@context\":\"https:\/\/schema.org\",\"@graph\":[{\"@type\":\"WebPage\",\"@id\":\"https:\/\/hidalgofestival.de\/en\/speaker\/katharina-bierweiler\/\",\"url\":\"https:\/\/hidalgofestival.de\/en\/speaker\/katharina-bierweiler\/\",\"name\":\"Katharina Bierweiler - HIDALGO\",\"isPartOf\":{\"@id\":\"https:\/\/hidalgofestival.de\/en\/#website\"},\"primaryImageOfPage\":{\"@id\":\"https:\/\/hidalgofestival.de\/en\/speaker\/katharina-bierweiler\/#primaryimage\"},\"image\":{\"@id\":\"https:\/\/hidalgofestival.de\/en\/speaker\/katharina-bierweiler\/#primaryimage\"},\"thumbnailUrl\":\"https:\/\/hidalgofestival.de\/wp-content\/uploads\/2025\/08\/IMG_3819-scaled.jpeg\",\"datePublished\":\"2025-08-18T12:57:58+00:00\",\"dateModified\":\"2025-08-18T14:31:57+00:00\",\"description\":\"Die S\u00e4ngerin und Preistr\u00e4gerin Katharina Bierweiler nimmt an dem Event STREET ART SONG am 6. September 2025 des HIDALGO Festivals teil.\",\"breadcrumb\":{\"@id\":\"https:\/\/hidalgofestival.de\/en\/speaker\/katharina-bierweiler\/#breadcrumb\"},\"inLanguage\":\"en-US\",\"potentialAction\":[{\"@type\":\"ReadAction\",\"target\":[\"https:\/\/hidalgofestival.de\/en\/speaker\/katharina-bierweiler\/\"]}]},{\"@type\":\"ImageObject\",\"inLanguage\":\"en-US\",\"@id\":\"https:\/\/hidalgofestival.de\/en\/speaker\/katharina-bierweiler\/#primaryimage\",\"url\":\"https:\/\/hidalgofestival.de\/wp-content\/uploads\/2025\/08\/IMG_3819-scaled.jpeg\",\"contentUrl\":\"https:\/\/hidalgofestival.de\/wp-content\/uploads\/2025\/08\/IMG_3819-scaled.jpeg\",\"width\":1749,\"height\":2560},{\"@type\":\"BreadcrumbList\",\"@id\":\"https:\/\/hidalgofestival.de\/en\/speaker\/katharina-bierweiler\/#breadcrumb\",\"itemListElement\":[{\"@type\":\"ListItem\",\"position\":1,\"name\":\"Startseite\",\"item\":\"https:\/\/hidalgofestival.de\/en\/beispiel-seite\/\"},{\"@type\":\"ListItem\",\"position\":2,\"name\":\"Speakers\",\"item\":\"https:\/\/hidalgofestival.de\/en\/speaker\/\"},{\"@type\":\"ListItem\",\"position\":3,\"name\":\"Katharina Bierweiler\"}]},{\"@type\":\"WebSite\",\"@id\":\"https:\/\/hidalgofestival.de\/en\/#website\",\"url\":\"https:\/\/hidalgofestival.de\/en\/\",\"name\":\"HIDALGO\",\"description\":\"Festival f\u00fcr Junge Klassik\",\"potentialAction\":[{\"@type\":\"SearchAction\",\"target\":{\"@type\":\"EntryPoint\",\"urlTemplate\":\"https:\/\/hidalgofestival.de\/en\/?s={search_term_string}\"},\"query-input\":{\"@type\":\"PropertyValueSpecification\",\"valueRequired\":true,\"valueName\":\"search_term_string\"}}],\"inLanguage\":\"en-US\"}]}<\/script>\n<!-- \/ Yoast SEO plugin. -->","yoast_head_json":{"title":"Katharina Bierweiler - HIDALGO","description":"Die S\u00e4ngerin und Preistr\u00e4gerin Katharina Bierweiler nimmt an dem Event STREET ART SONG am 6. September 2025 des HIDALGO Festivals teil.","robots":{"index":"index","follow":"follow","max-snippet":"max-snippet:-1","max-image-preview":"max-image-preview:large","max-video-preview":"max-video-preview:-1"},"canonical":"https:\/\/hidalgofestival.de\/en\/speaker\/katharina-bierweiler\/","og_locale":"en_US","og_type":"article","og_title":"Katharina Bierweiler - HIDALGO","og_description":"Die S\u00e4ngerin und Preistr\u00e4gerin Katharina Bierweiler nimmt an dem Event STREET ART SONG am 6. September 2025 des HIDALGO Festivals teil.","og_url":"https:\/\/hidalgofestival.de\/en\/speaker\/katharina-bierweiler\/","og_site_name":"HIDALGO","article_modified_time":"2025-08-18T14:31:57+00:00","og_image":[{"width":1749,"height":2560,"url":"https:\/\/hidalgofestival.de\/wp-content\/uploads\/2025\/08\/IMG_3819-scaled.jpeg","type":"image\/jpeg"}],"twitter_card":"summary_large_image","twitter_misc":{"Est. reading time":"1 minute"},"schema":{"@context":"https:\/\/schema.org","@graph":[{"@type":"WebPage","@id":"https:\/\/hidalgofestival.de\/en\/speaker\/katharina-bierweiler\/","url":"https:\/\/hidalgofestival.de\/en\/speaker\/katharina-bierweiler\/","name":"Katharina Bierweiler - HIDALGO","isPartOf":{"@id":"https:\/\/hidalgofestival.de\/en\/#website"},"primaryImageOfPage":{"@id":"https:\/\/hidalgofestival.de\/en\/speaker\/katharina-bierweiler\/#primaryimage"},"image":{"@id":"https:\/\/hidalgofestival.de\/en\/speaker\/katharina-bierweiler\/#primaryimage"},"thumbnailUrl":"https:\/\/hidalgofestival.de\/wp-content\/uploads\/2025\/08\/IMG_3819-scaled.jpeg","datePublished":"2025-08-18T12:57:58+00:00","dateModified":"2025-08-18T14:31:57+00:00","description":"Die S\u00e4ngerin und Preistr\u00e4gerin Katharina Bierweiler nimmt an dem Event STREET ART SONG am 6. September 2025 des HIDALGO Festivals teil.","breadcrumb":{"@id":"https:\/\/hidalgofestival.de\/en\/speaker\/katharina-bierweiler\/#breadcrumb"},"inLanguage":"en-US","potentialAction":[{"@type":"ReadAction","target":["https:\/\/hidalgofestival.de\/en\/speaker\/katharina-bierweiler\/"]}]},{"@type":"ImageObject","inLanguage":"en-US","@id":"https:\/\/hidalgofestival.de\/en\/speaker\/katharina-bierweiler\/#primaryimage","url":"https:\/\/hidalgofestival.de\/wp-content\/uploads\/2025\/08\/IMG_3819-scaled.jpeg","contentUrl":"https:\/\/hidalgofestival.de\/wp-content\/uploads\/2025\/08\/IMG_3819-scaled.jpeg","width":1749,"height":2560},{"@type":"BreadcrumbList","@id":"https:\/\/hidalgofestival.de\/en\/speaker\/katharina-bierweiler\/#breadcrumb","itemListElement":[{"@type":"ListItem","position":1,"name":"Startseite","item":"https:\/\/hidalgofestival.de\/en\/beispiel-seite\/"},{"@type":"ListItem","position":2,"name":"Speakers","item":"https:\/\/hidalgofestival.de\/en\/speaker\/"},{"@type":"ListItem","position":3,"name":"Katharina Bierweiler"}]},{"@type":"WebSite","@id":"https:\/\/hidalgofestival.de\/en\/#website","url":"https:\/\/hidalgofestival.de\/en\/","name":"HIDALGO","description":"Festival f\u00fcr Junge Klassik","potentialAction":[{"@type":"SearchAction","target":{"@type":"EntryPoint","urlTemplate":"https:\/\/hidalgofestival.de\/en\/?s={search_term_string}"},"query-input":{"@type":"PropertyValueSpecification","valueRequired":true,"valueName":"search_term_string"}}],"inLanguage":"en-US"}]}},"_links":{"self":[{"href":"https:\/\/hidalgofestival.de\/en\/wp-json\/wp\/v2\/speaker\/10362","targetHints":{"allow":["GET"]}}],"collection":[{"href":"https:\/\/hidalgofestival.de\/en\/wp-json\/wp\/v2\/speaker"}],"about":[{"href":"https:\/\/hidalgofestival.de\/en\/wp-json\/wp\/v2\/types\/speaker"}],"author":[{"embeddable":true,"href":"https:\/\/hidalgofestival.de\/en\/wp-json\/wp\/v2\/users\/10"}],"replies":[{"embeddable":true,"href":"https:\/\/hidalgofestival.de\/en\/wp-json\/wp\/v2\/comments?post=10362"}],"version-history":[{"count":2,"href":"https:\/\/hidalgofestival.de\/en\/wp-json\/wp\/v2\/speaker\/10362\/revisions"}],"predecessor-version":[{"id":10368,"href":"https:\/\/hidalgofestival.de\/en\/wp-json\/wp\/v2\/speaker\/10362\/revisions\/10368"}],"wp:featuredmedia":[{"embeddable":true,"href":"https:\/\/hidalgofestival.de\/en\/wp-json\/wp\/v2\/media\/10363"}],"wp:attachment":[{"href":"https:\/\/hidalgofestival.de\/en\/wp-json\/wp\/v2\/media?parent=10362"}],"wp:term":[{"taxonomy":"speaker-category","embeddable":true,"href":"https:\/\/hidalgofestival.de\/en\/wp-json\/wp\/v2\/speaker-category?post=10362"},{"taxonomy":"speaker-tags","embeddable":true,"href":"https:\/\/hidalgofestival.de\/en\/wp-json\/wp\/v2\/speaker-tags?post=10362"},{"taxonomy":"location","embeddable":true,"href":"https:\/\/hidalgofestival.de\/en\/wp-json\/wp\/v2\/location?post=10362"}],"curies":[{"name":"wp","href":"https:\/\/api.w.org\/{rel}","templated":true}]}}

<p><strong>Katharina Bierweiler – Mezzosopran</strong></p>
<p>*2004, studiert bei Prof. Libor an der HfM Karlsruhe BA Gesang. Sie ist Stipendiatin der Heidelberger Frühling Liedakademie 24/25. 2025 gewann sie den 1. Preis der C. Wood Song Competition Armagh, 2024 den 3. Förderpreis beim 53. BWG Berlin. Zu hören war sie u. a. als Flora (“Turn of the Screw&#8221;, Benjamin Britten) im Théâtre La Monnaie, Brüssel.</p>
<p>Foto: Annemone Taake<br />
(Stand: 2025)</p>

<p>Katharina Bierweiler – Mezzosopran *2004, studiert bei Prof. Libor an der HfM Karlsruhe BA Gesang. Sie ist Stipendiatin der Heidelberger Frühling Liedakademie 24/25. 2025 gewann sie den 1. Preis der C. Wood Song Competition Armagh, 2024 den 3. Förderpreis beim&#8230;</p>

<!-- This site is optimized with the Yoast SEO plugin v27.2 - https://yoast.com/product/yoast-seo-wordpress/ -->
<title>Katharina Bierweiler - HIDALGO</title>
<meta name="description" content="Die Sängerin und Preisträgerin Katharina Bierweiler nimmt an dem Event STREET ART SONG am 6. September 2025 des HIDALGO Festivals teil." />
<meta name="robots" content="index, follow, max-snippet:-1, max-image-preview:large, max-video-preview:-1" />
<link rel="canonical" href="https://hidalgofestival.de/en/speaker/katharina-bierweiler/" />
<meta property="og:locale" content="en_US" />
<meta property="og:type" content="article" />
<meta property="og:title" content="Katharina Bierweiler - HIDALGO" />
<meta property="og:description" content="Die Sängerin und Preisträgerin Katharina Bierweiler nimmt an dem Event STREET ART SONG am 6. September 2025 des HIDALGO Festivals teil." />
<meta property="og:url" content="https://hidalgofestival.de/en/speaker/katharina-bierweiler/" />
<meta property="og:site_name" content="HIDALGO" />
<meta property="article:modified_time" content="2025-08-18T14:31:57+00:00" />
<meta property="og:image" content="https://hidalgofestival.de/wp-content/uploads/2025/08/IMG_3819-scaled.jpeg" />
	<meta property="og:image:width" content="1749" />
	<meta property="og:image:height" content="2560" />
	<meta property="og:image:type" content="image/jpeg" />
<meta name="twitter:card" content="summary_large_image" />
<meta name="twitter:label1" content="Est. reading time" />
	<meta name="twitter:data1" content="1 minute" />
<script type="application/ld+json" class="yoast-schema-graph">{"@context":"https://schema.org","@graph":[{"@type":"WebPage","@id":"https://hidalgofestival.de/en/speaker/katharina-bierweiler/","url":"https://hidalgofestival.de/en/speaker/katharina-bierweiler/","name":"Katharina Bierweiler - HIDALGO","isPartOf":{"@id":"https://hidalgofestival.de/en/#website"},"primaryImageOfPage":{"@id":"https://hidalgofestival.de/en/speaker/katharina-bierweiler/#primaryimage"},"image":{"@id":"https://hidalgofestival.de/en/speaker/katharina-bierweiler/#primaryimage"},"thumbnailUrl":"https://hidalgofestival.de/wp-content/uploads/2025/08/IMG_3819-scaled.jpeg","datePublished":"2025-08-18T12:57:58+00:00","dateModified":"2025-08-18T14:31:57+00:00","description":"Die Sängerin und Preisträgerin Katharina Bierweiler nimmt an dem Event STREET ART SONG am 6. September 2025 des HIDALGO Festivals teil.","breadcrumb":{"@id":"https://hidalgofestival.de/en/speaker/katharina-bierweiler/#breadcrumb"},"inLanguage":"en-US","potentialAction":[{"@type":"ReadAction","target":["https://hidalgofestival.de/en/speaker/katharina-bierweiler/"]}]},{"@type":"ImageObject","inLanguage":"en-US","@id":"https://hidalgofestival.de/en/speaker/katharina-bierweiler/#primaryimage","url":"https://hidalgofestival.de/wp-content/uploads/2025/08/IMG_3819-scaled.jpeg","contentUrl":"https://hidalgofestival.de/wp-content/uploads/2025/08/IMG_3819-scaled.jpeg","width":1749,"height":2560},{"@type":"BreadcrumbList","@id":"https://hidalgofestival.de/en/speaker/katharina-bierweiler/#breadcrumb","itemListElement":[{"@type":"ListItem","position":1,"name":"Startseite","item":"https://hidalgofestival.de/en/beispiel-seite/"},{"@type":"ListItem","position":2,"name":"Speakers","item":"https://hidalgofestival.de/en/speaker/"},{"@type":"ListItem","position":3,"name":"Katharina Bierweiler"}]},{"@type":"WebSite","@id":"https://hidalgofestival.de/en/#website","url":"https://hidalgofestival.de/en/","name":"HIDALGO","description":"Festival für Junge Klassik","potentialAction":[{"@type":"SearchAction","target":{"@type":"EntryPoint","urlTemplate":"https://hidalgofestival.de/en/?s={search_term_string}"},"query-input":{"@type":"PropertyValueSpecification","valueRequired":true,"valueName":"search_term_string"}}],"inLanguage":"en-US"}]}</script>
<!-- / Yoast SEO plugin. -->

Die Sängerin und Preisträgerin Katharina Bierweiler nimmt an dem Event STREET ART SONG am 6. September 2025 des HIDALGO Festivals teil.

Festival für Junge Klassik
